-- Table structure for table `glpi_dashboards_dashboards`
--

CREATE TABLE `glpi_dashboards_dashboards` (
  `id` int unsigned NOT NULL AUTO_INCREMENT,
  `key` varchar(100) COLLATE utf8mb4_unicode_ci NOT NULL,
  `name` varchar(100) COLLATE utf8mb4_unicode_ci NOT NULL,
  `context` varchar(100) COLLATE utf8mb4_unicode_ci NOT NULL DEFAULT 'core',
  `users_id` int unsigned NOT NULL DEFAULT '0',
  PRIMARY KEY (`id`),
  UNIQUE KEY `key` (`key`),
  KEY `name` (`name`),
  KEY `users_id` (`users_id`)
) ENGINE=InnoDB AUTO_INCREMENT=6 DEFAULT CHARSET=utf8mb4 COLLATE=utf8mb4_unicode_ci ROW_FORMAT=DYNAMIC;

--
-- Dumping data for table `glpi_dashboards_dashboards`
--

INSERT INTO `glpi_dashboards_dashboards` VALUES (1,'central','Central','core',0),(2,'assets','Activos','core',0),(3,'assistance','Soporte','core',0),(4,'mini_tickets','Mini Dashboard de tickets','mini_core',0),(5,'plugin_glpiinventory_dashboard','Glpi inventory reports','core',0);

--
-- Table structure for table `glpi_dashboards_filters`
--

CREATE TABLE `glpi_dashboards_filters` (
  `id` int unsigned NOT NULL AUTO_INCREMENT,
  `dashboards_dashboards_id` int unsigned NOT NULL DEFAULT '0',
  `users_id` int unsigned NOT NULL DEFAULT '0',
  `filter` longtext COLLATE utf8mb4_unicode_ci,
  PRIMARY KEY (`id`),
  KEY `dashboards_dashboards_id` (`dashboards_dashboards_id`),
  KEY `users_id` (`users_id`)
) ENGINE=InnoDB DEFAULT CHARSET=utf8mb4 COLLATE=utf8mb4_unicode_ci ROW_FORMAT=DYNAMIC;

--
-- Dumping data for table `glpi_dashboards_filters`
--


--
-- Table structure for table `glpi_dashboards_items`
--

CREATE TABLE `glpi_dashboards_items` (
  `id` int unsigned NOT NULL AUTO_INCREMENT,
  `dashboards_dashboards_id` int unsigned NOT NULL,
  `gridstack_id` varchar(255) COLLATE utf8mb4_unicode_ci NOT NULL,
  `card_id` varchar(255) COLLATE utf8mb4_unicode_ci NOT NULL,
  `x` int DEFAULT NULL,
  `y` int DEFAULT NULL,
  `width` int DEFAULT NULL,
  `height` int DEFAULT NULL,
  `card_options` text COLLATE utf8mb4_unicode_ci,
  PRIMARY KEY (`id`),
  KEY `dashboards_dashboards_id` (`dashboards_dashboards_id`)
) ENGINE=InnoDB AUTO_INCREMENT=72 DEFAULT CHARSET=utf8mb4 COLLATE=utf8mb4_unicode_ci ROW_FORMAT=DYNAMIC;

--
-- Dumping data for table `glpi_dashboards_items`
--

INSERT INTO `glpi_dashboards_items` VALUES (1,1,'bn_count_Computer_4a315743-151c-40cb-a20b-762250668dac','bn_count_Computer',3,0,3,2,'{\"color\":\"#e69393\",\"widgettype\":\"bigNumber\",\"use_gradient\":\"0\",\"limit\":\"7\"}'),(2,1,'bn_count_Software_0690f524-e826-47a9-b50a-906451196b83','bn_count_Software',0,0,3,2,'{\"color\":\"#aaddac\",\"widgettype\":\"bigNumber\",\"use_gradient\":\"0\",\"limit\":\"7\"}'),(3,1,'bn_count_Rack_c6502e0a-5991-46b4-a771-7f355137306b','bn_count_Rack',6,2,3,2,'{\"color\":\"#0e87a0\",\"widgettype\":\"bigNumber\",\"use_gradient\":\"0\",\"limit\":\"7\"}'),(4,1,'bn_count_SoftwareLicense_e755fd06-283e-4479-ba35-2d548f8f8a90','bn_count_SoftwareLicense',0,2,3,2,'{\"color\":\"#27ab3c\",\"widgettype\":\"bigNumber\",\"use_gradient\":\"0\",\"limit\":\"7\"}'),(5,1,'bn_count_Monitor_7059b94c-583c-4ba7-b100-d40461165318','bn_count_Monitor',3,2,3,2,'{\"color\":\"#b52d30\",\"widgettype\":\"bigNumber\",\"use_gradient\":\"0\",\"limit\":\"7\"}'),(6,1,'bn_count_Ticket_a74c0903-3387-4a07-9111-b0938af8f1e7','bn_count_Ticket',14,7,3,2,'{\"color\":\"#ffdc64\",\"widgettype\":\"bigNumber\",\"use_gradient\":\"0\",\"limit\":\"7\"}'),(7,1,'bn_count_Problem_c1cf5cfb-f626-472e-82a1-49c3e200e746','bn_count_Problem',20,7,3,2,'{\"color\":\"#f08d7b\",\"widgettype\":\"bigNumber\",\"use_gradient\":\"0\",\"limit\":\"7\"}'),(8,1,'count_Computer_Manufacturer_6129c451-42b5-489d-b693-c362adf32d49','count_Computer_Manufacturer',0,4,5,4,'{\"color\":\"#f8faf9\",\"widgettype\":\"donut\",\"use_gradient\":\"1\",\"limit\":\"5\"}'),(9,1,'top_ticket_user_requester_c74f52a8-046a-4077-b1a6-c9f840d34b82','top_ticket_user_requester',14,9,6,5,'{\"color\":\"#f9fafb\",\"widgettype\":\"hbar\",\"use_gradient\":\"1\",\"limit\":\"5\"}'),(10,1,'bn_count_tickets_late_04c47208-d7e5-4aca-9566-d46e68c45c67','bn_count_tickets_late',17,7,3,2,'{\"color\":\"#f8911f\",\"widgettype\":\"bigNumber\",\"use_gradient\":\"0\",\"limit\":\"7\"}'),(11,1,'ticket_status_2e4e968b-d4e6-4e33-9ce9-a1aaff53dfde','ticket_status',14,0,12,7,'{\"color\":\"#fafafa\",\"widgettype\":\"stackedbars\",\"use_gradient\":\"0\",\"limit\":\"12\"}'),(12,1,'top_ticket_ITILCategory_37736ba9-d429-4cb3-9058-ef4d111d9269','top_ticket_ITILCategory',20,9,6,5,'{\"color\":\"#fbf9f9\",\"widgettype\":\"hbar\",\"use_gradient\":\"1\",\"limit\":\"5\"}'),(13,1,'bn_count_Printer_517684b0-b064-49dd-943e-fcb6f915e453','bn_count_Printer',9,2,3,2,'{\"color\":\"#365a8f\",\"widgettype\":\"bigNumber\",\"use_gradient\":\"0\",\"limit\":\"7\"}'),(14,1,'bn_count_Phone_f70c489f-02c1-46e5-978b-94a95b5038ee','bn_count_Phone',9,0,3,2,'{\"color\":\"#d5e1ec\",\"widgettype\":\"bigNumber\",\"use_gradient\":\"0\",\"limit\":\"7\"}'),(15,1,'bn_count_Change_ab950dbd-cd25-466d-8dff-7dcaca386564','bn_count_Change',23,7,3,2,'{\"color\":\"#cae3c4\",\"widgettype\":\"bigNumber\",\"use_gradient\":\"0\",\"limit\":\"7\"}'),(16,1,'bn_count_Group_b84a93f2-a26c-49d7-82a4-5446697cc5b0','bn_count_Group',4,8,4,2,'{\"color\":\"#e0e0e0\",\"widgettype\":\"bigNumber\",\"use_gradient\":\"0\",\"limit\":\"7\"}'),(17,1,'bn_count_Profile_770b35e8-68e9-4b4f-9e09-5a11058f069f','bn_count_Profile',4,10,4,2,'{\"color\":\"#e0e0e0\",\"widgettype\":\"bigNumber\",\"use_gradient\":\"0\",\"limit\":\"7\"}'),(18,1,'bn_count_Supplier_36ff9011-e4cf-4d89-b9ab-346b9857d734','bn_count_Supplier',8,8,3,2,'{\"color\":\"#c9c9c9\",\"widgettype\":\"bigNumber\",\"use_gradient\":\"0\",\"limit\":\"7\"}'),(19,1,'bn_count_KnowbaseItem_a3785a56-bed4-4a30-8387-f251f5365b3b','bn_count_KnowbaseItem',8,10,3,2,'{\"color\":\"#c9c9c9\",\"widgettype\":\"bigNumber\",\"use_gradient\":\"0\",\"limit\":\"7\"}'),(20,1,'bn_count_Entity_9b82951a-ba52-45cc-a2d3-1d238ec37adf','bn_count_Entity',0,10,4,2,'{\"color\":\"#f9f9f9\",\"widgettype\":\"bigNumber\",\"use_gradient\":\"0\",\"limit\":\"7\"}'),(21,1,'bn_count_Document_7dc7f4b8-61ff-4147-b994-5541bddd7b66','bn_count_Document',11,8,3,2,'{\"color\":\"#b4b4b4\",\"widgettype\":\"bigNumber\",\"use_gradient\":\"0\",\"limit\":\"7\"}'),(22,1,'bn_count_Project_4d412ee2-8b79-469b-995f-4c0a05ab849d','bn_count_Project',11,10,3,2,'{\"color\":\"#b3b3b3\",\"widgettype\":\"bigNumber\",\"use_gradient\":\"0\",\"limit\":\"7\"}'),(23,1,'bn_count_NetworkEquipment_c537e334-d584-43bc-b6de-b4a939143e89','bn_count_NetworkEquipment',6,0,3,2,'{\"color\":\"#bfe7ea\",\"widgettype\":\"bigNumber\",\"use_gradient\":\"0\",\"limit\":\"7\"}'),(24,1,'bn_count_User_ac0cbe52-3593-43c1-8ecc-0eb115de494d','bn_count_User',0,8,4,2,'{\"color\":\"#fafafa\",\"widgettype\":\"bigNumber\",\"use_gradient\":\"0\",\"limit\":\"7\"}'),(25,1,'count_Monitor_MonitorModel_5a476ff9-116e-4270-858b-c003c20841a9','count_Monitor_MonitorModel',5,4,5,4,'{\"color\":\"#f5fafa\",\"widgettype\":\"donut\",\"use_gradient\":\"1\",\"limit\":\"5\"}'),(26,1,'count_NetworkEquipment_State_81f2ae35-b366-4065-ac26-02ea4e3704a6','count_NetworkEquipment_State',10,4,4,4,'{\"color\":\"#f5f3ef\",\"widgettype\":\"donut\",\"use_gradient\":\"1\",\"limit\":\"5\"}'),(27,2,'bn_count_Computer_34cfbaf9-a471-4852-b48c-0dadea7644de','bn_count_Computer',0,0,4,3,'{\"color\":\"#f3d0d0\",\"widgettype\":\"bigNumber\"}'),(28,2,'bn_count_Software_60091467-2137-49f4-8834-f6602a482079','bn_count_Software',4,0,4,3,'{\"color\":\"#d1f1a8\",\"widgettype\":\"bigNumber\"}'),(29,2,'bn_count_Printer_c9a385d4-76a3-4971-ad0e-1470efeafacc','bn_count_Printer',8,3,4,3,'{\"color\":\"#5da8d6\",\"widgettype\":\"bigNumber\"}'),(30,2,'bn_count_PDU_60053eb6-8dda-4416-9a4b-afd51889bd09','bn_count_PDU',12,3,4,3,'{\"color\":\"#ffb62f\",\"widgettype\":\"bigNumber\"}'),(31,2,'bn_count_Rack_0fdc196f-20d2-4f63-9ddb-b75c165cc664','bn_count_Rack',12,0,4,3,'{\"color\":\"#f7d79a\",\"widgettype\":\"bigNumber\"}'),(32,2,'bn_count_Phone_c31fde2d-510a-4482-b17d-2f65b61eae08','bn_count_Phone',16,3,4,3,'{\"color\":\"#a0cec2\",\"widgettype\":\"bigNumber\"}'),(33,2,'bn_count_Enclosure_c21ce30a-58c3-456a-81ec-3c5f01527a8f','bn_count_Enclosure',16,0,4,3,'{\"color\":\"#d7e8e4\",\"widgettype\":\"bigNumber\"}'),(34,2,'bn_count_NetworkEquipment_76f1e239-777b-4552-b053-ae5c64190347','bn_count_NetworkEquipment',8,0,4,3,'{\"color\":\"#c8dae4\",\"widgettype\":\"bigNumber\"}'),(35,2,'bn_count_SoftwareLicense_576e58fe-a386-480f-b405-1c2315b8ab47','bn_count_SoftwareLicense',4,3,4,3,'{\"color\":\"#9bc06b\",\"widgettype\":\"bigNumber\",\"use_gradient\":\"0\",\"limit\":\"7\"}'),(36,2,'bn_count_Monitor_890e16d3-b121-48c6-9713-d9c239d9a970','bn_count_Monitor',0,3,4,3,'{\"color\":\"#dc6f6f\",\"widgettype\":\"bigNumber\",\"use_gradient\":\"0\",\"limit\":\"7\"}'),(37,2,'count_Computer_Manufacturer_986e92e8-32e8-4a6f-806f-6f5383acbb3f','count_Computer_Manufacturer',4,6,4,4,'{\"color\":\"#f3f5f1\",\"widgettype\":\"hbar\",\"use_gradient\":\"1\",\"limit\":\"5\"}'),(38,2,'count_Computer_State_290c5920-9eab-4db8-8753-46108e60f1d8','count_Computer_State',0,6,4,4,'{\"color\":\"#fbf7f7\",\"widgettype\":\"donut\",\"use_gradient\":\"1\",\"limit\":\"5\"}'),(39,2,'count_Computer_ComputerType_c58f9c7e-22d5-478b-8226-d2a752bcbb09','count_Computer_ComputerType',8,6,4,4,'{\"color\":\"#f5f9fa\",\"widgettype\":\"donut\",\"use_gradient\":\"1\",\"limit\":\"5\"}'),(40,2,'count_NetworkEquipment_Manufacturer_8132b21c-6f7f-4dc1-af54-bea794cb96e9','count_NetworkEquipment_Manufacturer',12,6,4,4,'{\"color\":\"#fcf8ed\",\"widgettype\":\"hbar\",\"use_gradient\":\"0\",\"limit\":\"5\"}'),(41,2,'count_Monitor_Manufacturer_43b0c16b-af82-418e-aac1-f32b39705c0d','count_Monitor_Manufacturer',16,6,4,4,'{\"color\":\"#f9fbfb\",\"widgettype\":\"donut\",\"use_gradient\":\"1\",\"limit\":\"5\"}'),(42,3,'bn_count_Ticket_344e761b-f7e8-4617-8c90-154b266b4d67','bn_count_Ticket',0,0,3,2,'{\"color\":\"#ffdc64\",\"widgettype\":\"bigNumber\",\"use_gradient\":\"0\",\"limit\":\"7\"}'),(43,3,'bn_count_Problem_bdb4002b-a674-4493-820f-af85bed44d2a','bn_count_Problem',0,4,3,2,'{\"color\":\"#f0967b\",\"widgettype\":\"bigNumber\",\"use_gradient\":\"0\",\"limit\":\"7\"}'),(44,3,'bn_count_Change_b9b87513-4f40-41e6-8621-f51f9a30fb19','bn_count_Change',0,6,3,2,'{\"color\":\"#cae3c4\",\"widgettype\":\"bigNumber\",\"use_gradient\":\"0\",\"limit\":\"7\"}'),(45,3,'bn_count_tickets_late_1e9ae481-21b4-4463-a830-dec1b68ec5e7','bn_count_tickets_late',0,2,3,2,'{\"color\":\"#f8911f\",\"widgettype\":\"bigNumber\",\"use_gradient\":\"0\",\"limit\":\"7\"}'),(46,3,'bn_count_tickets_incoming_336a36d9-67fe-4475-880e-447bd766b8fe','bn_count_tickets_incoming',3,6,3,2,'{\"color\":\"#a0e19d\",\"widgettype\":\"bigNumber\",\"use_gradient\":\"0\",\"limit\":\"7\"}'),(47,3,'bn_count_tickets_closed_e004bab5-f2b6-4060-a401-a2a8b9885245','bn_count_tickets_closed',9,8,3,2,'{\"color\":\"#515151\",\"widgettype\":\"bigNumber\",\"use_gradient\":\"0\",\"limit\":\"7\"}'),(48,3,'bn_count_tickets_assigned_7455c855-6df8-4514-a3d9-8b0fce52bd63','bn_count_tickets_assigned',6,6,3,2,'{\"color\":\"#eaf5f7\",\"widgettype\":\"bigNumber\",\"use_gradient\":\"0\",\"limit\":\"7\"}'),(49,3,'bn_count_tickets_solved_5e9759b3-ee7e-4a14-b68f-1ac024ef55ee','bn_count_tickets_solved',9,6,3,2,'{\"color\":\"#d8d8d8\",\"widgettype\":\"bigNumber\",\"use_gradient\":\"0\",\"limit\":\"7\"}'),(50,3,'bn_count_tickets_waiting_102b2c2a-6ac6-4d73-ba47-8b09382fe00e','bn_count_tickets_waiting',3,8,3,2,'{\"color\":\"#ffcb7d\",\"widgettype\":\"bigNumber\",\"use_gradient\":\"0\",\"limit\":\"7\"}'),(51,3,'bn_count_TicketRecurrent_13f79539-61f6-45f7-8dde-045706e652f2','bn_count_TicketRecurrent',0,8,3,2,'{\"color\":\"#fafafa\",\"widgettype\":\"bigNumber\",\"use_gradient\":\"0\",\"limit\":\"7\"}'),(52,3,'bn_count_tickets_planned_267bf627-9d5e-4b6c-b53d-b8623d793ccf','bn_count_tickets_planned',6,8,3,2,'{\"color\":\"#6298d5\",\"widgettype\":\"bigNumber\",\"use_gradient\":\"0\",\"limit\":\"7\"}'),(53,3,'top_ticket_ITILCategory_0cba0c84-6c62-4cd8-8564-18614498d8e4','top_ticket_ITILCategory',12,6,4,4,'{\"color\":\"#f1f5ef\",\"widgettype\":\"donut\",\"use_gradient\":\"1\",\"limit\":\"7\"}'),(54,3,'top_ticket_RequestType_b9e43f34-8e94-4a6e-9023-c5d1e2ce7859','top_ticket_RequestType',16,6,4,4,'{\"color\":\"#f9fafb\",\"widgettype\":\"hbar\",\"use_gradient\":\"1\",\"limit\":\"4\"}'),(55,3,'top_ticket_Entity_a8e65812-519c-488e-9892-9adbe22fbd5c','top_ticket_Entity',20,6,4,4,'{\"color\":\"#f7f1f0\",\"widgettype\":\"donut\",\"use_gradient\":\"1\",\"limit\":\"7\"}'),(56,3,'ticket_evolution_76fd4926-ee5e-48db-b6d6-e2947c190c5e','ticket_evolution',3,0,12,6,'{\"color\":\"#f3f7f8\",\"widgettype\":\"areas\",\"use_gradient\":\"0\",\"limit\":\"12\"}'),(57,3,'ticket_status_5b256a35-b36b-4db5-ba11-ea7c125f126e','ticket_status',15,0,11,6,'{\"color\":\"#f7f3f2\",\"widgettype\":\"stackedbars\",\"use_gradient\":\"0\",\"limit\":\"12\"}'),(58,4,'bn_count_tickets_closed_ccf7246b-645a-40d2-8206-fa33c769e3f5','bn_count_tickets_closed',24,0,4,2,'{\"color\":\"#fafafa\",\"widgettype\":\"bigNumber\",\"use_gradient\":\"0\",\"limit\":\"7\"}'),(59,4,'bn_count_Ticket_d5bf3576-5033-40fb-bbdb-292294a7698e','bn_count_Ticket',0,0,4,2,'{\"color\":\"#ffd957\",\"widgettype\":\"bigNumber\",\"use_gradient\":\"0\",\"limit\":\"7\"}'),(60,4,'bn_count_tickets_incoming_055e813c-b0ce-4687-91ef-559249e8ddd8','bn_count_tickets_incoming',4,0,4,2,'{\"color\":\"#6fd169\",\"widgettype\":\"bigNumber\",\"use_gradient\":\"0\",\"limit\":\"7\"}'),(61,4,'bn_count_tickets_waiting_793c665b-b620-4b3a-a5a8-cf502defc008','bn_count_tickets_waiting',8,0,4,2,'{\"color\":\"#ffcb7d\",\"widgettype\":\"bigNumber\",\"use_gradient\":\"0\",\"limit\":\"7\"}'),(62,4,'bn_count_tickets_assigned_d3d2f697-52b4-435e-9030-a760dd649085','bn_count_tickets_assigned',12,0,4,2,'{\"color\":\"#eaf4f7\",\"widgettype\":\"bigNumber\",\"use_gradient\":\"0\",\"limit\":\"7\"}'),(63,4,'bn_count_tickets_planned_0c7f3569-c23b-4ee3-8e85-279229b23e70','bn_count_tickets_planned',16,0,4,2,'{\"color\":\"#6298d5\",\"widgettype\":\"bigNumber\",\"use_gradient\":\"0\",\"limit\":\"7\"}'),(64,4,'bn_count_tickets_solved_ae2406cf-e8e8-410b-b355-46e3f5705ee8','bn_count_tickets_solved',20,0,4,2,'{\"color\":\"#d7d7d7\",\"widgettype\":\"bigNumber\",\"use_gradient\":\"0\",\"limit\":\"7\"}'),(65,5,'plugin_glpiinventory_nb_agent_e052081b-d4a5-4cb2-ade6-bbcd107512ed','plugin_glpiinventory_nb_agent',0,0,3,2,'{\"widgettype\":\"bigNumber\",\"use_gradient\":\"0\",\"point_labels\":\"0\",\"color\":\"#606f91\"}'),(66,5,'plugin_glpiinventory_nb_task_fb41aa22-a018-4f7c-8b1a-014bf2599fc0','plugin_glpiinventory_nb_task',3,0,3,2,'{\"widgettype\":\"bigNumber\",\"use_gradient\":\"0\",\"point_labels\":\"0\",\"color\":\"#606f91\"}'),(67,5,'plugin_glpiinventory_nb_printer_2a662d8b-4276-4e3f-84d1-441cc7e4f233','plugin_glpiinventory_nb_printer',6,0,3,2,'{\"widgettype\":\"bigNumber\",\"use_gradient\":\"0\",\"point_labels\":\"0\",\"color\":\"#606f91\"}'),(68,5,'plugin_glpiinventory_nb_networkequipement_04b455bd-cb56-4138-9c54-f7e371480713','plugin_glpiinventory_nb_networkequipement',9,0,3,2,'{\"widgettype\":\"bigNumber\",\"use_gradient\":\"0\",\"point_labels\":\"0\",\"color\":\"#606f91\"}'),(69,5,'plugin_glpiinventory_nb_phone_c54dc4c4-e031-4aa1-832f-b0db5ba1bf26','plugin_glpiinventory_nb_phone',12,0,3,2,'{\"widgettype\":\"bigNumber\",\"use_gradient\":\"0\",\"point_labels\":\"0\",\"color\":\"#606f91\"}'),(70,5,'plugin_glpiinventory_nb_computer_10517b99-bd16-4e31-8734-d5c2e8557074','plugin_glpiinventory_nb_computer',15,0,3,2,'{\"widgettype\":\"bigNumber\",\"use_gradient\":\"0\",\"point_labels\":\"0\",\"color\":\"#606f91\"}'),(71,5,'plugin_glpiinventory_nb_unmanaged_9a1c6090-62b8-43e0-be6e-700ceddb3e67','plugin_glpiinventory_nb_unmanaged',18,0,3,2,'{\"widgettype\":\"bigNumber\",\"use_gradient\":\"0\",\"point_labels\":\"0\",\"color\":\"#e69138\"}');

--
-- Table structure for table `glpi_dashboards_rights`
--

CREATE TABLE `glpi_dashboards_rights` (
  `id` int unsigned NOT NULL AUTO_INCREMENT,
  `dashboards_dashboards_id` int unsigned NOT NULL,
  `itemtype` varchar(100) COLLATE utf8mb4_unicode_ci NOT NULL,
  `items_id` int unsigned NOT NULL,
  PRIMARY KEY (`id`),
  UNIQUE KEY `unicity` (`dashboards_dashboards_id`,`itemtype`,`items_id`),
  KEY `item` (`itemtype`,`items_id`)
) ENGINE=InnoDB DEFAULT CHARSET=utf8mb4 COLLATE=utf8mb4_unicode_ci ROW_FORMAT=DYNAMIC;

--
-- Dumping data for table `glpi_dashboards_rights`
--


--
-- Table structure for table `glpi_databaseinstancecategories`
--

CREATE TABLE `glpi_databaseinstancecategories` (
  `id` int unsigned NOT NULL AUTO_INCREMENT,
  `name` varchar(255) COLLATE utf8mb4_unicode_ci DEFAULT NULL,
  `comment` text COLLATE utf8mb4_unicode_ci,
  `date_mod` timestamp NULL DEFAULT NULL,
  `date_creation` timestamp NULL DEFAULT NULL,
  PRIMARY KEY (`id`),
  KEY `name` (`name`),
  KEY `date_mod` (`date_mod`),
  KEY `date_creation` (`date_creation`)
) ENGINE=InnoDB DEFAULT CHARSET=utf8mb4 COLLATE=utf8mb4_unicode_ci ROW_FORMAT=DYNAMIC;

--
-- Dumping data for table `glpi_databaseinstancecategories`
--


--
-- Table structure for table `glpi_databaseinstances`
--

CREATE TABLE `glpi_databaseinstances` (
  `id` int unsigned NOT NULL AUTO_INCREMENT,
  `entities_id` int unsigned NOT NULL DEFAULT '0',
  `is_recursive` tinyint NOT NULL DEFAULT '0',
  `name` varchar(255) COLLATE utf8mb4_unicode_ci NOT NULL DEFAULT '',
  `version` varchar(255) COLLATE utf8mb4_unicode_ci NOT NULL DEFAULT '',
  `port` varchar(10) COLLATE utf8mb4_unicode_ci NOT NULL DEFAULT '',
  `path` varchar(255) COLLATE utf8mb4_unicode_ci NOT NULL DEFAULT '',
  `size` int NOT NULL DEFAULT '0',
  `databaseinstancetypes_id` int unsigned NOT NULL DEFAULT '0',
  `databaseinstancecategories_id` int unsigned NOT NULL DEFAULT '0',
  `locations_id` int unsigned NOT NULL DEFAULT '0',
  `manufacturers_id` int unsigned NOT NULL DEFAULT '0',
  `users_id_tech` int unsigned NOT NULL DEFAULT '0',
  `groups_id_tech` int unsigned NOT NULL DEFAULT '0',
  `states_id` int unsigned NOT NULL DEFAULT '0',
  `itemtype` varchar(100) COLLATE utf8mb4_unicode_ci NOT NULL DEFAULT '',
  `items_id` int unsigned NOT NULL DEFAULT '0',
  `is_onbackup` tinyint NOT NULL DEFAULT '0',
  `is_active` tinyint NOT NULL DEFAULT '0',
  `is_deleted` tinyint NOT NULL DEFAULT '0',
  `is_helpdesk_visible` tinyint NOT NULL DEFAULT '1',
  `is_dynamic` tinyint NOT NULL DEFAULT '0',
  `autoupdatesystems_id` int unsigned NOT NULL DEFAULT '0',
  `date_creation` timestamp NULL DEFAULT NULL,
  `date_mod` timestamp NULL DEFAULT NULL,
  `date_lastboot` timestamp NULL DEFAULT NULL,
  `date_lastbackup` timestamp NULL DEFAULT NULL,
  `comment` text COLLATE utf8mb4_unicode_ci,
  PRIMARY KEY (`id`),
  KEY `entities_id` (`entities_id`),
  KEY `is_recursive` (`is_recursive`),
  KEY `name` (`name`),
  KEY `databaseinstancetypes_id` (`databaseinstancetypes_id`),
  KEY `databaseinstancecategories_id` (`databaseinstancecategories_id`),
  KEY `locations_id` (`locations_id`),
  KEY `manufacturers_id` (`manufacturers_id`),
  KEY `users_id_tech` (`users_id_tech`),
  KEY `groups_id_tech` (`groups_id_tech`),
  KEY `states_id` (`states_id`),
  KEY `item` (`itemtype`,`items_id`),
  KEY `is_active` (`is_active`),
  KEY `is_deleted` (`is_deleted`),
  KEY `date_creation` (`date_creation`),
  KEY `date_mod` (`date_mod`),
  KEY `is_helpdesk_visible` (`is_helpdesk_visible`),
  KEY `is_dynamic` (`is_dynamic`),
  KEY `autoupdatesystems_id` (`autoupdatesystems_id`)
) ENGINE=InnoDB AUTO_INCREMENT=2 DEFAULT CHARSET=utf8mb4 COLLATE=utf8mb4_unicode_ci ROW_FORMAT=DYNAMIC;

--
-- Dumping data for table `glpi_databaseinstances`
--

INSERT INTO `glpi_databaseinstances` VALUES (1,0,0,'SQL Server 2019','15.0.2104.1','1433','',71,1,0,0,96,0,0,0,'Computer',6,0,1,0,1,1,0,'2023-04-26 15:43:19','2023-10-15 16:40:07',NULL,NULL,NULL);

--
-- Table structure for table `glpi_databaseinstancetypes`
--

CREATE TABLE `glpi_databaseinstancetypes` (
  `id` int unsigned NOT NULL AUTO_INCREMENT,
  `name` varchar(255) COLLATE utf8mb4_unicode_ci DEFAULT NULL,
  `comment` text COLLATE utf8mb4_unicode_ci,
  `date_mod` timestamp NULL DEFAULT NULL,
  `date_creation` timestamp NULL DEFAULT NULL,
  PRIMARY KEY (`id`),
  KEY `name` (`name`),
  KEY `date_mod` (`date_mod`),
  KEY `date_creation` (`date_creation`)
) ENGINE=InnoDB AUTO_INCREMENT=2 DEFAULT CHARSET=utf8mb4 COLLATE=utf8mb4_unicode_ci ROW_FORMAT=DYNAMIC;

--
-- Dumping data for table `glpi_databaseinstancetypes`
--

INSERT INTO `glpi_databaseinstancetypes` VALUES (1,'mssql','','2023-04-26 15:43:19','2023-04-26 15:43:19');

--
-- Table structure for table `glpi_databases`
--

CREATE TABLE `glpi_databases` (
  `id` int unsigned NOT NULL AUTO_INCREMENT,
  `entities_id` int unsigned NOT NULL DEFAULT '0',
  `is_recursive` tinyint NOT NULL DEFAULT '0',
  `name` varchar(255) COLLATE utf8mb4_unicode_ci NOT NULL DEFAULT '',
  `size` int NOT NULL DEFAULT '0',
  `databaseinstances_id` int unsigned NOT NULL DEFAULT '0',
  `is_onbackup` tinyint NOT NULL DEFAULT '0',
  `is_active` tinyint NOT NULL DEFAULT '0',
  `is_deleted` tinyint NOT NULL DEFAULT '0',
  `is_dynamic` tinyint NOT NULL DEFAULT '0',
  `date_creation` timestamp NULL DEFAULT NULL,
  `date_mod` timestamp NULL DEFAULT NULL,
  `date_update` timestamp NULL DEFAULT NULL,
  `date_lastbackup` timestamp NULL DEFAULT NULL,
  PRIMARY KEY (`id`),
  KEY `entities_id` (`entities_id`),
  KEY `is_recursive` (`is_recursive`),
  KEY `name` (`name`),
  KEY `is_active` (`is_active`),
  KEY `is_deleted` (`is_deleted`),
  KEY `is_dynamic` (`is_dynamic`),
  KEY `date_creation` (`date_creation`),
  KEY `date_mod` (`date_mod`),
  KEY `databaseinstances_id` (`databaseinstances_id`)
) ENGINE=InnoDB AUTO_INCREMENT=25 DEFAULT CHARSET=utf8mb4 COLLATE=utf8mb4_unicode_ci ROW_FORMAT=DYNAMIC;

--
-- Dumping data for table `glpi_databases`
--

INSERT INTO `glpi_databases` VALUES (1,0,0,'master',7,1,0,1,0,1,'2023-04-26 15:43:19','2023-04-26 15:43:19',NULL,NULL),(2,0,0,'tempdb',16,1,0,1,0,1,'2023-04-26 15:43:19','2023-10-08 12:43:30',NULL,NULL),(3,0,0,'model',0,1,0,1,0,1,'2023-04-26 15:43:19','2023-04-26 15:43:19',NULL,NULL),(4,0,0,'msdb',48,1,0,1,0,1,'2023-04-26 15:43:19','2023-10-15 16:40:07',NULL,NULL),(5,0,0,'DB_Directory',0,1,0,1,0,1,'2023-04-26 15:43:19','2023-04-26 15:43:19',NULL,NULL),(6,0,0,'ADD_Catalogos',0,1,0,1,0,1,'2023-04-26 15:43:19','2023-04-26 15:43:19',NULL,NULL),(7,0,0,'CompacWAdmin',0,1,0,1,0,1,'2023-04-26 15:43:19','2023-04-26 15:43:19',NULL,NULL),(8,0,0,'RepositorioAdminPAQ',0,1,0,1,0,1,'2023-04-26 15:43:19','2023-04-26 15:43:19',NULL,NULL),(9,0,0,'CompacAddendas',0,1,0,1,0,1,'2023-04-26 15:43:19','2023-04-26 15:43:19',NULL,NULL),(10,0,0,'adRomyc2021',0,1,0,1,0,1,'2023-04-26 15:43:19','2023-04-26 15:43:19',NULL,NULL),(11,0,0,'document_e51f12ea-86e9-4baf-88e3-2aed5554eb6b_metadata',0,1,0,1,0,1,'2023-04-26 15:43:19','2023-04-26 15:43:19',NULL,NULL),(12,0,0,'document_e51f12ea-86e9-4baf-88e3-2aed5554eb6b_content',0,1,0,1,0,1,'2023-04-26 15:43:19','2023-04-26 15:43:19',NULL,NULL),(13,0,0,'other_e51f12ea-86e9-4baf-88e3-2aed5554eb6b_metadata',0,1,0,1,0,1,'2023-04-26 15:43:19','2023-04-26 15:43:19',NULL,NULL),(14,0,0,'other_e51f12ea-86e9-4baf-88e3-2aed5554eb6b_content',0,1,0,1,0,1,'2023-04-26 15:43:19','2023-04-26 15:43:19',NULL,NULL),(15,0,0,'adROMY2020',0,1,0,1,0,1,'2023-04-26 15:43:19','2023-04-26 15:43:19',NULL,NULL),(16,0,0,'document_611ed4d1-e215-4106-9bd5-85c983764005_metadata',0,1,0,1,0,1,'2023-04-26 15:43:19','2023-04-26 15:43:19',NULL,NULL),(17,0,0,'document_611ed4d1-e215-4106-9bd5-85c983764005_content',0,1,0,1,0,1,'2023-04-26 15:43:19','2023-04-26 15:43:19',NULL,NULL),(18,0,0,'other_611ed4d1-e215-4106-9bd5-85c983764005_metadata',0,1,0,1,0,1,'2023-04-26 15:43:19','2023-04-26 15:43:19',NULL,NULL),(19,0,0,'other_611ed4d1-e215-4106-9bd5-85c983764005_content',0,1,0,1,0,1,'2023-04-26 15:43:19','2023-04-26 15:43:19',NULL,NULL),(20,0,0,'adromy',0,1,0,1,0,1,'2023-04-26 15:43:19','2023-04-26 15:43:19',NULL,NULL),(21,0,0,'adcayro',0,1,0,1,0,1,'2023-04-26 15:43:19','2023-04-26 15:43:19',NULL,NULL),(22,0,0,'adcayrorespaldo',0,1,0,1,0,1,'2023-04-26 15:43:19','2023-04-26 15:43:19',NULL,NULL),(23,0,0,'admigra',0,1,0,1,0,1,'2023-04-26 15:43:19','2023-04-26 15:43:19',NULL,NULL),(24,0,0,'adROMY2021_migra',0,1,0,1,0,1,'2023-08-30 11:35:19','2023-08-30 11:35:19',NULL,NULL);

--
-- Table structure for table `glpi_datacenters`
--

CREATE TABLE `glpi_datacenters` (
  `id` int unsigned NOT NULL AUTO_INCREMENT,
  `name` varchar(255) COLLATE utf8mb4_unicode_ci DEFAULT NULL,
  `entities_id` int unsigned NOT NULL DEFAULT '0',
  `is_recursive` tinyint NOT NULL DEFAULT '0',
  `locations_id` int unsigned NOT NULL DEFAULT '0',
  `is_deleted` tinyint NOT NULL DEFAULT '0',
  `date_mod` timestamp NULL DEFAULT NULL,
  `date_creation` timestamp NULL DEFAULT NULL,
  `pictures` text COLLATE utf8mb4_unicode_ci,
  PRIMARY KEY (`id`),
  KEY `name` (`name`),
  KEY `entities_id` (`entities_id`),
  KEY `is_recursive` (`is_recursive`),
  KEY `locations_id` (`locations_id`),
  KEY `is_deleted` (`is_deleted`),
  KEY `date_mod` (`date_mod`),
  KEY `date_creation` (`date_creation`)
) ENGINE=InnoDB DEFAULT CHARSET=utf8mb4 COLLATE=utf8mb4_unicode_ci ROW_FORMAT=DYNAMIC;

--
-- Dumping data for table `glpi_datacenters`
--


--
-- Table structure for table `glpi_dcrooms`
--

CREATE TABLE `glpi_dcrooms` (
  `id` int unsigned NOT NULL AUTO_INCREMENT,
  `name` varchar(255) COLLATE utf8mb4_unicode_ci DEFAULT NULL,
  `entities_id` int unsigned NOT NULL DEFAULT '0',
  `is_recursive` tinyint NOT NULL DEFAULT '0',
  `locations_id` int unsigned NOT NULL DEFAULT '0',
  `vis_cols` int DEFAULT NULL,
  `vis_rows` int DEFAULT NULL,
  `blueprint` text COLLATE utf8mb4_unicode_ci,
  `datacenters_id` int unsigned NOT NULL DEFAULT '0',
  `is_deleted` tinyint NOT NULL DEFAULT '0',
  `date_mod` timestamp NULL DEFAULT NULL,
  `date_creation` timestamp NULL DEFAULT NULL,
  PRIMARY KEY (`id`),
  KEY `name` (`name`),
  KEY `entities_id` (`entities_id`),
  KEY `is_recursive` (`is_recursive`),
  KEY `locations_id` (`locations_id`),
  KEY `datacenters_id` (`datacenters_id`),
  KEY `is_deleted` (`is_deleted`),
  KEY `date_mod` (`date_mod`),
  KEY `date_creation` (`date_creation`)
) ENGINE=InnoDB DEFAULT CHARSET=utf8mb4 COLLATE=utf8mb4_unicode_ci ROW_FORMAT=DYNAMIC;

--
-- Dumping data for table `glpi_dcrooms`
--


--
-- Table structure for table `glpi_devicebatteries`
--

CREATE TABLE `glpi_devicebatteries` (
  `id` int unsigned NOT NULL AUTO_INCREMENT,
  `designation` varchar(255) COLLATE utf8mb4_unicode_ci DEFAULT NULL,
  `comment` text COLLATE utf8mb4_unicode_ci,
  `manufacturers_id` int unsigned NOT NULL DEFAULT '0',
  `voltage` int DEFAULT NULL,
  `capacity` int DEFAULT NULL,
  `devicebatterytypes_id` int unsigned NOT NULL DEFAULT '0',
  `entities_id` int unsigned NOT NULL DEFAULT '0',
  `is_recursive` tinyint NOT NULL DEFAULT '0',
  `devicebatterymodels_id` int unsigned DEFAULT NULL,
  `date_mod` timestamp NULL DEFAULT NULL,
  `date_creation` timestamp NULL DEFAULT NULL,
  PRIMARY KEY (`id`),
  KEY `designation` (`designation`),
  KEY `manufacturers_id` (`manufacturers_id`),
  KEY `entities_id` (`entities_id`),
  KEY `is_recursive` (`is_recursive`),
  KEY `date_mod` (`date_mod`),
  KEY `date_creation` (`date_creation`),
  KEY `devicebatterymodels_id` (`devicebatterymodels_id`),
  KEY `devicebatterytypes_id` (`devicebatterytypes_id`)
) ENGINE=InnoDB AUTO_INCREMENT=17 DEFAULT CHARSET=utf8mb4 COLLATE=utf8mb4_unicode_ci ROW_FORMAT=DYNAMIC;

--
-- Dumping data for table `glpi_devicebatteries`
--

INSERT INTO `glpi_devicebatteries` VALUES (1,'HB4692Z9ECW-41',NULL,2,15280,NULL,1,0,0,NULL,'2022-12-22 21:42:44','2022-12-22 21:42:44'),(2,'5B10W139',NULL,98,11550,50500,2,0,0,NULL,'2022-12-22 22:07:37','2022-12-22 22:07:37'),(3,'Batería artículo',NULL,0,3,39,0,0,0,NULL,'2022-12-22 22:38:05','2022-12-22 22:38:05'),(4,'HB4692Z9ECW-41',NULL,2,15280,0,1,0,0,NULL,'2023-02-01 12:03:05','2023-02-01 12:03:05'),(5,'DELL HK6DV',NULL,215,7600,60800,3,0,0,NULL,'2023-03-08 15:39:14','2023-03-08 15:39:14'),(6,'DELL 1VX1H0C3',NULL,231,22136,671040,3,0,0,NULL,'2023-03-17 17:25:23','2023-03-17 17:25:23'),(7,'HB4692Z9ECW-41',NULL,2,15280,55237,3,0,0,NULL,'2023-03-30 17:20:30','2023-03-30 17:20:30'),(8,'DELL GCJ4852',NULL,208,11100,98230,3,9,0,NULL,'2023-05-09 17:58:47','2023-05-03 16:37:25'),(9,'DELL GCJ4862',NULL,208,11100,98230,3,9,0,NULL,'2023-05-09 17:58:47','2023-05-03 16:58:44'),(10,'DELL 5DN1K69',NULL,215,10800,97200,3,9,0,NULL,'2023-05-09 17:58:47','2023-05-03 17:07:26'),(11,'HB4692Z9ECW-22T',NULL,2,7640,0,1,9,0,NULL,'2023-05-09 17:58:47','2023-05-03 17:36:46'),(12,'DELL D555173',NULL,329,11100,43840,1,9,0,NULL,'2023-05-09 17:58:47','2023-05-03 18:01:46'),(13,'HS04041',NULL,352,14600,41610,3,10,0,NULL,'2023-05-09 17:59:47','2023-05-09 17:46:27'),(14,'HS04041',NULL,352,14600,41610,3,16,0,NULL,'2023-05-09 17:59:47','2023-05-09 17:46:27'),(15,'DELL 1VX1H0C3',NULL,231,22136,671040,3,16,0,NULL,'2023-03-17 17:25:23','2023-03-17 17:25:23'),(16,'DELL 1VX1H0C3',NULL,231,22136,671040,3,17,0,NULL,'2023-03-17 17:25:23','2023-03-17 17:25:23');

--
-- Table structure for table `glpi_devicebatterymodels`
--

CREATE TABLE `glpi_devicebatterymodels` (
  `id` int unsigned NOT NULL AUTO_INCREMENT,
  `name` varchar(255) COLLATE utf8mb4_unicode_ci DEFAULT NULL,
  `comment` text COLLATE utf8mb4_unicode_ci,
  `product_number` varchar(255) COLLATE utf8mb4_unicode_ci DEFAULT NULL,
  PRIMARY KEY (`id`),
  KEY `name` (`name`),
  KEY `product_number` (`product_number`)
) ENGINE=InnoDB DEFAULT CHARSET=utf8mb4 COLLATE=utf8mb4_unicode_ci ROW_FORMAT=DYNAMIC;

--
-- Dumping data for table `glpi_devicebatterymodels`
--


--
-- Table structure for table `glpi_devicebatterytypes`
--

CREATE TABLE `glpi_devicebatterytypes` (
  `id` int unsigned NOT NULL AUTO_INCREMENT,
  `name` varchar(255) COLLATE utf8mb4_unicode_ci DEFAULT NULL,
  `comment` text COLLATE utf8mb4_unicode_ci,
  `date_mod` timestamp NULL DEFAULT NULL,
  `date_creation` timestamp NULL DEFAULT NULL,
  PRIMARY KEY (`id`),
  KEY `name` (`name`),
  KEY `date_mod` (`date_mod`),
  KEY `date_creation` (`date_creation`)
) ENGINE=InnoDB AUTO_INCREMENT=4 DEFAULT CHARSET=utf8mb4 COLLATE=utf8mb4_unicode_ci ROW_FORMAT=DYNAMIC;

--
-- Dumping data for table `glpi_devicebatterytypes`
--

INSERT INTO `glpi_devicebatterytypes` VALUES (1,'Lithium Ion','','2022-12-22 21:42:44','2022-12-22 21:42:44'),(2,'LiP','','2022-12-22 22:07:37','2022-12-22 22:07:37'),(3,'LION','','2023-03-08 15:39:14','2023-03-08 15:39:14');

--
-- Table structure for table `glpi_devicecameramodels`
--

CREATE TABLE `glpi_devicecameramodels` (
  `id` int unsigned NOT NULL AUTO_INCREMENT,
  `name` varchar(255) COLLATE utf8mb4_unicode_ci DEFAULT NULL,
  `comment` text COLLATE utf8mb4_unicode_ci,
  `product_number` varchar(255) COLLATE utf8mb4_unicode_ci DEFAULT NULL,
  PRIMARY KEY (`id`),
  KEY `name` (`name`),
  KEY `product_number` (`product_number`)
) ENGINE=InnoDB DEFAULT CHARSET=utf8mb4 COLLATE=utf8mb4_unicode_ci ROW_FORMAT=DYNAMIC;

--
-- Dumping data for table `glpi_devicecameramodels`
--


--
-- Table structure for table `glpi_devicecameras`
--

CREATE TABLE `glpi_devicecameras` (
  `id` int unsigned NOT NULL AUTO_INCREMENT,
  `designation` varchar(255) COLLATE utf8mb4_unicode_ci DEFAULT NULL,
  `flashunit` tinyint NOT NULL DEFAULT '0',
  `lensfacing` varchar(255) COLLATE utf8mb4_unicode_ci DEFAULT NULL,
  `orientation` varchar(255) COLLATE utf8mb4_unicode_ci DEFAULT NULL,
  `focallength` varchar(255) COLLATE utf8mb4_unicode_ci DEFAULT NULL,
  `sensorsize` varchar(255) COLLATE utf8mb4_unicode_ci DEFAULT NULL,
  `comment` text COLLATE utf8mb4_unicode_ci,
  `manufacturers_id` int unsigned NOT NULL DEFAULT '0',
  `entities_id` int unsigned NOT NULL DEFAULT '0',
  `is_recursive` tinyint NOT NULL DEFAULT '0',
  `devicecameramodels_id` int unsigned DEFAULT NULL,
  `support` varchar(255) COLLATE utf8mb4_unicode_ci DEFAULT NULL,
  `date_mod` timestamp NULL DEFAULT NULL,
  `date_creation` timestamp NULL DEFAULT NULL,
  PRIMARY KEY (`id`),
  KEY `designation` (`designation`),
  KEY `manufacturers_id` (`manufacturers_id`),
  KEY `devicecameramodels_id` (`devicecameramodels_id`),
  KEY `entities_id` (`entities_id`),
  KEY `is_recursive` (`is_recursive`),
  KEY `date_mod` (`date_mod`),
  KEY `date_creation` (`date_creation`)
) ENGINE=InnoDB AUTO_INCREMENT=3 DEFAULT CHARSET=utf8mb4 COLLATE=utf8mb4_unicode_ci ROW_FORMAT=DYNAMIC;

--
-- Dumping data for table `glpi_devicecameras`
--

INSERT INTO `glpi_devicecameras` VALUES (1,'Camera 0',1,'BACK','90','4.71','6.4x4.8',NULL,0,0,0,NULL,NULL,'2022-12-22 22:38:05','2022-12-22 22:38:05'),(2,'Camera 1',0,'FRONT','270','3.48','5.22x3.91',NULL,0,0,0,NULL,NULL,'2022-12-22 22:38:05','2022-12-22 22:38:05');

--
-- Table structure for table `glpi_devicecasemodels`
--

CREATE TABLE `glpi_devicecasemodels` (
  `id` int unsigned NOT NULL AUTO_INCREMENT,
  `name` varchar(255) COLLATE utf8mb4_unicode_ci DEFAULT NULL,
  `comment` text COLLATE utf8mb4_unicode_ci,
  `product_number` varchar(255) COLLATE utf8mb4_unicode_ci DEFAULT NULL,
  PRIMARY KEY (`id`),
  KEY `name` (`name`),
  KEY `product_number` (`product_number`)
) ENGINE=InnoDB DEFAULT CHARSET=utf8mb4 COLLATE=utf8mb4_unicode_ci ROW_FORMAT=DYNAMIC;

--
-- Dumping data for table `glpi_devicecasemodels`
--


--
-- Table structure for table `glpi_devicecases`
--

CREATE TABLE `glpi_devicecases` (
  `id` int unsigned NOT NULL AUTO_INCREMENT,
  `designation` varchar(255) COLLATE utf8mb4_unicode_ci DEFAULT NULL,
  `devicecasetypes_id` int unsigned NOT NULL DEFAULT '0',
  `comment` text COLLATE utf8mb4_unicode_ci,
  `manufacturers_id` int unsigned NOT NULL DEFAULT '0',
  `entities_id` int unsigned NOT NULL DEFAULT '0',
  `is_recursive` tinyint NOT NULL DEFAULT '0',
  `devicecasemodels_id` int unsigned DEFAULT NULL,
  `date_mod` timestamp NULL DEFAULT NULL,
  `date_creation` timestamp NULL DEFAULT NULL,
  PRIMARY KEY (`id`),
  KEY `designation` (`designation`),
  KEY `manufacturers_id` (`manufacturers_id`),
  KEY `devicecasetypes_id` (`devicecasetypes_id`),
  KEY `entities_id` (`entities_id`),
  KEY `is_recursive` (`is_recursive`),
  KEY `date_mod` (`date_mod`),
  KEY `date_creation` (`date_creation`),
  KEY `devicecasemodels_id` (`devicecasemodels_id`)
) ENGINE=InnoDB DEFAULT CHARSET=utf8mb4 COLLATE=utf8mb4_unicode_ci ROW_FORMAT=DYNAMIC;

--
-- Dumping data for table `glpi_devicecases`
--


--
-- Table structure for table `glpi_devicecasetypes`
--

CREATE TABLE `glpi_devicecasetypes` (
  `id` int unsigned NOT NULL AUTO_INCREMENT,
  `name` varchar(255) COLLATE utf8mb4_unicode_ci DEFAULT NULL,
  `comment` text COLLATE utf8mb4_unicode_ci,
  `date_mod` timestamp NULL DEFAULT NULL,
  `date_creation` timestamp NULL DEFAULT NULL,
  PRIMARY KEY (`id`),
  KEY `name` (`name`),
  KEY `date_mod` (`date_mod`),
  KEY `date_creation` (`date_creation`)
) ENGINE=InnoDB DEFAULT CHARSET=utf8mb4 COLLATE=utf8mb4_unicode_ci ROW_FORMAT=DYNAMIC;

--
-- Dumping data for table `glpi_devicecasetypes`
--


--
-- Table structure for table `glpi_devicecontrolmodels`
--

CREATE TABLE `glpi_devicecontrolmodels` (
  `id` int unsigned NOT NULL AUTO_INCREMENT,
  `name` varchar(255) COLLATE utf8mb4_unicode_ci DEFAULT NULL,
  `comment` text COLLATE utf8mb4_unicode_ci,
  `product_number` varchar(255) COLLATE utf8mb4_unicode_ci DEFAULT NULL,
  PRIMARY KEY (`id`),
  KEY `name` (`name`),
  KEY `product_number` (`product_number`)
) ENGINE=InnoDB DEFAULT CHARSET=utf8mb4 COLLATE=utf8mb4_unicode_ci ROW_FORMAT=DYNAMIC;

--
-- Dumping data for table `glpi_devicecontrolmodels`
--


--
-- Table structure for table `glpi_devicecontrols`
--

CREATE TABLE `glpi_devicecontrols` (
  `id` int unsigned NOT NULL AUTO_INCREMENT,
  `designation` varchar(255) COLLATE utf8mb4_unicode_ci DEFAULT NULL,
  `is_raid` tinyint NOT NULL DEFAULT '0',
  `comment` text COLLATE utf8mb4_unicode_ci,
  `manufacturers_id` int unsigned NOT NULL DEFAULT '0',
  `interfacetypes_id` int unsigned NOT NULL DEFAULT '0',
  `entities_id` int unsigned NOT NULL DEFAULT '0',
  `is_recursive` tinyint NOT NULL DEFAULT '0',
  `devicecontrolmodels_id` int unsigned DEFAULT NULL,
  `date_mod` timestamp NULL DEFAULT NULL,
  `date_creation` timestamp NULL DEFAULT NULL,
  PRIMARY KEY (`id`),
  KEY `designation` (`designation`),
  KEY `manufacturers_id` (`manufacturers_id`),
  KEY `interfacetypes_id` (`interfacetypes_id`),
  KEY `entities_id` (`entities_id`),
  KEY `is_recursive` (`is_recursive`),
  KEY `date_mod` (`date_mod`),
  KEY `date_creation` (`date_creation`),
  KEY `devicecontrolmodels_id` (`devicecontrolmodels_id`)
) ENGINE=InnoDB AUTO_INCREMENT=358 DEFAULT CHARSET=utf8mb4 COLLATE=utf8mb4_unicode_ci ROW_FORMAT=DYNAMIC;

--
-- Dumping data for table `glpi_devicecontrols`
--

INSERT INTO `glpi_devicecontrols` VALUES (1,'XG6 NVMe SSD Controller',0,NULL,4,9,0,0,NULL,'2022-12-22 21:42:44','2022-12-22 21:42:44'),(2,'Raven USB 3.1',0,NULL,5,10,0,0,NULL,'2022-12-22 21:42:44','2022-12-22 21:42:44'),(3,'Raven/Raven2 Device 24: Function 6',0,NULL,5,11,0,0,NULL,'2022-12-22 21:42:44','2022-12-22 21:42:44'),(4,'RTL8822CE 802.11ac PCIe Wireless Network Adapter',0,NULL,6,12,0,0,NULL,'2022-12-22 21:42:44','2022-12-22 21:42:44'),(5,'Raven/Raven2 Device 24: Function 3',0,NULL,5,11,0,0,NULL,'2022-12-22 21:42:44','2022-12-22 21:42:44'),(6,'Raven/Raven2 PCIe GPP Bridge [6:0]',0,NULL,5,13,0,0,NULL,'2022-12-22 21:42:44','2022-12-22 21:42:44'),(7,'Raven/Raven2/FireFlight/Renoir Audio Processor',0,NULL,5,14,0,0,NULL,'2022-12-22 21:42:44','2022-12-22 21:42:44'),(8,'Raven/Raven2 Root Complex',0,NULL,5,11,0,0,NULL,'2022-12-22 21:42:44','2022-12-22 21:42:44'),(9,'Raven/Raven2/Fenghuang HDMI/DP Audio Controller',0,NULL,7,15,0,0,NULL,'2022-12-22 21:42:44','2022-12-22 21:42:44'),(10,'Raven/Raven2 Device 24: Function 5',0,NULL,5,11,0,0,NULL,'2022-12-22 21:42:44','2022-12-22 21:42:44'),(11,'Raven/Raven2 Device 24: Function 1',0,NULL,5,11,0,0,NULL,'2022-12-22 21:42:44','2022-12-22 21:42:44'),(12,'Raven/Raven2 Device 24: Function 2',0,NULL,5,11,0,0,NULL,'2022-12-22 21:42:44','2022-12-22 21:42:44'),(13,'FCH LPC Bridge',0,NULL,5,16,0,0,NULL,'2022-12-22 21:42:44','2022-12-22 21:42:44'),(14,'Raven/Raven2 Internal PCIe GPP Bridge 0 to Bus A',0,NULL,5,13,0,0,NULL,'2022-12-22 21:42:44','2022-12-22 21:42:44'),(15,'FCH SMBus Controller',0,NULL,5,17,0,0,NULL,'2022-12-22 21:42:44','2022-12-22 21:42:44'),(16,'Raven/Raven2 Device 24: Function 7',0,NULL,5,11,0,0,NULL,'2022-12-22 21:42:44','2022-12-22 21:42:44'),(17,'Picasso',0,NULL,7,18,0,0,NULL,'2022-12-22 21:42:44','2022-12-22 21:42:44'),(18,'Family 17h (Models 10h-1fh) Platform Security Processor',0,NULL,5,19,0,0,NULL,'2022-12-22 21:42:44','2022-12-22 21:42:44'),(19,'Family 17h (Models 00h-1fh) PCIe Dummy Host Bridge',0,NULL,5,11,0,0,NULL,'2022-12-22 21:42:44','2022-12-22 21:42:44'),(20,'Raven/Raven2 Device 24: Function 4',0,NULL,5,11,0,0,NULL,'2022-12-22 21:42:44','2022-12-22 21:42:44'),(21,'Raven/Raven2 Device 24: Function 0',0,NULL,5,11,0,0,NULL,'2022-12-22 21:42:44','2022-12-22 21:42:44'),(22,'Family 17h (Models 10h-1fh) HD Audio Controller',0,NULL,5,15,0,0,NULL,'2022-12-22 21:42:44','2022-12-22 21:42:44'),(23,'Standard NVM Express Controller',0,NULL,100,9,0,0,NULL,'2022-12-22 22:07:37','2022-12-22 22:07:37'),(24,'RTL811x EHCI host controller',0,NULL,6,20,0,0,NULL,'2022-12-22 22:07:37','2022-12-22 22:07:37'),(25,'Wireless-AC 9260',0,NULL,101,21,0,0,NULL,'2022-12-22 22:07:37','2022-12-22 22:07:37'),(26,'RTL8111xP UART #2',0,NULL,6,22,0,0,NULL,'2022-12-22 22:07:37','2022-12-22 22:07:37'),(27,'RTL8111/8168/8411 PCI Express Gigabit Ethernet Controller',0,NULL,6,23,0,0,NULL,'2022-12-22 22:07:37','2022-12-22 22:07:37'),(28,'RTL8111xP UART #1',0,NULL,6,25,0,0,NULL,'2022-12-22 22:07:37','2022-12-22 22:07:37'),(29,'RTS522A PCI Express Card Reader',0,NULL,6,26,0,0,NULL,'2022-12-22 22:07:37','2022-12-22 22:07:37'),(30,'RTL8111xP IPMI interface',0,NULL,6,27,0,0,NULL,'2022-12-22 22:07:37','2022-12-22 22:07:37'),(31,'PS5013 E13 NVMe Controller',0,NULL,207,9,0,0,NULL,'2023-02-24 15:41:54','2023-02-24 15:41:54'),(32,'Renoir USB 3.1',0,NULL,5,10,0,0,NULL,'2023-02-24 15:41:54','2023-02-24 15:41:54'),(33,'Renoir Root Complex',0,NULL,5,11,0,0,NULL,'2023-02-24 15:41:54','2023-02-24 15:41:54'),(34,'Renoir Device 24: Function 5',0,NULL,5,11,0,0,NULL,'2023-02-24 15:41:54','2023-02-24 15:41:54'),(35,'Renoir Device 24: Function 1',0,NULL,5,11,0,0,NULL,'2023-02-24 15:41:54','2023-02-24 15:41:54'),(36,'Renoir Internal PCIe GPP Bridge to Bus',0,NULL,5,13,0,0,NULL,'2023-02-24 15:41:54','2023-02-24 15:41:54'),(37,'Renoir Device 24: Function 2',0,NULL,5,11,0,0,NULL,'2023-02-24 15:41:54','2023-02-24 15:41:54'),(38,'Lucienne',0,NULL,7,28,0,0,NULL,'2023-02-24 15:41:54','2023-02-24 15:41:54'),(39,'Renoir Device 24: Function 7',0,NULL,5,11,0,0,NULL,'2023-02-24 15:41:54','2023-02-24 15:41:54'),(40,'Renoir Device 24: Function 4',0,NULL,5,11,0,0,NULL,'2023-02-24 15:41:54','2023-02-24 15:41:54'),(41,'Renoir Device 24: Function 0',0,NULL,5,11,0,0,NULL,'2023-02-24 15:41:54','2023-02-24 15:41:54'),(42,'Renoir PCIe GPP Bridge',0,NULL,5,13,0,0,NULL,'2023-02-24 15:41:54','2023-02-24 15:41:54'),(43,'Renoir Device 24: Function 6',0,NULL,5,11,0,0,NULL,'2023-02-24 15:41:54','2023-02-24 15:41:54'),(44,'Renoir PCIe Dummy Host Bridge',0,NULL,5,11,0,0,NULL,'2023-02-24 15:41:54','2023-02-24 15:41:54'),(45,'Renoir Radeon High Definition Audio Controller',0,NULL,7,15,0,0,NULL,'2023-02-24 15:41:54','2023-02-24 15:41:54'),(46,'Renoir Device 24: Function 3',0,NULL,5,11,0,0,NULL,'2023-02-24 15:41:54','2023-02-24 15:41:54'),(47,'82801 Mobile SATA Controller [RAID mode]',0,NULL,101,29,0,0,NULL,'2023-03-08 15:39:14','2023-03-08 15:39:14'),(48,'Sunrise Point-LP USB 3.0 xHCI Controller',0,NULL,101,30,0,0,NULL,'2023-03-08 15:39:14','2023-03-08 15:39:14'),(49,'Sunrise Point-LP Thermal subsystem',0,NULL,101,31,0,0,NULL,'2023-03-08 15:39:14','2023-03-08 15:39:14'),(50,'Sunrise Point-LP HD Audio',0,NULL,101,15,0,0,NULL,'2023-03-08 15:39:14','2023-03-08 15:39:14'),(51,'Sunrise Point-LP CSME HECI #1',0,NULL,101,32,0,0,NULL,'2023-03-08 15:39:14','2023-03-08 15:39:14'),(52,'Ethernet Connection I219-LM',0,NULL,101,33,0,0,NULL,'2023-03-08 15:39:14','2023-03-08 15:39:14'),(53,'RTS525A PCI Express Card Reader',0,NULL,6,26,0,0,NULL,'2023-03-08 15:39:14','2023-03-08 15:39:14'),(54,'Xeon E3-1200 v5/E3-1500 v5/6th Gen Core Processor Host Bridge/DRAM Registers',0,NULL,101,11,0,0,NULL,'2023-03-08 15:39:14','2023-03-08 15:39:14'),(55,'Wireless 8260',0,NULL,101,34,0,0,NULL,'2023-03-08 15:39:14','2023-03-08 15:39:14'),(56,'Sunrise Point-LP PMC',0,NULL,101,35,0,0,NULL,'2023-03-08 15:39:14','2023-03-08 15:39:14'),(57,'Sunrise Point-LP PCI Express Root Port #5',0,NULL,101,13,0,0,NULL,'2023-03-08 15:39:14','2023-03-08 15:39:14'),(58,'Skylake GT2 [HD Graphics 520]',0,NULL,101,36,0,0,NULL,'2023-03-08 15:39:14','2023-03-08 15:39:14'),(59,'Xeon E3-1200 v5/E3-1500 v5/6th Gen Core Processor Thermal Subsystem',0,NULL,101,37,0,0,NULL,'2023-03-08 15:39:14','2023-03-08 15:39:14'),(60,'Sunrise Point-LP LPC Controller',0,NULL,101,16,0,0,NULL,'2023-03-08 15:39:14','2023-03-08 15:39:14'),(61,'Sunrise Point-LP PCI Express Root Port #11',0,NULL,101,13,0,0,NULL,'2023-03-08 15:39:14','2023-03-08 15:39:14'),(62,'Sunrise Point-LP SMBus',0,NULL,101,38,0,0,NULL,'2023-03-08 15:39:14','2023-03-08 15:39:14'),(63,'FCH SATA Controller [AHCI mode]',0,NULL,5,39,0,0,NULL,'2023-03-17 17:25:23','2023-03-17 17:25:23'),(64,'BC511',0,NULL,100,9,0,0,NULL,'2023-03-17 17:25:23','2023-03-17 17:25:23'),(65,'RTL810xE PCI Express Fast Ethernet controller',0,NULL,6,40,0,0,NULL,'2023-03-17 17:25:23','2023-03-17 17:25:23'),(66,'Raven/Raven2 Internal PCIe GPP Bridge 0 to Bus B',0,NULL,5,13,0,0,NULL,'2023-03-17 17:25:23','2023-03-17 17:25:23'),(67,'QCA9377 802.11ac Wireless Network Adapter',0,NULL,232,41,0,0,NULL,'2023-03-17 17:25:23','2023-03-17 17:25:23'),(68,'Standard NVM Express Controller',0,NULL,239,9,0,0,NULL,'2023-04-26 15:43:19','2023-04-26 15:43:19'),(69,'6 Series/C200 Series Chipset Family Desktop SATA Controller (IDE mode, ports 0-3)',0,NULL,101,43,13,0,NULL,'2023-05-09 18:02:43','2023-05-03 16:24:19'),(70,'6 Series/C200 Series Chipset Family Desktop SATA Controller (IDE mode, ports 4-5)',0,NULL,101,43,13,0,NULL,'2023-05-09 18:02:43','2023-05-03 16:24:19'),(71,'6 Series/C200 Series Chipset Family USB Enhanced Host Controller #2',0,NULL,101,44,13,0,NULL,'2023-05-09 18:02:43','2023-05-03 16:24:19'),(72,'6 Series/C200 Series Chipset Family USB Enhanced Host Controller #1',0,NULL,101,45,13,0,NULL,'2023-05-09 18:02:43','2023-05-03 16:24:19'),(73,'6 Series/C200 Series Chipset Family High Definition Audio Controller',0,NULL,101,15,13,0,NULL,'2023-05-09 18:02:43','2023-05-03 16:24:19'),(74,'H61 Express Chipset LPC Controller',0,NULL,101,46,13,0,NULL,'2023-05-09 18:02:43','2023-05-03 16:24:19'),(75,'6 Series/C200 Series Chipset Family PCI Express Root Port 1',0,NULL,101,47,13,0,NULL,'2023-05-09 18:02:43','2023-05-03 16:24:19'),(76,'6 Series/C200 Series Chipset Family SMBus Controller',0,NULL,101,38,13,0,NULL,'2023-05-09 18:02:43','2023-05-03 16:24:19'),(77,'6 Series/C200 Series Chipset Family PCI Express Root Port 2',0,NULL,101,47,13,0,NULL,'2023-05-09 18:02:43','2023-05-03 16:24:19'),(78,'AR8152 v2.0 Fast Ethernet',0,NULL,232,48,13,0,NULL,'2023-05-09 18:02:43','2023-05-03 16:24:19'),(79,'6 Series/C200 Series Chipset Family MEI Controller #1',0,NULL,101,49,13,0,NULL,'2023-05-09 18:02:43','2023-05-03 16:24:19'),(80,'2nd Generation Core Processor Family Integrated Graphics Controller',0,NULL,101,50,9,0,NULL,'2023-05-09 17:58:47','2023-05-03 16:24:19'),(81,'2nd Generation Core Processor Family DRAM Controller',0,NULL,101,51,9,0,NULL,'2023-05-09 17:58:47','2023-05-03 16:24:19'),(82,'8 Series/C220 Series Chipset Family 6-port SATA Controller 1 [AHCI mode]',0,NULL,101,52,14,0,NULL,'2023-05-09 18:01:17','2023-05-03 16:37:25'),(83,'8 Series/C220 Series Chipset Family USB EHCI #2',0,NULL,101,53,14,0,NULL,'2023-05-09 18:01:17','2023-05-03 16:37:25'),(84,'8 Series/C220 Series Chipset Family USB EHCI #1',0,NULL,101,54,14,0,NULL,'2023-05-09 18:01:17','2023-05-03 16:37:25'),(85,'8 Series/C220 Series Chipset Family USB xHCI',0,NULL,101,30,14,0,NULL,'2023-05-09 18:01:17','2023-05-03 16:37:25'),(86,'4th Gen Core Processor Integrated Graphics Controller',0,NULL,101,55,9,0,NULL,'2023-05-09 17:58:47','2023-05-03 16:37:25'),(87,'Xeon E3-1200 v3/4th Gen Core Processor DRAM Controller',0,NULL,101,11,9,0,NULL,'2023-05-09 17:58:47','2023-05-03 16:37:25'),(88,'QM87 Express LPC Controller',0,NULL,101,56,9,0,NULL,'2023-05-09 17:58:47','2023-05-03 16:37:25'),(89,'8 Series/C220 Series Chipset Family PCI Express Root Port #3',0,NULL,101,57,14,0,NULL,'2023-05-09 18:01:17','2023-05-03 16:37:25'),(90,'Xeon E3-1200 v3/4th Gen Core Processor PCI Express x16 Controller',0,NULL,101,58,9,0,NULL,'2023-05-09 17:58:47','2023-05-03 16:37:25'),(91,'8 Series/C220 Series Chipset Family PCI Express Root Port #6',0,NULL,101,59,9,0,NULL,'2023-05-09 17:58:47','2023-05-03 16:37:25'),(92,'Centrino Ultimate-N 6300',0,NULL,101,60,9,0,NULL,'2023-05-09 17:58:47','2023-05-03 16:37:25'),(93,'Mars XTX [Radeon HD 8790M]',0,NULL,7,61,9,0,NULL,'2023-05-09 17:58:47','2023-05-03 16:37:25'),(94,'8 Series/C220 Series Chipset High Definition Audio Controller',0,NULL,101,15,14,0,NULL,'2023-05-09 18:01:17','2023-05-03 16:37:25'),(95,'SD/MMC Card Reader Controller',0,NULL,261,62,9,0,NULL,'2023-05-09 17:58:47','2023-05-03 16:37:25'),(96,'Xeon E3-1200 v3/4th Gen Core Processor HD Audio Controller',0,NULL,101,15,14,0,NULL,'2023-05-09 18:01:17','2023-05-03 16:37:25'),(97,'8 Series/C220 Series Chipset Family MEI Controller #1',0,NULL,101,49,14,0,NULL,'2023-05-09 18:01:17','2023-05-03 16:37:25'),(98,'8 Series/C220 Series Chipset Family PCI Express Root Port #7',0,NULL,101,63,9,0,NULL,'2023-05-09 17:58:47','2023-05-03 16:37:25'),(99,'8 Series/C220 Series Chipset Family PCI Express Root Port #1',0,NULL,101,64,14,0,NULL,'2023-05-09 18:01:17','2023-05-03 16:37:25'),(100,'Ethernet Connection I217-LM',0,NULL,101,65,9,0,NULL,'2023-05-09 17:58:47','2023-05-03 16:37:25'),(101,'8 Series/C220 Series Chipset Family PCI Express Root Port #5',0,NULL,101,66,14,0,NULL,'2023-05-09 18:01:17','2023-05-03 16:37:25'),(102,'8 Series/C220 Series Chipset Family SMBus Controller',0,NULL,101,67,14,0,NULL,'2023-05-09 18:01:17','2023-05-03 16:37:25'),(103,'8 Series/C220 Series Chipset Family PCI Express Root Port #8',0,NULL,101,68,9,0,NULL,'2023-05-09 17:58:47','2023-05-03 16:37:25'),(104,'Wildcat Point-LP SATA Controller [AHCI Mode]',0,NULL,101,39,9,0,NULL,'2023-05-09 17:58:47','2023-05-03 16:51:35'),(105,'Wildcat Point-LP USB EHCI Controller',0,NULL,101,70,9,0,NULL,'2023-05-09 17:58:47','2023-05-03 16:51:35'),(106,'Wildcat Point-LP USB xHCI Controller',0,NULL,101,30,9,0,NULL,'2023-05-09 17:58:47','2023-05-03 16:51:35'),(107,'HD Graphics 5500',0,NULL,101,71,9,0,NULL,'2023-05-09 17:58:47','2023-05-03 16:51:35'),(108,'Wildcat Point-LP MEI Controller #1',0,NULL,101,32,9,0,NULL,'2023-05-09 17:58:47','2023-05-03 16:51:35'),(109,'Wildcat Point-LP SMBus Controller',0,NULL,101,73,9,0,NULL,'2023-05-09 17:58:47','2023-05-03 16:51:35'),(110,'Wildcat Point-LP PCI Express Root Port #1',0,NULL,101,74,9,0,NULL,'2023-05-09 17:58:47','2023-05-03 16:51:35'),(111,'Broadwell-U Host Bridge -OPI',0,NULL,101,75,9,0,NULL,'2023-05-09 17:58:47','2023-05-03 16:51:35'),(112,'Wildcat Point-LP LPC Controller',0,NULL,101,76,9,0,NULL,'2023-05-09 17:58:47','2023-05-03 16:51:35'),(113,'Wildcat Point-LP PCI Express Root Port #3',0,NULL,101,77,9,0,NULL,'2023-05-09 17:58:47','2023-05-03 16:51:35'),(114,'Broadwell-U Audio Controller',0,NULL,101,15,9,0,NULL,'2023-05-09 17:58:47','2023-05-03 16:51:35'),(115,'Wildcat Point-LP High Definition Audio Controller',0,NULL,101,15,9,0,NULL,'2023-05-09 17:58:47','2023-05-03 16:51:35'),(116,'Wildcat Point-LP PCI Express Root Port #4',0,NULL,101,79,9,0,NULL,'2023-05-09 17:58:47','2023-05-03 16:51:35'),(117,'200 Series PCH SATA controller [AHCI mode]',0,NULL,101,39,0,0,NULL,'2023-05-03 17:17:50','2023-05-03 17:17:50'),(118,'200 Series/Z370 Chipset Family USB 3.0 xHCI Controller',0,NULL,101,30,0,0,NULL,'2023-05-03 17:17:50','2023-05-03 17:17:50'),(119,'200 Series PCH PCI Express Root Port #7',0,NULL,101,82,9,0,NULL,'2023-05-09 17:58:47','2023-05-03 17:17:50'),(120,'RTL8188EE Wireless Network Adapter',0,NULL,6,83,9,0,NULL,'2023-05-09 17:58:47','2023-05-03 17:17:50'),(121,'8th Gen Core 4-core Desktop Processor Host Bridge/DRAM Registers [Coffee Lake S]',0,NULL,101,11,0,0,NULL,'2023-05-03 17:17:50','2023-05-03 17:17:50'),(122,'200 Series PCH PCI Express Root Port #9',0,NULL,101,84,9,0,NULL,'2023-05-09 17:58:47','2023-05-03 17:17:50'),(123,'200 Series PCH HD Audio',0,NULL,101,15,0,0,NULL,'2023-05-03 17:17:50','2023-05-03 17:17:50'),(124,'200 Series PCH CSME HECI #1',0,NULL,101,49,0,0,NULL,'2023-05-03 17:17:50','2023-05-03 17:17:50'),(125,'200 Series PCH PCI Express Root Port #6',0,NULL,101,85,9,0,NULL,'2023-05-09 17:58:47','2023-05-03 17:17:50'),(126,'Cedar HDMI Audio [Radeon HD 5400/6300/7300 Series]',0,NULL,7,15,9,0,NULL,'2023-05-09 17:58:47','2023-05-03 17:17:50'),(127,'Cedar [Radeon HD 5000/6000/7350/8350 Series]',0,NULL,7,86,9,0,NULL,'2023-05-09 17:58:47','2023-05-03 17:17:50'),(128,'Intel(R) 300 Series Chipset Family LPC Controller (H310) - A2CA',0,NULL,101,87,0,0,NULL,'2023-05-03 17:17:50','2023-05-03 17:17:50'),(129,'6th-10th Gen Core Processor PCIe Controller (x16)',0,NULL,101,47,13,0,NULL,'2023-05-09 18:03:25','2023-05-03 17:17:50'),(130,'200 Series/Z370 Chipset Family Power Management Controller',0,NULL,101,88,0,0,NULL,'2023-05-03 17:17:50','2023-05-03 17:17:50'),(131,'200 Series PCH PCI Express Root Port #8',0,NULL,101,90,0,0,NULL,'2023-05-03 17:17:50','2023-05-03 17:17:50'),(132,'200 Series PCH PCI Express Root Port #5',0,NULL,101,91,0,0,NULL,'2023-05-03 17:17:50','2023-05-03 17:17:50'),(133,'Xeon E3-1200 v5/v6 / E3-1500 v5 / 6th/7th/8th Gen Core Processor Gaussian Mixture Model',0,NULL,101,92,13,0,NULL,'2023-05-09 18:02:43','2023-05-03 17:17:50'),(134,'200 Series/Z370 Chipset Family SMBus Controller',0,NULL,101,93,0,0,NULL,'2023-05-03 17:17:50','2023-05-03 17:17:50'),(135,'200 Series PCH PCI Express Root Port #11',0,NULL,101,94,0,0,NULL,'2023-05-03 17:17:50','2023-05-03 17:17:50'),(136,'High Definition Audio Controller',0,NULL,203,15,9,0,NULL,'2023-05-09 17:58:47','2023-05-03 17:28:35'),(137,'GT218 [GeForce 210]',0,NULL,203,96,9,0,NULL,'2023-05-09 17:58:47','2023-05-03 17:28:35'),(138,'E12 NVMe Controller',0,NULL,207,9,9,0,NULL,'2023-05-09 17:58:47','2023-05-03 17:36:46'),(139,'Tiger Lake-LP USB 3.2 Gen 2x1 xHCI Host Controller',0,NULL,101,97,9,0,NULL,'2023-05-09 17:58:47','2023-05-03 17:36:46'),(140,'TigerLake-LP Dynamic Tuning Processor Participant',0,NULL,101,98,9,0,NULL,'2023-05-09 17:58:47','2023-05-03 17:36:46'),(141,'11th Gen Core Processor Host Bridge/DRAM Registers',0,NULL,101,99,9,0,NULL,'2023-05-09 17:58:47','2023-05-03 17:36:46'),(142,'Wi-Fi 6 AX201',0,NULL,101,100,9,0,NULL,'2023-05-09 17:58:47','2023-05-03 17:36:46'),(143,'Intel(R) PCI Express Root Port #5 - A0BC',0,NULL,101,101,9,0,NULL,'2023-05-09 17:58:47','2023-05-03 17:36:46'),(144,'Tiger Lake-LP Shared SRAM',0,NULL,101,102,9,0,NULL,'2023-05-09 17:58:47','2023-05-03 17:36:46'),(145,'Tiger Lake-LP SPI Controller',0,NULL,101,103,9,0,NULL,'2023-05-09 17:58:47','2023-05-03 17:36:46'),(146,'Tiger Lake-LP LPC Controller',0,NULL,101,104,9,0,NULL,'2023-05-09 17:58:47','2023-05-03 17:36:46'),(147,'Tiger Lake-LP Management Engine Interface',0,NULL,101,32,9,0,NULL,'2023-05-09 17:58:47','2023-05-03 17:36:46'),(148,'Tiger Lake-LP Serial IO I2C Controller #0',0,NULL,101,105,9,0,NULL,'2023-05-09 17:58:47','2023-05-03 17:36:46'),(149,'TigerLake GT2 [Iris Xe Graphics]',0,NULL,101,106,9,0,NULL,'2023-05-09 17:58:47','2023-05-03 17:36:46'),(150,'Tiger Lake-LP Smart Sound Technology Audio Controller',0,NULL,101,107,9,0,NULL,'2023-05-09 17:58:47','2023-05-03 17:36:46'),(151,'Tiger Lake-LP SMBus Controller',0,NULL,101,108,9,0,NULL,'2023-05-09 17:58:47','2023-05-03 17:36:46'),(152,'Standard NVM Express Controller',0,NULL,6,9,9,0,NULL,'2023-05-09 17:58:47','2023-05-03 17:45:11'),(153,'SATA Controller [RAID mode]',0,NULL,101,80,9,0,NULL,'2023-05-09 17:58:47','2023-05-03 17:45:11'),(154,'VL805 USB 3.0 Host Controller',0,NULL,305,109,0,0,NULL,'2023-05-03 17:45:11','2023-05-03 17:45:11'),(155,'200 Series PCH LPC Controller (B250)',0,NULL,101,111,9,0,NULL,'2023-05-09 17:58:47','2023-05-03 17:45:11'),(156,'GK208 HDMI/DP Audio Controller',0,NULL,203,15,9,0,NULL,'2023-05-09 17:58:47','2023-05-03 17:45:11'),(157,'GK208B [GeForce GT 710]',0,NULL,203,112,9,0,NULL,'2023-05-09 17:58:47','2023-05-03 17:45:11'),(158,'Xeon E3-1200 v6/7th Gen Core Processor Host Bridge/DRAM Registers',0,NULL,101,11,13,0,NULL,'2023-05-09 18:02:43','2023-05-03 17:45:11'),(159,'8 Series SATA Controller 1 [AHCI mode]',0,NULL,101,39,9,0,NULL,'2023-05-09 17:58:47','2023-05-03 18:01:46'),(160,'8 Series USB xHCI HC',0,NULL,101,30,9,0,NULL,'2023-05-09 17:58:47','2023-05-03 18:01:46'),(161,'8 Series USB EHCI #1',0,NULL,101,113,9,0,NULL,'2023-05-09 17:58:47','2023-05-03 18:01:46'),(162,'8 Series HECI #0',0,NULL,101,49,9,0,NULL,'2023-05-09 17:58:47','2023-05-03 18:01:46'),(163,'Haswell-ULT DRAM Controller',0,NULL,101,11,9,0,NULL,'2023-05-09 17:58:47','2023-05-03 18:01:46'),(164,'BCM43142 802.11b/g/n',0,NULL,330,114,9,0,NULL,'2023-05-09 17:58:47','2023-05-03 18:01:46'),(165,'8 Series SMBus Controller',0,NULL,101,115,9,0,NULL,'2023-05-09 17:58:47','2023-05-03 18:01:46'),(166,'8 Series Thermal',0,NULL,101,116,9,0,NULL,'2023-05-09 17:58:47','2023-05-03 18:01:46'),(167,'Haswell-ULT Thermal Subsystem',0,NULL,101,31,9,0,NULL,'2023-05-09 17:58:47','2023-05-03 18:01:46'),(168,'8 Series PCI Express Root Port 3',0,NULL,101,117,9,0,NULL,'2023-05-09 17:58:47','2023-05-03 18:01:46'),(169,'8 Series LPC Controller',0,NULL,101,118,9,0,NULL,'2023-05-09 17:58:47','2023-05-03 18:01:46'),(170,'Haswell-ULT Integrated Graphics Controller',0,NULL,101,119,9,0,NULL,'2023-05-09 17:58:47','2023-05-03 18:01:46'),(171,'8 Series HD Audio Controller',0,NULL,101,15,9,0,NULL,'2023-05-09 17:58:47','2023-05-03 18:01:46'),(172,'Q170/Q150/B150/H170/H110/Z170/CM236 Chipset SATA Controller [AHCI Mode]',0,NULL,101,39,0,0,NULL,'2023-05-08 14:55:59','2023-05-08 14:55:59'),(173,'100 Series/C230 Series Chipset Family USB 3.0 xHCI Controller',0,NULL,101,120,0,0,NULL,'2023-05-08 14:55:59','2023-05-08 14:55:59'),(174,'HD Graphics 510',0,NULL,101,121,0,0,NULL,'2023-05-08 14:55:59','2023-05-08 14:55:59'),(175,'ASM1083/1085 PCIe to PCI Bridge',0,NULL,229,47,13,0,NULL,'2023-05-09 18:03:25','2023-05-08 14:55:59'),(176,'100 Series/C230 Series Chipset Family Power Management Controller',0,NULL,101,122,0,0,NULL,'2023-05-08 14:55:59','2023-05-08 14:55:59'),(177,'100 Series/C230 Series Chipset Family PCI Express Root Port #5',0,NULL,101,123,0,0,NULL,'2023-05-08 14:55:59','2023-05-08 14:55:59'),(178,'H110 Chipset LPC/eSPI Controller',0,NULL,101,124,0,0,NULL,'2023-05-08 14:55:59','2023-05-08 14:55:59'),(179,'100 Series/C230 Series Chipset Family PCI Express Root Port #10',0,NULL,101,125,0,0,NULL,'2023-05-08 14:55:59','2023-05-08 14:55:59'),(180,'100 Series/C230 Series Chipset Family SMBus',0,NULL,101,126,0,0,NULL,'2023-05-08 14:55:59','2023-05-08 14:55:59'),(181,'100 Series/C230 Series Chipset Family MEI Controller #1',0,NULL,101,32,0,0,NULL,'2023-05-08 14:55:59','2023-05-08 14:55:59'),(182,'100 Series/C230 Series Chipset Family PCI Express Root Port #9',0,NULL,101,127,0,0,NULL,'2023-05-08 14:55:59','2023-05-08 14:55:59'),(183,'100 Series/C230 Series Chipset Family HD Audio Controller',0,NULL,101,15,0,0,NULL,'2023-05-08 14:55:59','2023-05-08 14:55:59'),(184,'100 Series/C230 Series Chipset Family PCI Express Root Port #7',0,NULL,101,47,0,0,NULL,'2023-05-09 14:48:58','2023-05-09 14:48:58'),(185,'100 Series/C230 Series Chipset Family PCI Express Root Port #6',0,NULL,101,47,0,0,NULL,'2023-05-09 14:48:58','2023-05-09 14:48:58'),(186,'100 Series/C230 Series Chipset Family PCI Express Root Port #8',0,NULL,101,47,0,0,NULL,'2023-05-09 14:48:58','2023-05-09 14:48:58'),(187,'4th Gen Core Processor DRAM Controller',0,NULL,101,11,14,0,NULL,'2023-05-09 18:01:17','2023-05-09 15:14:13'),(188,'H81 Express LPC Controller',0,NULL,101,129,14,0,NULL,'2023-05-09 18:01:17','2023-05-09 15:14:13'),(189,'4th Generation Core Processor Family Integrated Graphics Controller',0,NULL,101,130,14,0,NULL,'2023-05-09 18:01:17','2023-05-09 15:14:13'),(190,'100 Series/C230 Series Chipset Family Thermal Subsystem',0,NULL,101,131,13,0,NULL,'2023-05-09 18:02:43','2023-05-09 16:23:29'),(191,'HD Graphics 610',0,NULL,101,132,13,0,NULL,'2023-05-09 18:02:43','2023-05-09 16:23:29'),(192,'Xeon E3-1200 v2/3rd Gen Core processor DRAM Controller',0,NULL,101,51,13,0,NULL,'2023-05-09 18:02:43','2023-05-09 16:24:15'),(193,'Xeon E3-1200 v2/3rd Gen Core processor Graphics Controller',0,NULL,101,50,13,0,NULL,'2023-05-09 18:02:43','2023-05-09 16:24:15'),(194,'UHD Graphics 630',0,NULL,101,133,0,0,NULL,'2023-05-09 17:34:56','2023-05-09 17:34:56'),(195,'Atom/Celeron/Pentium Processor x5-E8000/J3xxx/N3xxx Series SATA Controller',0,NULL,101,39,10,0,NULL,'2023-05-09 17:59:47','2023-05-09 17:46:27'),(196,'Atom/Celeron/Pentium Processor x5-E8000/J3xxx/N3xxx Series USB xHCI Controller',0,NULL,101,30,10,0,NULL,'2023-05-09 17:59:47','2023-05-09 17:46:27'),(197,'Atom/Celeron/Pentium Processor x5-E8000/J3xxx/N3xxx SMBus Controller',0,NULL,101,134,10,0,NULL,'2023-05-09 17:59:47','2023-05-09 17:46:27'),(198,'Atom/Celeron/Pentium Processor x5-E8000/J3xxx/N3xxx Integrated Graphics Controller',0,NULL,101,50,10,0,NULL,'2023-05-09 17:59:47','2023-05-09 17:46:27'),(199,'Atom/Celeron/Pentium Processor x5-E8000/J3xxx/N3xxx Series PCI Express Port #4',0,NULL,101,47,10,0,NULL,'2023-05-09 17:59:47','2023-05-09 17:46:27'),(200,'Atom/Celeron/Pentium Processor x5-E8000/J3xxx/N3xxx Series Power Management Controller',0,NULL,101,31,10,0,NULL,'2023-05-09 17:59:47','2023-05-09 17:46:27'),(201,'Atom/Celeron/Pentium Processor x5-E8000/J3xxx/N3xxx Series SoC Transaction Register',0,NULL,101,11,10,0,NULL,'2023-05-09 17:59:47','2023-05-09 17:46:27'),(202,'RTL8723BE PCIe Wireless Network Adapter',0,NULL,6,135,10,0,NULL,'2023-05-09 17:59:47','2023-05-09 17:46:27'),(203,'Atom/Celeron/Pentium Processor x5-E8000/J3xxx/N3xxx Series PCU',0,NULL,101,16,10,0,NULL,'2023-05-09 17:59:47','2023-05-09 17:46:27'),(204,'Atom/Celeron/Pentium Processor x5-E8000/J3xxx/N3xxx Series Trusted Execution Engine',0,NULL,101,136,10,0,NULL,'2023-05-09 17:59:47','2023-05-09 17:46:27'),(205,'Atom/Celeron/Pentium Processor x5-E8000/J3xxx/N3xxx Series PCI Express Port #3',0,NULL,101,47,10,0,NULL,'2023-05-09 17:59:47','2023-05-09 17:46:27'),(206,'Atom/Celeron/Pentium Processor x5-E8000/J3xxx/N3xxx Series High Definition Audio Controller',0,NULL,101,15,10,0,NULL,'2023-05-09 17:59:47','2023-05-09 17:46:27'),(207,'Atom/Celeron/Pentium Processor x5-E8000/J3xxx/N3xxx Series PCI Express Port #1',0,NULL,101,47,10,0,NULL,'2023-05-09 17:59:47','2023-05-09 17:46:27'),(208,'6 Series/C200 Series Chipset Family Desktop SATA Controller (IDE mode, ports 0-3)',0,NULL,101,43,9,0,NULL,'2023-05-03 16:30:08','2023-05-03 16:24:19'),(209,'6 Series/C200 Series Chipset Family Desktop SATA Controller (IDE mode, ports 4-5)',0,NULL,101,43,9,0,NULL,'2023-05-03 16:30:08','2023-05-03 16:24:19'),(210,'6 Series/C200 Series Chipset Family USB Enhanced Host Controller #2',0,NULL,101,44,9,0,NULL,'2023-05-03 16:30:08','2023-05-03 16:24:19'),(211,'6 Series/C200 Series Chipset Family USB Enhanced Host Controller #1',0,NULL,101,45,9,0,NULL,'2023-05-03 16:30:08','2023-05-03 16:24:19'),(212,'6 Series/C200 Series Chipset Family High Definition Audio Controller',0,NULL,101,15,9,0,NULL,'2023-05-03 16:30:08','2023-05-03 16:24:19'),(213,'H61 Express Chipset LPC Controller',0,NULL,101,46,9,0,NULL,'2023-05-03 16:30:08','2023-05-03 16:24:19'),(214,'6 Series/C200 Series Chipset Family PCI Express Root Port 1',0,NULL,101,47,9,0,NULL,'2023-05-03 16:30:08','2023-05-03 16:24:19'),(215,'6 Series/C200 Series Chipset Family SMBus Controller',0,NULL,101,38,9,0,NULL,'2023-05-03 16:30:08','2023-05-03 16:24:19'),(216,'6 Series/C200 Series Chipset Family PCI Express Root Port 2',0,NULL,101,47,9,0,NULL,'2023-05-03 16:30:08','2023-05-03 16:24:19'),(217,'AR8152 v2.0 Fast Ethernet',0,NULL,232,48,9,0,NULL,'2023-05-03 16:30:08','2023-05-03 16:24:19'),(218,'6 Series/C200 Series Chipset Family MEI Controller #1',0,NULL,101,49,9,0,NULL,'2023-05-03 16:30:08','2023-05-03 16:24:19'),(219,'8 Series/C220 Series Chipset Family 6-port SATA Controller 1 [AHCI mode]',0,NULL,101,52,9,0,NULL,'2023-05-03 16:37:25','2023-05-03 16:37:25'),(220,'8 Series/C220 Series Chipset Family USB EHCI #2',0,NULL,101,53,9,0,NULL,'2023-05-03 16:37:25','2023-05-03 16:37:25'),(221,'8 Series/C220 Series Chipset Family USB EHCI #1',0,NULL,101,54,9,0,NULL,'2023-05-03 16:37:25','2023-05-03 16:37:25'),(222,'8 Series/C220 Series Chipset Family USB xHCI',0,NULL,101,30,9,0,NULL,'2023-05-03 16:37:25','2023-05-03 16:37:25'),(223,'8 Series/C220 Series Chipset Family PCI Express Root Port #3',0,NULL,101,57,9,0,NULL,'2023-05-03 16:37:25','2023-05-03 16:37:25'),(224,'8 Series/C220 Series Chipset High Definition Audio Controller',0,NULL,101,15,9,0,NULL,'2023-05-03 16:37:25','2023-05-03 16:37:25'),(225,'Xeon E3-1200 v3/4th Gen Core Processor HD Audio Controller',0,NULL,101,15,9,0,NULL,'2023-05-03 16:37:25','2023-05-03 16:37:25'),(226,'8 Series/C220 Series Chipset Family MEI Controller #1',0,NULL,101,49,9,0,NULL,'2023-05-03 16:37:25','2023-05-03 16:37:25'),(227,'8 Series/C220 Series Chipset Family PCI Express Root Port #1',0,NULL,101,64,9,0,NULL,'2023-05-03 16:37:25','2023-05-03 16:37:25'),(228,'8 Series/C220 Series Chipset Family PCI Express Root Port #5',0,NULL,101,66,9,0,NULL,'2023-05-03 16:37:25','2023-05-03 16:37:25'),(229,'8 Series/C220 Series Chipset Family SMBus Controller',0,NULL,101,67,9,0,NULL,'2023-05-03 16:37:25','2023-05-03 16:37:25'),(230,'QCA9377 802.11ac Wireless Network Adapter',0,NULL,232,41,9,0,NULL,'2023-03-17 17:25:23','2023-03-17 17:25:23'),(231,'RTL8111/8168/8411 PCI Express Gigabit Ethernet Controller',0,NULL,6,23,9,0,NULL,'2022-12-22 22:07:37','2022-12-22 22:07:37'),(232,'82801 Mobile SATA Controller [RAID mode]',0,NULL,101,29,9,0,NULL,'2023-03-08 15:39:14','2023-03-08 15:39:14'),(233,'200 Series PCH SATA controller [AHCI mode]',0,NULL,101,39,9,0,NULL,'2023-05-03 17:17:50','2023-05-03 17:17:50'),(234,'200 Series/Z370 Chipset Family USB 3.0 xHCI Controller',0,NULL,101,30,9,0,NULL,'2023-05-03 17:17:50','2023-05-03 17:17:50'),(235,'8th Gen Core 4-core Desktop Processor Host Bridge/DRAM Registers [Coffee Lake S]',0,NULL,101,11,9,0,NULL,'2023-05-03 17:17:50','2023-05-03 17:17:50'),(236,'200 Series PCH HD Audio',0,NULL,101,15,9,0,NULL,'2023-05-03 17:17:50','2023-05-03 17:17:50'),(237,'200 Series PCH CSME HECI #1',0,NULL,101,49,9,0,NULL,'2023-05-03 17:17:50','2023-05-03 17:17:50'),(238,'Intel(R) 300 Series Chipset Family LPC Controller (H310) - A2CA',0,NULL,101,87,9,0,NULL,'2023-05-03 17:17:50','2023-05-03 17:17:50'),(239,'6th-10th Gen Core Processor PCIe Controller (x16)',0,NULL,101,47,9,0,NULL,'2023-05-03 17:17:50','2023-05-03 17:17:50'),(240,'200 Series/Z370 Chipset Family Power Management Controller',0,NULL,101,88,9,0,NULL,'2023-05-03 17:17:50','2023-05-03 17:17:50'),(241,'200 Series PCH PCI Express Root Port #8',0,NULL,101,90,9,0,NULL,'2023-05-03 17:17:50','2023-05-03 17:17:50'),(242,'200 Series PCH PCI Express Root Port #5',0,NULL,101,91,9,0,NULL,'2023-05-03 17:17:50','2023-05-03 17:17:50'),(243,'Xeon E3-1200 v5/v6 / E3-1500 v5 / 6th/7th/8th Gen Core Processor Gaussian Mixture Model',0,NULL,101,92,9,0,NULL,'2023-05-03 17:17:50','2023-05-03 17:17:50'),(244,'200 Series/Z370 Chipset Family SMBus Controller',0,NULL,101,93,9,0,NULL,'2023-05-03 17:17:50','2023-05-03 17:17:50'),(245,'200 Series PCH PCI Express Root Port #11',0,NULL,101,94,9,0,NULL,'2023-05-03 17:17:50','2023-05-03 17:17:50'),(246,'VL805 USB 3.0 Host Controller',0,NULL,305,109,9,0,NULL,'2023-05-03 17:45:11','2023-05-03 17:45:11'),(247,'Xeon E3-1200 v6/7th Gen Core Processor Host Bridge/DRAM Registers',0,NULL,101,11,9,0,NULL,'2023-05-03 17:45:11','2023-05-03 17:45:11'),(248,'RTL8111/8168/8411 PCI Express Gigabit Ethernet Controller',0,NULL,6,23,10,0,NULL,'2022-12-22 22:07:37','2022-12-22 22:07:37'),(249,'200 Series PCH SATA controller [AHCI mode]',0,NULL,101,39,10,0,NULL,'2023-05-03 17:17:50','2023-05-03 17:17:50'),(250,'200 Series/Z370 Chipset Family USB 3.0 xHCI Controller',0,NULL,101,30,10,0,NULL,'2023-05-03 17:17:50','2023-05-03 17:17:50'),(251,'VL805 USB 3.0 Host Controller',0,NULL,305,109,10,0,NULL,'2023-05-03 17:45:11','2023-05-03 17:45:11'),(252,'200 Series PCH PCI Express Root Port #5',0,NULL,101,91,10,0,NULL,'2023-05-03 17:17:50','2023-05-03 17:17:50'),(253,'200 Series/Z370 Chipset Family SMBus Controller',0,NULL,101,93,10,0,NULL,'2023-05-03 17:17:50','2023-05-03 17:17:50'),(254,'200 Series PCH PCI Express Root Port #11',0,NULL,101,94,10,0,NULL,'2023-05-03 17:17:50','2023-05-03 17:17:50'),(255,'UHD Graphics 630',0,NULL,101,133,10,0,NULL,'2023-05-09 17:34:56','2023-05-09 17:34:56'),(256,'200 Series PCH CSME HECI #1',0,NULL,101,49,10,0,NULL,'2023-05-03 17:17:50','2023-05-03 17:17:50'),(257,'8th Gen Core 4-core Desktop Processor Host Bridge/DRAM Registers [Coffee Lake S]',0,NULL,101,11,10,0,NULL,'2023-05-03 17:17:50','2023-05-03 17:17:50'),(258,'200 Series PCH HD Audio',0,NULL,101,15,10,0,NULL,'2023-05-03 17:17:50','2023-05-03 17:17:50'),(259,'Intel(R) 300 Series Chipset Family LPC Controller (H310) - A2CA',0,NULL,101,87,10,0,NULL,'2023-05-03 17:17:50','2023-05-03 17:17:50'),(260,'200 Series/Z370 Chipset Family Power Management Controller',0,NULL,101,88,10,0,NULL,'2023-05-03 17:17:50','2023-05-03 17:17:50'),(261,'200 Series PCH PCI Express Root Port #8',0,NULL,101,90,10,0,NULL,'2023-05-03 17:17:50','2023-05-03 17:17:50'),(262,'Q170/Q150/B150/H170/H110/Z170/CM236 Chipset SATA Controller [AHCI Mode]',0,NULL,101,39,12,0,NULL,'2023-05-08 14:55:59','2023-05-08 14:55:59'),(263,'100 Series/C230 Series Chipset Family USB 3.0 xHCI Controller',0,NULL,101,120,12,0,NULL,'2023-05-08 14:55:59','2023-05-08 14:55:59'),(264,'HD Graphics 510',0,NULL,101,121,12,0,NULL,'2023-05-08 14:55:59','2023-05-08 14:55:59'),(265,'ASM1083/1085 PCIe to PCI Bridge',0,NULL,229,47,12,0,NULL,'2023-05-08 14:55:59','2023-05-08 14:55:59'),(266,'RTL8111/8168/8411 PCI Express Gigabit Ethernet Controller',0,NULL,6,23,12,0,NULL,'2022-12-22 22:07:37','2022-12-22 22:07:37'),(267,'100 Series/C230 Series Chipset Family Power Management Controller',0,NULL,101,122,12,0,NULL,'2023-05-08 14:55:59','2023-05-08 14:55:59'),(268,'100 Series/C230 Series Chipset Family PCI Express Root Port #5',0,NULL,101,123,12,0,NULL,'2023-05-08 14:55:59','2023-05-08 14:55:59'),(269,'H110 Chipset LPC/eSPI Controller',0,NULL,101,124,12,0,NULL,'2023-05-08 14:55:59','2023-05-08 14:55:59'),(270,'100 Series/C230 Series Chipset Family PCI Express Root Port #10',0,NULL,101,125,12,0,NULL,'2023-05-08 14:55:59','2023-05-08 14:55:59'),(271,'100 Series/C230 Series Chipset Family SMBus',0,NULL,101,126,12,0,NULL,'2023-05-08 14:55:59','2023-05-08 14:55:59'),(272,'100 Series/C230 Series Chipset Family MEI Controller #1',0,NULL,101,32,12,0,NULL,'2023-05-08 14:55:59','2023-05-08 14:55:59'),(273,'100 Series/C230 Series Chipset Family PCI Express Root Port #9',0,NULL,101,127,12,0,NULL,'2023-05-08 14:55:59','2023-05-08 14:55:59'),(274,'Xeon E3-1200 v5/E3-1500 v5/6th Gen Core Processor Host Bridge/DRAM Registers',0,NULL,101,11,12,0,NULL,'2023-03-08 15:39:14','2023-03-08 15:39:14'),(275,'100 Series/C230 Series Chipset Family HD Audio Controller',0,NULL,101,15,12,0,NULL,'2023-05-08 14:55:59','2023-05-08 14:55:59'),(276,'100 Series/C230 Series Chipset Family PCI Express Root Port #7',0,NULL,101,47,12,0,NULL,'2023-05-09 14:48:58','2023-05-09 14:48:58'),(277,'100 Series/C230 Series Chipset Family PCI Express Root Port #6',0,NULL,101,47,12,0,NULL,'2023-05-09 14:48:58','2023-05-09 14:48:58'),(278,'100 Series/C230 Series Chipset Family PCI Express Root Port #8',0,NULL,101,47,12,0,NULL,'2023-05-09 14:48:58','2023-05-09 14:48:58'),(279,'VL805 USB 3.0 Host Controller',0,NULL,305,109,14,0,NULL,'2023-05-03 17:45:11','2023-05-03 17:45:11'),(280,'RTL8111/8168/8411 PCI Express Gigabit Ethernet Controller',0,NULL,6,23,14,0,NULL,'2022-12-22 22:07:37','2022-12-22 22:07:37'),(281,'Q170/Q150/B150/H170/H110/Z170/CM236 Chipset SATA Controller [AHCI Mode]',0,NULL,101,39,13,0,NULL,'2023-05-08 14:55:59','2023-05-08 14:55:59'),(282,'100 Series/C230 Series Chipset Family USB 3.0 xHCI Controller',0,NULL,101,120,13,0,NULL,'2023-05-08 14:55:59','2023-05-08 14:55:59'),(283,'RTL8111/8168/8411 PCI Express Gigabit Ethernet Controller',0,NULL,6,23,13,0,NULL,'2022-12-22 22:07:37','2022-12-22 22:07:37'),(284,'100 Series/C230 Series Chipset Family Power Management Controller',0,NULL,101,122,13,0,NULL,'2023-05-08 14:55:59','2023-05-08 14:55:59'),(285,'100 Series/C230 Series Chipset Family PCI Express Root Port #5',0,NULL,101,123,13,0,NULL,'2023-05-08 14:55:59','2023-05-08 14:55:59'),(286,'H110 Chipset LPC/eSPI Controller',0,NULL,101,124,13,0,NULL,'2023-05-08 14:55:59','2023-05-08 14:55:59'),(287,'100 Series/C230 Series Chipset Family SMBus',0,NULL,101,126,13,0,NULL,'2023-05-08 14:55:59','2023-05-08 14:55:59'),(288,'100 Series/C230 Series Chipset Family MEI Controller #1',0,NULL,101,32,13,0,NULL,'2023-05-08 14:55:59','2023-05-08 14:55:59'),(289,'100 Series/C230 Series Chipset Family HD Audio Controller',0,NULL,101,15,13,0,NULL,'2023-05-08 14:55:59','2023-05-08 14:55:59'),(290,'HD Graphics 510',0,NULL,101,121,13,0,NULL,'2023-05-08 14:55:59','2023-05-08 14:55:59'),(291,'100 Series/C230 Series Chipset Family PCI Express Root Port #10',0,NULL,101,125,13,0,NULL,'2023-05-08 14:55:59','2023-05-08 14:55:59'),(292,'100 Series/C230 Series Chipset Family PCI Express Root Port #9',0,NULL,101,127,13,0,NULL,'2023-05-08 14:55:59','2023-05-08 14:55:59'),(293,'Xeon E3-1200 v5/E3-1500 v5/6th Gen Core Processor Host Bridge/DRAM Registers',0,NULL,101,11,13,0,NULL,'2023-03-08 15:39:14','2023-03-08 15:39:14'),(294,'Atom/Celeron/Pentium Processor x5-E8000/J3xxx/N3xxx Series SATA Controller',0,NULL,101,39,16,0,NULL,'2023-05-09 17:59:47','2023-05-09 17:46:27'),(295,'Atom/Celeron/Pentium Processor x5-E8000/J3xxx/N3xxx Series USB xHCI Controller',0,NULL,101,30,16,0,NULL,'2023-05-09 17:59:47','2023-05-09 17:46:27'),(296,'Atom/Celeron/Pentium Processor x5-E8000/J3xxx/N3xxx SMBus Controller',0,NULL,101,134,16,0,NULL,'2023-05-09 17:59:47','2023-05-09 17:46:27'),(297,'Atom/Celeron/Pentium Processor x5-E8000/J3xxx/N3xxx Integrated Graphics Controller',0,NULL,101,50,16,0,NULL,'2023-05-09 17:59:47','2023-05-09 17:46:27'),(298,'Atom/Celeron/Pentium Processor x5-E8000/J3xxx/N3xxx Series PCI Express Port #4',0,NULL,101,47,16,0,NULL,'2023-05-09 17:59:47','2023-05-09 17:46:27'),(299,'Atom/Celeron/Pentium Processor x5-E8000/J3xxx/N3xxx Series Power Management Controller',0,NULL,101,31,16,0,NULL,'2023-05-09 17:59:47','2023-05-09 17:46:27'),(300,'Atom/Celeron/Pentium Processor x5-E8000/J3xxx/N3xxx Series SoC Transaction Register',0,NULL,101,11,16,0,NULL,'2023-05-09 17:59:47','2023-05-09 17:46:27'),(301,'RTL8723BE PCIe Wireless Network Adapter',0,NULL,6,135,16,0,NULL,'2023-05-09 17:59:47','2023-05-09 17:46:27'),(302,'Atom/Celeron/Pentium Processor x5-E8000/J3xxx/N3xxx Series PCU',0,NULL,101,16,16,0,NULL,'2023-05-09 17:59:47','2023-05-09 17:46:27'),(303,'Atom/Celeron/Pentium Processor x5-E8000/J3xxx/N3xxx Series Trusted Execution Engine',0,NULL,101,136,16,0,NULL,'2023-05-09 17:59:47','2023-05-09 17:46:27'),(304,'Atom/Celeron/Pentium Processor x5-E8000/J3xxx/N3xxx Series PCI Express Port #3',0,NULL,101,47,16,0,NULL,'2023-05-09 17:59:47','2023-05-09 17:46:27'),(305,'Atom/Celeron/Pentium Processor x5-E8000/J3xxx/N3xxx Series High Definition Audio Controller',0,NULL,101,15,16,0,NULL,'2023-05-09 17:59:47','2023-05-09 17:46:27'),(306,'Atom/Celeron/Pentium Processor x5-E8000/J3xxx/N3xxx Series PCI Express Port #1',0,NULL,101,47,16,0,NULL,'2023-05-09 17:59:47','2023-05-09 17:46:27'),(307,'RTL8111/8168/8411 PCI Express Gigabit Ethernet Controller',0,NULL,6,23,16,0,NULL,'2022-12-22 22:07:37','2022-12-22 22:07:37'),(308,'FCH SATA Controller [AHCI mode]',0,NULL,5,39,16,0,NULL,'2023-03-17 17:25:23','2023-03-17 17:25:23'),(309,'BC511',0,NULL,100,9,16,0,NULL,'2023-03-17 17:25:23','2023-03-17 17:25:23'),(310,'Raven USB 3.1',0,NULL,5,10,16,0,NULL,'2022-12-22 21:42:44','2022-12-22 21:42:44'),(311,'Raven/Raven2 Device 24: Function 6',0,NULL,5,11,16,0,NULL,'2022-12-22 21:42:44','2022-12-22 21:42:44'),(312,'Raven/Raven2 Device 24: Function 3',0,NULL,5,11,16,0,NULL,'2022-12-22 21:42:44','2022-12-22 21:42:44'),(313,'Raven/Raven2 PCIe GPP Bridge [6:0]',0,NULL,5,13,16,0,NULL,'2022-12-22 21:42:44','2022-12-22 21:42:44'),(314,'RTL810xE PCI Express Fast Ethernet controller',0,NULL,6,40,16,0,NULL,'2023-03-17 17:25:23','2023-03-17 17:25:23'),(315,'Picasso',0,NULL,7,18,16,0,NULL,'2022-12-22 21:42:44','2022-12-22 21:42:44'),(316,'Family 17h (Models 10h-1fh) Platform Security Processor',0,NULL,5,19,16,0,NULL,'2022-12-22 21:42:44','2022-12-22 21:42:44'),(317,'Raven/Raven2 Internal PCIe GPP Bridge 0 to Bus B',0,NULL,5,13,16,0,NULL,'2023-03-17 17:25:23','2023-03-17 17:25:23'),(318,'Raven/Raven2 Root Complex',0,NULL,5,11,16,0,NULL,'2022-12-22 21:42:44','2022-12-22 21:42:44'),(319,'QCA9377 802.11ac Wireless Network Adapter',0,NULL,232,41,16,0,NULL,'2023-03-17 17:25:23','2023-03-17 17:25:23'),(320,'Family 17h (Models 10h-1fh) HD Audio Controller',0,NULL,5,15,16,0,NULL,'2022-12-22 21:42:44','2022-12-22 21:42:44'),(321,'Raven/Raven2 Device 24: Function 5',0,NULL,5,11,16,0,NULL,'2022-12-22 21:42:44','2022-12-22 21:42:44'),(322,'Raven/Raven2 Device 24: Function 1',0,NULL,5,11,16,0,NULL,'2022-12-22 21:42:44','2022-12-22 21:42:44'),(323,'Raven/Raven2 Device 24: Function 2',0,NULL,5,11,16,0,NULL,'2022-12-22 21:42:44','2022-12-22 21:42:44'),(324,'FCH LPC Bridge',0,NULL,5,16,16,0,NULL,'2022-12-22 21:42:44','2022-12-22 21:42:44'),(325,'Raven/Raven2 Internal PCIe GPP Bridge 0 to Bus A',0,NULL,5,13,16,0,NULL,'2022-12-22 21:42:44','2022-12-22 21:42:44'),(326,'Raven/Raven2 Device 24: Function 7',0,NULL,5,11,16,0,NULL,'2022-12-22 21:42:44','2022-12-22 21:42:44'),(327,'FCH SMBus Controller',0,NULL,5,17,16,0,NULL,'2022-12-22 21:42:44','2022-12-22 21:42:44'),(328,'Raven/Raven2/FireFlight/Renoir Audio Processor',0,NULL,5,14,16,0,NULL,'2022-12-22 21:42:44','2022-12-22 21:42:44'),(329,'Family 17h (Models 00h-1fh) PCIe Dummy Host Bridge',0,NULL,5,11,16,0,NULL,'2022-12-22 21:42:44','2022-12-22 21:42:44'),(330,'Raven/Raven2 Device 24: Function 4',0,NULL,5,11,16,0,NULL,'2022-12-22 21:42:44','2022-12-22 21:42:44'),(331,'Raven/Raven2 Device 24: Function 0',0,NULL,5,11,16,0,NULL,'2022-12-22 21:42:44','2022-12-22 21:42:44'),(332,'Raven/Raven2/Fenghuang HDMI/DP Audio Controller',0,NULL,7,15,16,0,NULL,'2022-12-22 21:42:44','2022-12-22 21:42:44'),(333,'FCH SATA Controller [AHCI mode]',0,NULL,5,39,17,0,NULL,'2023-03-17 17:25:23','2023-03-17 17:25:23'),(334,'BC511',0,NULL,100,9,17,0,NULL,'2023-03-17 17:25:23','2023-03-17 17:25:23'),(335,'Raven USB 3.1',0,NULL,5,10,17,0,NULL,'2022-12-22 21:42:44','2022-12-22 21:42:44'),(336,'Raven/Raven2 Device 24: Function 6',0,NULL,5,11,17,0,NULL,'2022-12-22 21:42:44','2022-12-22 21:42:44'),(337,'Raven/Raven2 Device 24: Function 3',0,NULL,5,11,17,0,NULL,'2022-12-22 21:42:44','2022-12-22 21:42:44'),(338,'Raven/Raven2 PCIe GPP Bridge [6:0]',0,NULL,5,13,17,0,NULL,'2022-12-22 21:42:44','2022-12-22 21:42:44'),(339,'RTL810xE PCI Express Fast Ethernet controller',0,NULL,6,40,17,0,NULL,'2023-03-17 17:25:23','2023-03-17 17:25:23'),(340,'Picasso',0,NULL,7,18,17,0,NULL,'2022-12-22 21:42:44','2022-12-22 21:42:44'),(341,'Family 17h (Models 10h-1fh) Platform Security Processor',0,NULL,5,19,17,0,NULL,'2022-12-22 21:42:44','2022-12-22 21:42:44'),(342,'Raven/Raven2 Internal PCIe GPP Bridge 0 to Bus B',0,NULL,5,13,17,0,NULL,'2023-03-17 17:25:23','2023-03-17 17:25:23'),(343,'Raven/Raven2 Root Complex',0,NULL,5,11,17,0,NULL,'2022-12-22 21:42:44','2022-12-22 21:42:44'),(344,'QCA9377 802.11ac Wireless Network Adapter',0,NULL,232,41,17,0,NULL,'2023-03-17 17:25:23','2023-03-17 17:25:23'),(345,'Family 17h (Models 10h-1fh) HD Audio Controller',0,NULL,5,15,17,0,NULL,'2022-12-22 21:42:44','2022-12-22 21:42:44'),(346,'Raven/Raven2 Device 24: Function 5',0,NULL,5,11,17,0,NULL,'2022-12-22 21:42:44','2022-12-22 21:42:44'),(347,'Raven/Raven2 Device 24: Function 1',0,NULL,5,11,17,0,NULL,'2022-12-22 21:42:44','2022-12-22 21:42:44'),(348,'Raven/Raven2 Device 24: Function 2',0,NULL,5,11,17,0,NULL,'2022-12-22 21:42:44','2022-12-22 21:42:44'),(349,'FCH LPC Bridge',0,NULL,5,16,17,0,NULL,'2022-12-22 21:42:44','2022-12-22 21:42:44'),(350,'Raven/Raven2 Internal PCIe GPP Bridge 0 to Bus A',0,NULL,5,13,17,0,NULL,'2022-12-22 21:42:44','2022-12-22 21:42:44'),(351,'Raven/Raven2 Device 24: Function 7',0,NULL,5,11,17,0,NULL,'2022-12-22 21:42:44','2022-12-22 21:42:44'),(352,'FCH SMBus Controller',0,NULL,5,17,17,0,NULL,'2022-12-22 21:42:44','2022-12-22 21:42:44'),(353,'Raven/Raven2/FireFlight/Renoir Audio Processor',0,NULL,5,14,17,0,NULL,'2022-12-22 21:42:44','2022-12-22 21:42:44'),(354,'Family 17h (Models 00h-1fh) PCIe Dummy Host Bridge',0,NULL,5,11,17,0,NULL,'2022-12-22 21:42:44','2022-12-22 21:42:44'),(355,'Raven/Raven2 Device 24: Function 4',0,NULL,5,11,17,0,NULL,'2022-12-22 21:42:44','2022-12-22 21:42:44'),(356,'Raven/Raven2 Device 24: Function 0',0,NULL,5,11,17,0,NULL,'2022-12-22 21:42:44','2022-12-22 21:42:44'),(357,'Raven/Raven2/Fenghuang HDMI/DP Audio Controller',0,NULL,7,15,17,0,NULL,'2022-12-22 21:42:44','2022-12-22 21:42:44');

--
-- Table structure for table `glpi_devicedrivemodels`
--

CREATE TABLE `glpi_devicedrivemodels` (
  `id` int unsigned NOT NULL AUTO_INCREMENT,
  `name` varchar(255) COLLATE utf8mb4_unicode_ci DEFAULT NULL,
  `comment` text COLLATE utf8mb4_unicode_ci,
  `product_number` varchar(255) COLLATE utf8mb4_unicode_ci DEFAULT NULL,
  PRIMARY KEY (`id`),
  KEY `name` (`name`),
  KEY `product_number` (`product_number`)
) ENGINE=InnoDB DEFAULT CHARSET=utf8mb4 COLLATE=utf8mb4_unicode_ci ROW_FORMAT=DYNAMIC;

--
-- Dumping data for table `glpi_devicedrivemodels`
--


--
-- Table structure for table `glpi_devicedrives`
--

CREATE TABLE `glpi_devicedrives` (
  `id` int unsigned NOT NULL AUTO_INCREMENT,
  `designation` varchar(255) COLLATE utf8mb4_unicode_ci DEFAULT NULL,
  `is_writer` tinyint NOT NULL DEFAULT '1',
  `speed` varchar(255) COLLATE utf8mb4_unicode_ci DEFAULT NULL,
  `comment` text COLLATE utf8mb4_unicode_ci,
  `manufacturers_id` int unsigned NOT NULL DEFAULT '0',
  `interfacetypes_id` int unsigned NOT NULL DEFAULT '0',
  `entities_id` int unsigned NOT NULL DEFAULT '0',
  `is_recursive` tinyint NOT NULL DEFAULT '0',
  `devicedrivemodels_id` int unsigned DEFAULT NULL,
  `date_mod` timestamp NULL DEFAULT NULL,
  `date_creation` timestamp NULL DEFAULT NULL,
  PRIMARY KEY (`id`),
  KEY `designation` (`designation`),
  KEY `manufacturers_id` (`manufacturers_id`),
  KEY `interfacetypes_id` (`interfacetypes_id`),
  KEY `entities_id` (`entities_id`),
  KEY `is_recursive` (`is_recursive`),
  KEY `date_mod` (`date_mod`),
  KEY `date_creation` (`date_creation`),
  KEY `devicedrivemodels_id` (`devicedrivemodels_id`)
) ENGINE=InnoDB AUTO_INCREMENT=2 DEFAULT CHARSET=utf8mb4 COLLATE=utf8mb4_unicode_ci ROW_FORMAT=DYNAMIC;

--
-- Dumping data for table `glpi_devicedrives`
--

INSERT INTO `glpi_devicedrives` VALUES (1,'CD-ROM Drive',1,NULL,NULL,270,69,9,0,NULL,'2023-05-09 17:58:47','2023-05-03 16:37:25');

--
-- Table structure for table `glpi_devicefirmwaremodels`
--

CREATE TABLE `glpi_devicefirmwaremodels` (
  `id` int unsigned NOT NULL AUTO_INCREMENT,
  `name` varchar(255) COLLATE utf8mb4_unicode_ci DEFAULT NULL,
  `comment` text COLLATE utf8mb4_unicode_ci,
  `product_number` varchar(255) COLLATE utf8mb4_unicode_ci DEFAULT NULL,
  PRIMARY KEY (`id`),
  KEY `name` (`name`),
  KEY `product_number` (`product_number`)
) ENGINE=InnoDB DEFAULT CHARSET=utf8mb4 COLLATE=utf8mb4_unicode_ci ROW_FORMAT=DYNAMIC;

--
-- Dumping data for table `glpi_devicefirmwaremodels`
--


--
-- Table structure for table `glpi_devicefirmwares`
--

CREATE TABLE `glpi_devicefirmwares` (
  `id` int unsigned NOT NULL AUTO_INCREMENT,
  `designation` varchar(255) COLLATE utf8mb4_unicode_ci DEFAULT NULL,
  `comment` text COLLATE utf8mb4_unicode_ci,
  `manufacturers_id` int unsigned NOT NULL DEFAULT '0',
  `date` date DEFAULT NULL,
  `version` varchar(255) COLLATE utf8mb4_unicode_ci DEFAULT NULL,
  `devicefirmwaretypes_id` int unsigned NOT NULL DEFAULT '0',
  `entities_id` int unsigned NOT NULL DEFAULT '0',
  `is_recursive` tinyint NOT NULL DEFAULT '0',
  `devicefirmwaremodels_id` int unsigned DEFAULT NULL,
  `date_mod` timestamp NULL DEFAULT NULL,
  `date_creation` timestamp NULL DEFAULT NULL,
  PRIMARY KEY (`id`),
  KEY `designation` (`designation`),
  KEY `manufacturers_id` (`manufacturers_id`),
  KEY `entities_id` (`entities_id`),
  KEY `is_recursive` (`is_recursive`),
  KEY `date_mod` (`date_mod`),
  KEY `date_creation` (`date_creation`),
  KEY `devicefirmwaremodels_id` (`devicefirmwaremodels_id`),
  KEY `devicefirmwaretypes_id` (`devicefirmwaretypes_id`)
) ENGINE=InnoDB AUTO_INCREMENT=28 DEFAULT CHARSET=utf8mb4 COLLATE=utf8mb4_unicode_ci ROW_FORMAT=DYNAMIC;

--
-- Dumping data for table `glpi_devicefirmwares`
--

INSERT INTO `glpi_devicefirmwares` VALUES (1,'HUAWEI BIOS',NULL,3,'2020-03-11','1.06',1,0,0,NULL,'2022-12-22 21:42:44','2022-12-22 21:42:44'),(2,'LENOVO BIOS',NULL,99,'2022-07-28','R12ET61W(1.31 )',1,0,0,NULL,'2022-12-22 22:07:37','2022-12-22 22:07:37'),(3,'OPPO BIOS',NULL,171,NULL,NULL,1,0,0,NULL,'2022-12-22 22:38:05','2022-12-22 22:38:05'),(4,'HUAWEI BIOS',NULL,3,'2022-12-21','2.11',1,0,0,NULL,'2023-02-24 15:41:54','2023-02-24 15:41:54'),(5,'Dell Inc. BIOS',NULL,216,'2021-06-07','1.26.3',1,0,0,NULL,'2023-03-08 15:39:14','2023-03-08 15:39:14'),(6,'Dell Inc. BIOS',NULL,216,'2022-03-14','1.6.0',1,0,0,NULL,'2023-03-17 17:25:23','2023-03-17 17:25:23'),(7,'LENOVO BIOS',NULL,99,'2022-04-29','GLCN46WW',1,0,0,NULL,'2023-04-26 15:43:19','2023-04-26 15:43:19'),(8,'American Megatrends Inc. BIOS',NULL,251,'2012-04-19','4.6.5',1,13,0,NULL,'2023-05-09 18:02:43','2023-05-03 16:24:19'),(9,'Dell Inc. BIOS',NULL,216,'2019-06-13','A27',1,9,0,NULL,'2023-05-09 17:58:47','2023-05-03 16:37:25'),(10,'Insyde Corp. BIOS',NULL,272,'2016-02-16','V1.37',1,9,0,NULL,'2023-05-09 17:58:47','2023-05-03 16:51:35'),(11,'American Megatrends Inc. BIOS',NULL,251,'2018-09-20','F10',1,9,0,NULL,'2023-05-09 17:58:47','2023-05-03 17:17:50'),(12,'HUAWEI BIOS',NULL,3,'2022-12-06','1.17',1,9,0,NULL,'2023-05-09 17:58:47','2023-05-03 17:36:46'),(13,'American Megatrends Inc. BIOS',NULL,251,'2017-06-16','0808',1,9,0,NULL,'2023-05-09 17:58:47','2023-05-03 17:45:11'),(14,'Dell Inc. BIOS',NULL,216,'2015-07-06','A06',1,9,0,NULL,'2023-05-09 17:58:47','2023-05-03 18:01:46'),(15,'American Megatrends Inc. BIOS',NULL,251,'2015-08-28','0401',1,13,0,NULL,'2023-05-09 18:03:25','2023-05-08 14:55:59'),(16,'American Megatrends Inc. BIOS',NULL,251,'2016-01-18','0705',1,12,0,NULL,'2023-05-09 18:00:51','2023-05-09 14:29:24'),(17,'American Megatrends Inc. BIOS',NULL,251,'2017-11-07','F22',1,0,0,NULL,'2023-05-09 14:48:58','2023-05-09 14:48:58'),(18,'American Megatrends Inc. BIOS',NULL,251,'2013-10-31','FB',1,14,0,NULL,'2023-05-09 18:01:17','2023-05-09 15:14:13'),(19,'American Megatrends Inc. BIOS',NULL,251,'2016-12-16','1.50',1,13,0,NULL,'2023-05-09 18:02:43','2023-05-09 16:23:29'),(20,'American Megatrends Inc. BIOS',NULL,251,'2019-03-13','0606',1,0,0,NULL,'2023-05-09 17:34:56','2023-05-09 17:34:56'),(21,'Insyde BIOS',NULL,353,'2016-12-13','F.23',1,10,0,NULL,'2023-05-09 17:59:47','2023-05-09 17:46:27'),(22,'American Megatrends Inc. BIOS',NULL,251,'2012-04-19','4.6.5',1,9,0,NULL,'2023-05-03 16:30:08','2023-05-03 16:24:19'),(23,'American Megatrends Inc. BIOS',NULL,251,'2019-03-13','0606',1,10,0,NULL,'2023-05-09 17:34:56','2023-05-09 17:34:56'),(24,'Insyde BIOS',NULL,353,'2016-12-13','F.23',1,16,0,NULL,'2023-05-09 17:59:47','2023-05-09 17:46:27'),(25,'Dell Inc. BIOS',NULL,216,'2022-03-14','1.6.0',1,16,0,NULL,'2023-03-17 17:25:23','2023-03-17 17:25:23'),(26,'Dell Inc. BIOS',NULL,216,'2022-03-14','1.6.0',1,17,0,NULL,'2023-03-17 17:25:23','2023-03-17 17:25:23'),(27,'HUAWEI BIOS',NULL,3,'2022-12-16','1.18',1,0,0,NULL,'2023-08-24 08:07:09','2023-08-24 08:07:09');

--
-- Table structure for table `glpi_devicefirmwaretypes`
--

CREATE TABLE `glpi_devicefirmwaretypes` (
  `id` int unsigned NOT NULL AUTO_INCREMENT,
  `name` varchar(255) COLLATE utf8mb4_unicode_ci DEFAULT NULL,
  `comment` text COLLATE utf8mb4_unicode_ci,
  `date_mod` timestamp NULL DEFAULT NULL,
  `date_creation` timestamp NULL DEFAULT NULL,
  PRIMARY KEY (`id`),
  KEY `name` (`name`),
  KEY `date_mod` (`date_mod`),
  KEY `date_creation` (`date_creation`)
) ENGINE=InnoDB AUTO_INCREMENT=4 DEFAULT CHARSET=utf8mb4 COLLATE=utf8mb4_unicode_ci ROW_FORMAT=DYNAMIC;

--
-- Dumping data for table `glpi_devicefirmwaretypes`
--

INSERT INTO `glpi_devicefirmwaretypes` VALUES (1,'BIOS',NULL,NULL,NULL),(2,'UEFI',NULL,NULL,NULL),(3,'Firmware',NULL,NULL,NULL);

--
-- Table structure for table `glpi_devicegenericmodels`
--

CREATE TABLE `glpi_devicegenericmodels` (
  `id` int unsigned NOT NULL AUTO_INCREMENT,
  `name` varchar(255) COLLATE utf8mb4_unicode_ci DEFAULT NULL,
  `comment` text COLLATE utf8mb4_unicode_ci,
  `product_number` varchar(255) COLLATE utf8mb4_unicode_ci DEFAULT NULL,
  PRIMARY KEY (`id`),
  KEY `name` (`name`),
  KEY `product_number` (`product_number`)
) ENGINE=InnoDB DEFAULT CHARSET=utf8mb4 COLLATE=utf8mb4_unicode_ci ROW_FORMAT=DYNAMIC;

--
-- Dumping data for table `glpi_devicegenericmodels`
--


--
-- Table structure for table `glpi_devicegenerics`
--

CREATE TABLE `glpi_devicegenerics` (
  `id` int unsigned NOT NULL AUTO_INCREMENT,
  `designation` varchar(255) COLLATE utf8mb4_unicode_ci DEFAULT NULL,
  `devicegenerictypes_id` int unsigned NOT NULL DEFAULT '0',
  `comment` text COLLATE utf8mb4_unicode_ci,
  `manufacturers_id` int unsigned NOT NULL DEFAULT '0',
  `entities_id` int unsigned NOT NULL DEFAULT '0',
  `is_recursive` tinyint NOT NULL DEFAULT '0',
  `locations_id` int unsigned NOT NULL DEFAULT '0',
  `states_id` int unsigned NOT NULL DEFAULT '0',
  `devicegenericmodels_id` int unsigned DEFAULT NULL,
  `date_mod` timestamp NULL DEFAULT NULL,
  `date_creation` timestamp NULL DEFAULT NULL,
  PRIMARY KEY (`id`),
  KEY `designation` (`designation`),
  KEY `manufacturers_id` (`manufacturers_id`),
  KEY `devicegenerictypes_id` (`devicegenerictypes_id`),
  KEY `entities_id` (`entities_id`),
  KEY `is_recursive` (`is_recursive`),
  KEY `locations_id` (`locations_id`),
  KEY `states_id` (`states_id`),
  KEY `date_mod` (`date_mod`),
  KEY `date_creation` (`date_creation`),
  KEY `devicegenericmodels_id` (`devicegenericmodels_id`)
) ENGINE=InnoDB DEFAULT CHARSET=utf8mb4 COLLATE=utf8mb4_unicode_ci ROW_FORMAT=DYNAMIC;

--
-- Dumping data for table `glpi_devicegenerics`
--


--
-- Table structure for table `glpi_devicegenerictypes`
--

CREATE TABLE `glpi_devicegenerictypes` (
  `id` int unsigned NOT NULL AUTO_INCREMENT,
  `name` varchar(255) COLLATE utf8mb4_unicode_ci DEFAULT NULL,
  `comment` text COLLATE utf8mb4_unicode_ci,
  PRIMARY KEY (`id`),
  KEY `name` (`name`)
) ENGINE=InnoDB DEFAULT CHARSET=utf8mb4 COLLATE=utf8mb4_unicode_ci ROW_FORMAT=DYNAMIC;

--
-- Dumping data for table `glpi_devicegenerictypes`
--


--
-- Table structure for table `glpi_devicegraphiccardmodels`
--

CREATE TABLE `glpi_devicegraphiccardmodels` (
  `id` int unsigned NOT NULL AUTO_INCREMENT,
  `name` varchar(255) COLLATE utf8mb4_unicode_ci DEFAULT NULL,
  `comment` text COLLATE utf8mb4_unicode_ci,
  `product_number` varchar(255) COLLATE utf8mb4_unicode_ci DEFAULT NULL,
  PRIMARY KEY (`id`),
  KEY `name` (`name`),
  KEY `product_number` (`product_number`)
) ENGINE=InnoDB DEFAULT CHARSET=utf8mb4 COLLATE=utf8mb4_unicode_ci ROW_FORMAT=DYNAMIC;

--
-- Dumping data for table `glpi_devicegraphiccardmodels`
--


--
-- Table structure for table `glpi_devicegraphiccards`
--

CREATE TABLE `glpi_devicegraphiccards` (
  `id` int unsigned NOT NULL AUTO_INCREMENT,
  `designation` varchar(255) COLLATE utf8mb4_unicode_ci DEFAULT NULL,
  `interfacetypes_id` int unsigned NOT NULL DEFAULT '0',
  `comment` text COLLATE utf8mb4_unicode_ci,
  `manufacturers_id` int unsigned NOT NULL DEFAULT '0',
  `memory_default` int NOT NULL DEFAULT '0',
  `entities_id` int unsigned NOT NULL DEFAULT '0',
  `is_recursive` tinyint NOT NULL DEFAULT '0',
  `devicegraphiccardmodels_id` int unsigned DEFAULT NULL,
  `chipset` varchar(255) COLLATE utf8mb4_unicode_ci DEFAULT NULL,
  `date_mod` timestamp NULL DEFAULT NULL,
  `date_creation` timestamp NULL DEFAULT NULL,
  PRIMARY KEY (`id`),
  KEY `designation` (`designation`),
  KEY `manufacturers_id` (`manufacturers_id`),
  KEY `interfacetypes_id` (`interfacetypes_id`),
  KEY `entities_id` (`entities_id`),
  KEY `is_recursive` (`is_recursive`),
  KEY `chipset` (`chipset`),
  KEY `date_mod` (`date_mod`),
  KEY `date_creation` (`date_creation`),
  KEY `devicegraphiccardmodels_id` (`devicegraphiccardmodels_id`)
) ENGINE=InnoDB AUTO_INCREMENT=29 DEFAULT CHARSET=utf8mb4 COLLATE=utf8mb4_unicode_ci ROW_FORMAT=DYNAMIC;

--
-- Dumping data for table `glpi_devicegraphiccards`
--

INSERT INTO `glpi_devicegraphiccards` VALUES (1,'AMD Radeon(TM) Vega 8 Graphics',0,NULL,0,0,0,0,NULL,'AMD Radeon Graphics Processor (0x15D8)','2022-12-22 21:42:44','2022-12-22 21:42:44'),(2,'AMD Radeon(TM) Graphics',0,NULL,0,0,0,0,NULL,'AMD Radeon Graphics Processor (0x164C)','2023-02-24 15:41:54','2023-02-24 15:41:54'),(3,'Virtual Display Device',0,NULL,0,0,0,0,NULL,NULL,'2023-02-24 15:41:54','2023-02-24 15:41:54'),(4,'Intel(R) HD Graphics 520',0,NULL,0,0,0,0,NULL,'Intel(R) HD Graphics Family','2023-03-08 15:39:14','2023-03-08 15:39:14'),(5,'AMD Radeon(TM) Graphics',0,NULL,0,0,0,0,NULL,'AMD Radeon Graphics Processor (0x15D8)','2023-03-17 17:25:23','2023-03-17 17:25:23'),(6,'Intel(R) HD Graphics',0,NULL,0,0,13,0,NULL,'Intel(R) HD Graphics Family','2023-05-09 18:02:43','2023-05-03 16:24:19'),(7,'Intel(R) HD Graphics 4600',0,NULL,0,0,9,0,NULL,'Intel(R) HD Graphics Family','2023-05-09 17:58:47','2023-05-03 16:37:25'),(8,'AMD Radeon HD 8790M',0,NULL,0,0,9,0,NULL,'AMD Radeon Graphics Processor (0x6606)','2023-05-09 17:58:47','2023-05-03 16:37:25'),(9,'Intel(R) HD Graphics 5500',0,NULL,0,0,9,0,NULL,'Intel(R) HD Graphics Family','2023-05-09 17:58:47','2023-05-03 16:51:35'),(10,'AMD Radeon HD 5450',0,NULL,0,0,9,0,NULL,'AMD Radeon Graphics Processor (0x68F9)','2023-05-09 17:58:47','2023-05-03 17:17:50'),(11,'NVIDIA GeForce 210 ',0,NULL,0,0,9,0,NULL,'GeForce 210','2023-05-09 17:58:47','2023-05-03 17:28:35'),(12,'Intel(R) Iris(R) Xe Graphics',0,NULL,0,0,9,0,NULL,'Intel(R) Iris(R) Xe Graphics Family','2023-05-09 17:58:47','2023-05-03 17:36:46'),(13,'NVIDIA GeForce GT 710',0,NULL,0,0,9,0,NULL,'GeForce GT 710','2023-05-09 17:58:47','2023-05-03 17:45:11'),(14,'Intel(R) HD Graphics Family',0,NULL,0,0,9,0,NULL,'Intel(R) HD Graphics Family','2023-05-09 17:58:47','2023-05-03 18:01:46'),(15,'Intel(R) HD Graphics 510',0,NULL,0,0,0,0,NULL,'Intel(R) HD Graphics Family','2023-05-08 14:55:59','2023-05-08 14:55:59'),(16,'Intel(R) HD Graphics 4400',0,NULL,0,0,14,0,NULL,'Intel(R) HD Graphics Family','2023-05-09 18:01:17','2023-05-09 15:14:13'),(17,'Intel(R) HD Graphics 610',0,NULL,0,0,13,0,NULL,'Intel(R) HD Graphics Family','2023-05-09 18:02:43','2023-05-09 16:23:29'),(18,'Intel(R) UHD Graphics 630',0,NULL,0,0,0,0,NULL,'Intel(R) UHD Graphics Family','2023-05-09 17:34:56','2023-05-09 17:34:56'),(19,'Intel(R) HD Graphics',0,NULL,0,0,10,0,NULL,'Intel(R) HD Graphics','2023-05-09 17:59:47','2023-05-09 17:46:27'),(20,'Intel(R) HD Graphics',0,NULL,0,0,9,0,NULL,'Intel(R) HD Graphics Family','2023-05-03 16:30:08','2023-05-03 16:24:19'),(21,'Virtual Display Device',0,NULL,0,0,9,0,NULL,NULL,'2023-02-24 15:41:54','2023-02-24 15:41:54'),(22,'Intel(R) UHD Graphics 630',0,NULL,0,0,10,0,NULL,'Intel(R) UHD Graphics Family','2023-05-09 17:34:56','2023-05-09 17:34:56'),(23,'Intel(R) HD Graphics 510',0,NULL,0,0,12,0,NULL,'Intel(R) HD Graphics Family','2023-05-08 14:55:59','2023-05-08 14:55:59'),(24,'Intel(R) HD Graphics 510',0,NULL,0,0,13,0,NULL,'Intel(R) HD Graphics Family','2023-05-08 14:55:59','2023-05-08 14:55:59'),(25,'spacedesk Graphics Adapter',0,NULL,0,0,0,0,NULL,NULL,'2023-05-24 10:21:58','2023-05-24 10:21:58'),(26,'Intel(R) HD Graphics',0,NULL,0,0,16,0,NULL,'Intel(R) HD Graphics','2023-05-09 17:59:47','2023-05-09 17:46:27'),(27,'AMD Radeon(TM) Graphics',0,NULL,0,0,16,0,NULL,'AMD Radeon Graphics Processor (0x15D8)','2023-03-17 17:25:23','2023-03-17 17:25:23'),(28,'AMD Radeon(TM) Graphics',0,NULL,0,0,17,0,NULL,'AMD Radeon Graphics Processor (0x15D8)','2023-03-17 17:25:23','2023-03-17 17:25:23');

--
-- Table structure for table `glpi_deviceharddrivemodels`
--

CREATE TABLE `glpi_deviceharddrivemodels` (
  `id` int unsigned NOT NULL AUTO_INCREMENT,
  `name` varchar(255) COLLATE utf8mb4_unicode_ci DEFAULT NULL,
  `comment` text COLLATE utf8mb4_unicode_ci,
  `product_number` varchar(255) COLLATE utf8mb4_unicode_ci DEFAULT NULL,
  PRIMARY KEY (`id`),
  KEY `name` (`name`),
  KEY `product_number` (`product_number`)
) ENGINE=InnoDB DEFAULT CHARSET=utf8mb4 COLLATE=utf8mb4_unicode_ci ROW_FORMAT=DYNAMIC;

--
-- Dumping data for table `glpi_deviceharddrivemodels`
--


--
-- Table structure for table `glpi_deviceharddrives`
--

CREATE TABLE `glpi_deviceharddrives` (
  `id` int unsigned NOT NULL AUTO_INCREMENT,
  `designation` varchar(255) COLLATE utf8mb4_unicode_ci DEFAULT NULL,
  `rpm` varchar(255) COLLATE utf8mb4_unicode_ci DEFAULT NULL,
  `interfacetypes_id` int unsigned NOT NULL DEFAULT '0',
  `cache` varchar(255) COLLATE utf8mb4_unicode_ci DEFAULT NULL,
  `comment` text COLLATE utf8mb4_unicode_ci,
  `manufacturers_id` int unsigned NOT NULL DEFAULT '0',
  `capacity_default` int NOT NULL DEFAULT '0',
  `entities_id` int unsigned NOT NULL DEFAULT '0',
  `is_recursive` tinyint NOT NULL DEFAULT '0',
  `deviceharddrivemodels_id` int unsigned DEFAULT NULL,
  `date_mod` timestamp NULL DEFAULT NULL,
  `date_creation` timestamp NULL DEFAULT NULL,
  PRIMARY KEY (`id`),
  KEY `designation` (`designation`),
  KEY `manufacturers_id` (`manufacturers_id`),
  KEY `interfacetypes_id` (`interfacetypes_id`),
  KEY `entities_id` (`entities_id`),
  KEY `is_recursive` (`is_recursive`),
  KEY `date_mod` (`date_mod`),
  KEY `date_creation` (`date_creation`),
  KEY `deviceharddrivemodels_id` (`deviceharddrivemodels_id`)
) ENGINE=InnoDB AUTO_INCREMENT=42 DEFAULT CHARSET=utf8mb4 COLLATE=utf8mb4_unicode_ci ROW_FORMAT=DYNAMIC;

--
-- Dumping data for table `glpi_deviceharddrives`
--

INSERT INTO `glpi_deviceharddrives` VALUES (1,'KXG60ZNV512G TOSHIBA',NULL,3,NULL,NULL,97,0,0,0,NULL,'2022-12-22 21:42:44','2022-12-22 21:42:44'),(2,'SKHynix_HFS512GD9TNG-L5B0B',NULL,3,NULL,NULL,97,0,0,0,NULL,'2022-12-22 22:07:37','2022-12-22 22:07:37'),(3,'Kingston DataTraveler 3.0 USB Device',NULL,4,NULL,NULL,97,0,0,0,NULL,'2022-12-22 22:07:37','2022-12-22 22:07:37'),(4,'ADATA ED600 SCSI Disk Device',NULL,3,NULL,NULL,97,0,0,0,NULL,'2023-01-05 09:14:40','2023-01-05 09:14:40'),(5,'311CD0512GB',NULL,3,NULL,NULL,97,0,0,0,NULL,'2023-02-24 15:41:54','2023-02-24 15:41:54'),(6,'KINGSTON SA400S37960G',NULL,3,NULL,NULL,97,0,0,0,NULL,'2023-03-08 15:39:14','2023-03-08 15:39:14'),(7,'ST500LT012-1DG142',NULL,1,NULL,NULL,97,0,0,0,NULL,'2023-03-17 17:25:23','2023-03-17 17:25:23'),(8,'BC511 NVMe SK hynix 256GB',NULL,3,NULL,NULL,97,0,0,0,NULL,'2023-03-17 17:25:23','2023-03-17 17:25:23'),(9,'KXG60ZNV512G TOSHIBA',NULL,42,NULL,NULL,0,0,0,0,NULL,'2023-03-30 17:20:30','2023-03-30 17:20:30'),(10,'SDXC Card',NULL,0,NULL,NULL,97,0,0,0,NULL,'2023-04-06 13:32:27','2023-04-06 13:32:27'),(11,'UMIS RPJTJ512MEE1OWX',NULL,3,NULL,NULL,97,0,0,0,NULL,'2023-04-26 15:43:19','2023-04-26 15:43:19'),(12,'WDC WD5000AAKX-001CA0',NULL,1,NULL,NULL,97,0,9,0,NULL,'2023-05-09 17:58:47','2023-05-03 16:24:19'),(13,'LITEONIT LCS-256M6S 2.5 7mm 256GB',NULL,1,NULL,NULL,97,0,9,0,NULL,'2023-05-09 17:58:47','2023-05-03 16:37:25'),(14,'KINGSTON SA400S37120G',NULL,1,NULL,NULL,97,0,0,0,NULL,'2023-05-03 16:51:35','2023-05-03 16:51:35'),(15,'LITEONIT LCS-256M6S 2.5 7mm 256GB',NULL,3,NULL,NULL,97,0,9,0,NULL,'2023-05-09 17:58:47','2023-05-03 16:58:44'),(16,'KINGSTON SA400S37240G',NULL,1,NULL,NULL,97,0,9,0,NULL,'2023-05-09 17:58:47','2023-05-03 17:28:35'),(17,'511BS0512HB',NULL,3,NULL,NULL,97,0,9,0,NULL,'2023-05-09 17:58:47','2023-05-03 17:36:46'),(18,'ADATA SWORDFISH',NULL,3,NULL,NULL,97,0,9,0,NULL,'2023-05-09 17:58:47','2023-05-03 17:45:11'),(19,'ST1000DM010-2EP102',NULL,3,NULL,NULL,97,0,9,0,NULL,'2023-05-09 17:58:47','2023-05-03 17:45:11'),(20,'KINGSTON SA400S37240G',NULL,3,NULL,NULL,97,0,9,0,NULL,'2023-05-09 17:58:47','2023-05-03 17:45:11'),(21,'TOSHIBA DT01ACA100',NULL,3,NULL,NULL,97,0,9,0,NULL,'2023-05-09 17:58:47','2023-05-03 17:45:11'),(22,'CT240BX500SSD1',NULL,1,NULL,NULL,97,0,9,0,NULL,'2023-05-09 17:58:47','2023-05-03 18:01:46'),(23,'ADATA SP550',NULL,1,NULL,NULL,97,0,13,0,NULL,'2023-05-09 18:03:25','2023-05-08 14:55:59'),(24,'Hitachi HTS543216L9SA00',NULL,1,NULL,NULL,97,0,13,0,NULL,'2023-05-09 18:03:25','2023-05-09 16:51:23'),(25,'CT120BX500SSD1',NULL,1,NULL,NULL,97,0,0,0,NULL,'2023-05-09 17:34:56','2023-05-09 17:34:56'),(26,'KINGSTON SA400S37120G',NULL,1,NULL,NULL,97,0,9,0,NULL,'2023-05-03 16:51:35','2023-05-03 16:51:35'),(27,'CT120BX500SSD1',NULL,1,NULL,NULL,97,0,10,0,NULL,'2023-05-09 17:34:56','2023-05-09 17:34:56'),(28,'KINGSTON SA400S37120G',NULL,1,NULL,NULL,97,0,10,0,NULL,'2023-05-03 16:51:35','2023-05-03 16:51:35'),(29,'ADATA SP550',NULL,1,NULL,NULL,97,0,12,0,NULL,'2023-05-08 14:55:59','2023-05-08 14:55:59'),(30,'KINGSTON SA400S37120G',NULL,1,NULL,NULL,97,0,12,0,NULL,'2023-05-03 16:51:35','2023-05-03 16:51:35'),(31,'KINGSTON SA400S37120G',NULL,1,NULL,NULL,97,0,14,0,NULL,'2023-05-03 16:51:35','2023-05-03 16:51:35'),(32,'KINGSTON SA400S37120G',NULL,1,NULL,NULL,97,0,13,0,NULL,'2023-05-03 16:51:35','2023-05-03 16:51:35'),(33,'VendorCo ProductCode USB Device',NULL,4,NULL,NULL,97,0,0,0,NULL,'2023-05-19 08:47:29','2023-05-19 08:47:29'),(34,'Kingston DataTraveler 2.0 USB Device',NULL,4,NULL,NULL,97,0,0,0,NULL,'2023-05-22 09:36:15','2023-05-22 09:36:15'),(35,'WDC WD800JD-75MSA3',NULL,1,NULL,NULL,97,0,0,0,NULL,'2023-06-29 08:37:52','2023-06-29 08:37:52'),(36,'KINGSTON SA400S37120G',NULL,1,NULL,NULL,97,0,16,0,NULL,'2023-05-03 16:51:35','2023-05-03 16:51:35'),(37,'ST500LT012-1DG142',NULL,1,NULL,NULL,97,0,16,0,NULL,'2023-03-17 17:25:23','2023-03-17 17:25:23'),(38,'BC511 NVMe SK hynix 256GB',NULL,3,NULL,NULL,97,0,16,0,NULL,'2023-03-17 17:25:23','2023-03-17 17:25:23'),(39,'ST500LT012-1DG142',NULL,1,NULL,NULL,97,0,17,0,NULL,'2023-03-17 17:25:23','2023-03-17 17:25:23'),(40,'BC511 NVMe SK hynix 256GB',NULL,3,NULL,NULL,97,0,17,0,NULL,'2023-03-17 17:25:23','2023-03-17 17:25:23'),(41,'Acer USB Flash Drive USB Device',NULL,4,NULL,NULL,97,0,0,0,NULL,'2023-07-21 10:09:50','2023-07-21 10:09:50');

--
-- Table structure for table `glpi_devicememories`
--

CREATE TABLE `glpi_devicememories` (
  `id` int unsigned NOT NULL AUTO_INCREMENT,
  `designation` varchar(255) COLLATE utf8mb4_unicode_ci DEFAULT NULL,
  `frequence` varchar(255) COLLATE utf8mb4_unicode_ci DEFAULT NULL,
  `comment` text COLLATE utf8mb4_unicode_ci,
  `manufacturers_id` int unsigned NOT NULL DEFAULT '0',
  `size_default` int NOT NULL DEFAULT '0',
  `devicememorytypes_id` int unsigned NOT NULL DEFAULT '0',
  `entities_id` int unsigned NOT NULL DEFAULT '0',
  `is_recursive` tinyint NOT NULL DEFAULT '0',
  `devicememorymodels_id` int unsigned DEFAULT NULL,
  `date_mod` timestamp NULL DEFAULT NULL,
  `date_creation` timestamp NULL DEFAULT NULL,
  PRIMARY KEY (`id`),
  KEY `designation` (`designation`),
  KEY `manufacturers_id` (`manufacturers_id`),
  KEY `devicememorytypes_id` (`devicememorytypes_id`),
  KEY `entities_id` (`entities_id`),
  KEY `is_recursive` (`is_recursive`),
  KEY `date_mod` (`date_mod`),
  KEY `date_creation` (`date_creation`),
  KEY `devicememorymodels_id` (`devicememorymodels_id`)
) ENGINE=InnoDB AUTO_INCREMENT=32 DEFAULT CHARSET=utf8mb4 COLLATE=utf8mb4_unicode_ci ROW_FORMAT=DYNAMIC;

--
-- Dumping data for table `glpi_devicememories`
--

INSERT INTO `glpi_devicememories` VALUES (1,'DDR4 - Row Of Chips','2667',NULL,9,0,5,0,0,NULL,'2022-12-22 21:42:44','2022-12-22 21:42:44'),(2,'DDR4 - SODIMM','2400',NULL,102,0,5,0,0,NULL,'2022-12-22 22:07:37','2022-12-22 22:07:37'),(3,'DDR4 - SODIMM','2400',NULL,9,0,5,0,0,NULL,'2022-12-22 22:07:37','2022-12-22 22:07:37'),(4,'Memory',NULL,NULL,0,0,0,0,0,NULL,'2022-12-22 22:38:05','2022-12-22 22:38:05'),(5,'DDR4 - Row Of Chips','2667',NULL,208,0,5,0,0,NULL,'2023-02-24 15:41:54','2023-02-24 15:41:54'),(6,'DDR4 - SODIMM','2133',NULL,218,0,5,0,0,NULL,'2023-03-08 15:39:14','2023-03-08 15:39:14'),(7,'DDR4 - SODIMM','2667',NULL,233,0,5,0,0,NULL,'2023-03-17 17:25:23','2023-03-17 17:25:23'),(8,'DDR4 - SODIMM','2667',NULL,102,0,5,0,0,NULL,'2023-03-17 17:25:23','2023-03-17 17:25:23'),(9,'DDR4 - SODIMM','3200',NULL,208,0,5,0,0,NULL,'2023-04-26 15:43:19','2023-04-26 15:43:19'),(10,'DDR4 - Row Of Chips','3200',NULL,208,0,5,0,0,NULL,'2023-04-26 15:43:19','2023-04-26 15:43:19'),(11,'DDR3 - DIMM','1067',NULL,252,0,6,9,0,NULL,'2023-05-09 17:58:47','2023-05-03 16:24:19'),(12,'DDR3 - DIMM','1067',NULL,253,0,6,9,0,NULL,'2023-05-09 17:58:47','2023-05-03 16:24:19'),(13,'DDR3 - SODIMM','1600',NULL,263,0,6,9,0,NULL,'2023-05-09 17:58:47','2023-05-03 16:37:25'),(14,'DDR3 - SODIMM','1600',NULL,9,0,6,9,0,NULL,'2023-05-09 17:58:47','2023-05-03 16:51:35'),(15,'DDR4 - DIMM','2400',NULL,252,0,5,9,0,NULL,'2023-05-09 17:58:47','2023-05-03 17:17:50'),(16,'DDR4 - DIMM','2133',NULL,252,0,5,0,0,NULL,'2023-05-03 17:28:35','2023-05-03 17:28:35'),(17,'LPDDR4 - Row Of Chips','4267',NULL,208,0,7,9,0,NULL,'2023-05-09 17:58:47','2023-05-03 17:36:46'),(18,'DDR4 - DIMM','2400',NULL,306,0,5,0,0,NULL,'2023-05-03 17:45:11','2023-05-03 17:45:11'),(19,'DDR4 - DIMM','2400',NULL,307,0,5,9,0,NULL,'2023-05-09 17:58:47','2023-05-03 17:45:11'),(20,'DDR3 - DIMM','1333',NULL,334,0,6,13,0,NULL,'2023-05-09 18:03:25','2023-05-08 14:55:59'),(21,'DDR3 - DIMM','1333',NULL,306,0,6,14,0,NULL,'2023-05-09 18:01:17','2023-05-08 14:55:59'),(22,'DDR4 - DIMM','2133',NULL,306,0,5,12,0,NULL,'2023-05-09 18:00:51','2023-05-09 14:29:24'),(23,'DDR3 - DIMM','1333',NULL,345,0,6,14,0,NULL,'2023-05-09 18:01:17','2023-05-09 15:14:13'),(24,'DDR4 - DIMM','2133',NULL,346,0,5,13,0,NULL,'2023-05-09 18:02:43','2023-05-09 16:23:29'),(25,'DDR3 - DIMM','1600',NULL,252,0,6,13,0,NULL,'2023-05-09 18:02:43','2023-05-09 16:24:15'),(26,'DDR3 - SODIMM','1600',NULL,208,0,6,10,0,NULL,'2023-05-09 17:59:47','2023-05-09 17:46:27'),(27,'DDR4 - DIMM','2400',NULL,306,0,5,10,0,NULL,'2023-05-03 17:45:11','2023-05-03 17:45:11'),(28,'DDR3 - SODIMM','1600',NULL,208,0,6,16,0,NULL,'2023-05-09 17:59:47','2023-05-09 17:46:27'),(29,'DDR4 - SODIMM','2667',NULL,233,0,5,16,0,NULL,'2023-03-17 17:25:23','2023-03-17 17:25:23'),(30,'DDR4 - SODIMM','2667',NULL,233,0,5,17,0,NULL,'2023-03-17 17:25:23','2023-03-17 17:25:23'),(31,'Memoria física','2133',NULL,0,0,8,0,0,NULL,'2023-07-17 09:44:56','2023-07-17 09:44:56');

--
-- Table structure for table `glpi_devicememorymodels`
--

CREATE TABLE `glpi_devicememorymodels` (
  `id` int unsigned NOT NULL AUTO_INCREMENT,
  `name` varchar(255) COLLATE utf8mb4_unicode_ci DEFAULT NULL,
  `comment` text COLLATE utf8mb4_unicode_ci,
  `product_number` varchar(255) COLLATE utf8mb4_unicode_ci DEFAULT NULL,
  PRIMARY KEY (`id`),
  KEY `name` (`name`),
  KEY `product_number` (`product_number`)
) ENGINE=InnoDB DEFAULT CHARSET=utf8mb4 COLLATE=utf8mb4_unicode_ci ROW_FORMAT=DYNAMIC;

--
-- Dumping data for table `glpi_devicememorymodels`
--


--
-- Table structure for table `glpi_devicememorytypes`
--

CREATE TABLE `glpi_devicememorytypes` (
  `id` int unsigned NOT NULL AUTO_INCREMENT,
  `name` varchar(255) COLLATE utf8mb4_unicode_ci DEFAULT NULL,
  `comment` text COLLATE utf8mb4_unicode_ci,
  `date_mod` timestamp NULL DEFAULT NULL,
  `date_creation` timestamp NULL DEFAULT NULL,
  PRIMARY KEY (`id`),
  KEY `name` (`name`),
  KEY `date_mod` (`date_mod`),
  KEY `date_creation` (`date_creation`)
) ENGINE=InnoDB AUTO_INCREMENT=9 DEFAULT CHARSET=utf8mb4 COLLATE=utf8mb4_unicode_ci ROW_FORMAT=DYNAMIC;

--
-- Dumping data for table `glpi_devicememorytypes`
--

INSERT INTO `glpi_devicememorytypes` VALUES (1,'EDO',NULL,NULL,NULL),(2,'DDR',NULL,NULL,NULL),(3,'SDRAM',NULL,NULL,NULL),(4,'SDRAM-2',NULL,NULL,NULL),(5,'DDR4','','2022-12-22 21:42:44','2022-12-22 21:42:44'),(6,'DDR3','','2023-05-03 16:24:19','2023-05-03 16:24:19'),(7,'LPDDR4','','2023-05-03 17:36:46','2023-05-03 17:36:46'),(8,'Unknown','','2023-07-17 09:44:56','2023-07-17 09:44:56');

--
-- Table structure for table `glpi_devicemotherboardmodels`
--

CREATE TABLE `glpi_devicemotherboardmodels` (
  `id` int unsigned NOT NULL AUTO_INCREMENT,
  `name` varchar(255) COLLATE utf8mb4_unicode_ci DEFAULT NULL,
  `comment` text COLLATE utf8mb4_unicode_ci,
  `product_number` varchar(255) COLLATE utf8mb4_unicode_ci DEFAULT NULL,
  PRIMARY KEY (`id`),
  KEY `name` (`name`),
  KEY `product_number` (`product_number`)
) ENGINE=InnoDB DEFAULT CHARSET=utf8mb4 COLLATE=utf8mb4_unicode_ci ROW_FORMAT=DYNAMIC;

--
-- Dumping data for table `glpi_devicemotherboardmodels`
--


--
-- Table structure for table `glpi_devicemotherboards`
--

CREATE TABLE `glpi_devicemotherboards` (
  `id` int unsigned NOT NULL AUTO_INCREMENT,
  `designation` varchar(255) COLLATE utf8mb4_unicode_ci DEFAULT NULL,
  `chipset` varchar(255) COLLATE utf8mb4_unicode_ci DEFAULT NULL,
  `comment` text COLLATE utf8mb4_unicode_ci,
  `manufacturers_id` int unsigned NOT NULL DEFAULT '0',
  `entities_id` int unsigned NOT NULL DEFAULT '0',
  `is_recursive` tinyint NOT NULL DEFAULT '0',
  `devicemotherboardmodels_id` int unsigned DEFAULT NULL,
  `date_mod` timestamp NULL DEFAULT NULL,
  `date_creation` timestamp NULL DEFAULT NULL,
  PRIMARY KEY (`id`),
  KEY `designation` (`designation`),
  KEY `manufacturers_id` (`manufacturers_id`),
  KEY `entities_id` (`entities_id`),
  KEY `is_recursive` (`is_recursive`),
  KEY `date_mod` (`date_mod`),
  KEY `date_creation` (`date_creation`),
  KEY `devicemotherboardmodels_id` (`devicemotherboardmodels_id`)
) ENGINE=InnoDB DEFAULT CHARSET=utf8mb4 COLLATE=utf8mb4_unicode_ci ROW_FORMAT=DYNAMIC;

--
-- Dumping data for table `glpi_devicemotherboards`
--


--
-- Table structure for table `glpi_devicenetworkcardmodels`
--

CREATE TABLE `glpi_devicenetworkcardmodels` (
  `id` int unsigned NOT NULL AUTO_INCREMENT,
  `name` varchar(255) COLLATE utf8mb4_unicode_ci DEFAULT NULL,
  `comment` text COLLATE utf8mb4_unicode_ci,
  `product_number` varchar(255) COLLATE utf8mb4_unicode_ci DEFAULT NULL,
  PRIMARY KEY (`id`),
  KEY `name` (`name`),
  KEY `product_number` (`product_number`)
) ENGINE=InnoDB DEFAULT CHARSET=utf8mb4 COLLATE=utf8mb4_unicode_ci ROW_FORMAT=DYNAMIC;

--
-- Dumping data for table `glpi_devicenetworkcardmodels`
--


--
-- Table structure for table `glpi_devicenetworkcards`
--

CREATE TABLE `glpi_devicenetworkcards` (
  `id` int unsigned NOT NULL AUTO_INCREMENT,
  `designation` varchar(255) COLLATE utf8mb4_unicode_ci DEFAULT NULL,
  `bandwidth` varchar(255) COLLATE utf8mb4_unicode_ci DEFAULT NULL,
  `comment` text COLLATE utf8mb4_unicode_ci,
  `manufacturers_id` int unsigned NOT NULL DEFAULT '0',
  `mac_default` varchar(255) COLLATE utf8mb4_unicode_ci DEFAULT NULL,
  `entities_id` int unsigned NOT NULL DEFAULT '0',
  `is_recursive` tinyint NOT NULL DEFAULT '0',
  `devicenetworkcardmodels_id` int unsigned DEFAULT NULL,
  `date_mod` timestamp NULL DEFAULT NULL,
  `date_creation` timestamp NULL DEFAULT NULL,
  PRIMARY KEY (`id`),
  KEY `designation` (`designation`),
  KEY `manufacturers_id` (`manufacturers_id`),
  KEY `entities_id` (`entities_id`),
  KEY `is_recursive` (`is_recursive`),
  KEY `date_mod` (`date_mod`),
  KEY `date_creation` (`date_creation`),
  KEY `devicenetworkcardmodels_id` (`devicenetworkcardmodels_id`)
) ENGINE=InnoDB AUTO_INCREMENT=29 DEFAULT CHARSET=utf8mb4 COLLATE=utf8mb4_unicode_ci ROW_FORMAT=DYNAMIC;

--
-- Dumping data for table `glpi_devicenetworkcards`
--

INSERT INTO `glpi_devicenetworkcards` VALUES (1,'RTL8822CE 802.11ac PCIe Wireless Network Adapter',NULL,NULL,6,'28:cd:c4:4c:b3:6b',0,0,NULL,'2022-12-22 21:42:44','2022-12-22 21:42:44'),(2,'RTL8111/8168/8411 PCI Express Gigabit Ethernet Controller',NULL,NULL,6,'f8:75:a4:9a:4b:3c',0,0,NULL,'2022-12-22 22:07:37','2022-12-22 22:07:37'),(3,'Wireless-AC 9260',NULL,NULL,101,'80:32:53:34:a1:84',0,0,NULL,'2022-12-22 22:07:37','2022-12-22 22:07:37'),(4,'Adaptador de red artículo',NULL,NULL,0,NULL,0,0,NULL,'2022-12-22 22:38:05','2022-12-22 22:38:05'),(5,'Ethernet Connection I219-LM',NULL,NULL,101,'18:db:f2:1b:cd:ab',0,0,NULL,'2023-03-08 15:39:14','2023-03-08 15:39:14'),(6,'Wireless 8260',NULL,NULL,101,'b8:8a:60:ca:df:41',0,0,NULL,'2023-03-08 15:39:14','2023-03-08 15:39:14'),(7,'RTL810xE PCI Express Fast Ethernet controller',NULL,NULL,6,'30:d0:42:2a:7f:d2',0,0,NULL,'2023-03-17 17:25:23','2023-03-17 17:25:23'),(8,'QCA9377 802.11ac Wireless Network Adapter',NULL,NULL,232,'18:47:3d:f3:b7:df',0,0,NULL,'2023-03-17 17:25:23','2023-03-17 17:25:23'),(9,'AR8152 v2.0 Fast Ethernet',NULL,NULL,232,'b8:97:5a:14:50:ff',13,0,NULL,'2023-05-09 18:02:43','2023-05-03 16:24:19'),(10,'Ethernet Connection I217-LM',NULL,NULL,101,'34:e6:d7:5b:bf:98',9,0,NULL,'2023-05-09 17:58:47','2023-05-03 16:37:25'),(11,'Centrino Ultimate-N 6300',NULL,NULL,101,'3c:a9:f4:b3:24:48',9,0,NULL,'2023-05-09 17:58:47','2023-05-03 16:37:25'),(12,'RTL8188EE Wireless Network Adapter',NULL,NULL,6,'60:a4:b7:22:8d:07',9,0,NULL,'2023-05-09 17:58:47','2023-05-03 17:17:50'),(13,'Wi-Fi 6 AX201',NULL,NULL,101,'3c:e9:f7:ba:d4:ed',9,0,NULL,'2023-05-09 17:58:47','2023-05-03 17:36:46'),(14,'BCM43142 802.11b/g/n',NULL,NULL,330,'40:b8:9a:f3:72:73',9,0,NULL,'2023-05-09 17:58:47','2023-05-03 18:01:46'),(15,'RTL8723BE PCIe Wireless Network Adapter',NULL,NULL,6,'3c:a0:67:f8:e2:57',10,0,NULL,'2023-05-09 17:59:47','2023-05-09 17:46:27'),(16,'AR8152 v2.0 Fast Ethernet',NULL,NULL,232,'b8:97:5a:14:50:ff',9,0,NULL,'2023-05-03 16:30:08','2023-05-03 16:24:19'),(17,'QCA9377 802.11ac Wireless Network Adapter',NULL,NULL,232,'18:47:3d:f3:b7:df',9,0,NULL,'2023-03-17 17:25:23','2023-03-17 17:25:23'),(18,'RTL8111/8168/8411 PCI Express Gigabit Ethernet Controller',NULL,NULL,6,'f8:75:a4:9a:4b:3c',9,0,NULL,'2022-12-22 22:07:37','2022-12-22 22:07:37'),(19,'RTL8111/8168/8411 PCI Express Gigabit Ethernet Controller',NULL,NULL,6,'f8:75:a4:9a:4b:3c',10,0,NULL,'2022-12-22 22:07:37','2022-12-22 22:07:37'),(20,'RTL8111/8168/8411 PCI Express Gigabit Ethernet Controller',NULL,NULL,6,'f8:75:a4:9a:4b:3c',12,0,NULL,'2022-12-22 22:07:37','2022-12-22 22:07:37'),(21,'RTL8111/8168/8411 PCI Express Gigabit Ethernet Controller',NULL,NULL,6,'f8:75:a4:9a:4b:3c',14,0,NULL,'2022-12-22 22:07:37','2022-12-22 22:07:37'),(22,'RTL8111/8168/8411 PCI Express Gigabit Ethernet Controller',NULL,NULL,6,'f8:75:a4:9a:4b:3c',13,0,NULL,'2022-12-22 22:07:37','2022-12-22 22:07:37'),(23,'RTL8723BE PCIe Wireless Network Adapter',NULL,NULL,6,'3c:a0:67:f8:e2:57',16,0,NULL,'2023-05-09 17:59:47','2023-05-09 17:46:27'),(24,'RTL8111/8168/8411 PCI Express Gigabit Ethernet Controller',NULL,NULL,6,'f8:75:a4:9a:4b:3c',16,0,NULL,'2022-12-22 22:07:37','2022-12-22 22:07:37'),(25,'RTL810xE PCI Express Fast Ethernet controller',NULL,NULL,6,'30:d0:42:2a:7f:d2',16,0,NULL,'2023-03-17 17:25:23','2023-03-17 17:25:23'),(26,'QCA9377 802.11ac Wireless Network Adapter',NULL,NULL,232,'18:47:3d:f3:b7:df',16,0,NULL,'2023-03-17 17:25:23','2023-03-17 17:25:23'),(27,'RTL810xE PCI Express Fast Ethernet controller',NULL,NULL,6,'30:d0:42:2a:7f:d2',17,0,NULL,'2023-03-17 17:25:23','2023-03-17 17:25:23'),(28,'QCA9377 802.11ac Wireless Network Adapter',NULL,NULL,232,'18:47:3d:f3:b7:df',17,0,NULL,'2023-03-17 17:25:23','2023-03-17 17:25:23');

--
-- Table structure for table `glpi_devicepcimodels`
--

CREATE TABLE `glpi_devicepcimodels` (
  `id` int unsigned NOT NULL AUTO_INCREMENT,
  `name` varchar(255) COLLATE utf8mb4_unicode_ci DEFAULT NULL,
  `comment` text COLLATE utf8mb4_unicode_ci,
  `product_number` varchar(255) COLLATE utf8mb4_unicode_ci DEFAULT NULL,
  PRIMARY KEY (`id`),
  KEY `name` (`name`),
  KEY `product_number` (`product_number`)
) ENGINE=InnoDB DEFAULT CHARSET=utf8mb4 COLLATE=utf8mb4_unicode_ci ROW_FORMAT=DYNAMIC;

--
-- Dumping data for table `glpi_devicepcimodels`
--


--
-- Table structure for table `glpi_devicepcis`
--

CREATE TABLE `glpi_devicepcis` (
  `id` int unsigned NOT NULL AUTO_INCREMENT,
  `designation` varchar(255) COLLATE utf8mb4_unicode_ci DEFAULT NULL,
  `comment` text COLLATE utf8mb4_unicode_ci,
  `manufacturers_id` int unsigned NOT NULL DEFAULT '0',
  `devicenetworkcardmodels_id` int unsigned NOT NULL DEFAULT '0',
  `entities_id` int unsigned NOT NULL DEFAULT '0',
  `is_recursive` tinyint NOT NULL DEFAULT '0',
  `devicepcimodels_id` int unsigned DEFAULT NULL,
  `date_mod` timestamp NULL DEFAULT NULL,
  `date_creation` timestamp NULL DEFAULT NULL,
  PRIMARY KEY (`id`),
  KEY `designation` (`designation`),
  KEY `manufacturers_id` (`manufacturers_id`),
  KEY `devicenetworkcardmodels_id` (`devicenetworkcardmodels_id`),
  KEY `entities_id` (`entities_id`),
  KEY `is_recursive` (`is_recursive`),
  KEY `date_mod` (`date_mod`),
  KEY `date_creation` (`date_creation`),
  KEY `devicepcimodels_id` (`devicepcimodels_id`)
) ENGINE=InnoDB DEFAULT CHARSET=utf8mb4 COLLATE=utf8mb4_unicode_ci ROW_FORMAT=DYNAMIC;

--
-- Dumping data for table `glpi_devicepcis`
--


--
-- Table structure for table `glpi_devicepowersupplies`
--

CREATE TABLE `glpi_devicepowersupplies` (
  `id` int unsigned NOT NULL AUTO_INCREMENT,
  `designation` varchar(255) COLLATE utf8mb4_unicode_ci DEFAULT NULL,
  `power` varchar(255) COLLATE utf8mb4_unicode_ci DEFAULT NULL,
  `is_atx` tinyint NOT NULL DEFAULT '1',
  `comment` text COLLATE utf8mb4_unicode_ci,
  `manufacturers_id` int unsigned NOT NULL DEFAULT '0',
  `entities_id` int unsigned NOT NULL DEFAULT '0',
  `is_recursive` tinyint NOT NULL DEFAULT '0',
  `devicepowersupplymodels_id` int unsigned DEFAULT NULL,
  `date_mod` timestamp NULL DEFAULT NULL,
  `date_creation` timestamp NULL DEFAULT NULL,
  PRIMARY KEY (`id`),
  KEY `designation` (`designation`),
  KEY `manufacturers_id` (`manufacturers_id`),
  KEY `entities_id` (`entities_id`),
  KEY `is_recursive` (`is_recursive`),
  KEY `date_mod` (`date_mod`),
  KEY `date_creation` (`date_creation`),
  KEY `devicepowersupplymodels_id` (`devicepowersupplymodels_id`)
) ENGINE=InnoDB DEFAULT CHARSET=utf8mb4 COLLATE=utf8mb4_unicode_ci ROW_FORMAT=DYNAMIC;

--
-- Dumping data for table `glpi_devicepowersupplies`
--


--
-- Table structure for table `glpi_devicepowersupplymodels`
--

CREATE TABLE `glpi_devicepowersupplymodels` (
  `id` int unsigned NOT NULL AUTO_INCREMENT,
  `name` varchar(255) COLLATE utf8mb4_unicode_ci DEFAULT NULL,
  `comment` text COLLATE utf8mb4_unicode_ci,
  `product_number` varchar(255) COLLATE utf8mb4_unicode_ci DEFAULT NULL,
  PRIMARY KEY (`id`),
  KEY `name` (`name`),
  KEY `product_number` (`product_number`)
) ENGINE=InnoDB DEFAULT CHARSET=utf8mb4 COLLATE=utf8mb4_unicode_ci ROW_FORMAT=DYNAMIC;

--
-- Dumping data for table `glpi_devicepowersupplymodels`
--


--
-- Table structure for table `glpi_deviceprocessormodels`
--

CREATE TABLE `glpi_deviceprocessormodels` (
  `id` int unsigned NOT NULL AUTO_INCREMENT,
  `name` varchar(255) COLLATE utf8mb4_unicode_ci DEFAULT NULL,
  `comment` text COLLATE utf8mb4_unicode_ci,
  `product_number` varchar(255) COLLATE utf8mb4_unicode_ci DEFAULT NULL,
  PRIMARY KEY (`id`),
  KEY `name` (`name`),
  KEY `product_number` (`product_number`)
) ENGINE=InnoDB DEFAULT CHARSET=utf8mb4 COLLATE=utf8mb4_unicode_ci ROW_FORMAT=DYNAMIC;

--
-- Dumping data for table `glpi_deviceprocessormodels`
--


--
-- Table structure for table `glpi_deviceprocessors`
--

CREATE TABLE `glpi_deviceprocessors` (
  `id` int unsigned NOT NULL AUTO_INCREMENT,
  `designation` varchar(255) COLLATE utf8mb4_unicode_ci DEFAULT NULL,
  `frequence` int NOT NULL DEFAULT '0',
  `comment` text COLLATE utf8mb4_unicode_ci,
  `manufacturers_id` int unsigned NOT NULL DEFAULT '0',
  `frequency_default` int NOT NULL DEFAULT '0',
  `nbcores_default` int DEFAULT NULL,
  `nbthreads_default` int DEFAULT NULL,
  `entities_id` int unsigned NOT NULL DEFAULT '0',
  `is_recursive` tinyint NOT NULL DEFAULT '0',
  `deviceprocessormodels_id` int unsigned DEFAULT NULL,
  `date_mod` timestamp NULL DEFAULT NULL,
  `date_creation` timestamp NULL DEFAULT NULL,
  PRIMARY KEY (`id`),
  KEY `designation` (`designation`),
  KEY `manufacturers_id` (`manufacturers_id`),
  KEY `entities_id` (`entities_id`),
  KEY `is_recursive` (`is_recursive`),
  KEY `date_mod` (`date_mod`),
  KEY `date_creation` (`date_creation`),
  KEY `deviceprocessormodels_id` (`deviceprocessormodels_id`)
) ENGINE=InnoDB AUTO_INCREMENT=26 DEFAULT CHARSET=utf8mb4 COLLATE=utf8mb4_unicode_ci ROW_FORMAT=DYNAMIC;

--
-- Dumping data for table `glpi_deviceprocessors`
--

INSERT INTO `glpi_deviceprocessors` VALUES (1,'AMD Ryzen 5 3500U with Radeon Vega Mobile Gfx',2100,NULL,8,2100,NULL,NULL,0,0,NULL,'2022-12-22 21:42:44','2022-12-22 21:42:44'),(2,'AMD Ryzen 5 PRO 3500U w/ Radeon Vega Mobile Gfx',2100,NULL,8,2100,NULL,NULL,0,0,NULL,'2022-12-22 22:07:37','2022-12-22 22:07:37'),(3,'Procesador artículo',2000,NULL,172,2000,NULL,NULL,0,0,NULL,'2022-12-22 22:38:05','2022-12-22 22:38:05'),(4,'AMD Ryzen 5 5500U with Radeon Graphics',2100,NULL,8,2100,NULL,NULL,0,0,NULL,'2023-02-24 15:41:54','2023-02-24 15:41:54'),(5,'Intel Core i5-6300U CPU @ 2.40GHz',2400,NULL,217,2400,NULL,NULL,0,0,NULL,'2023-03-08 15:39:14','2023-03-08 15:39:14'),(6,'AMD Ryzen 5 3450U with Radeon Vega Mobile Gfx',2100,NULL,8,2100,NULL,NULL,0,0,NULL,'2023-03-17 17:25:23','2023-03-17 17:25:23'),(7,'Intel Celeron CPU G530 @ 2.40GHz',2400,NULL,217,2400,NULL,NULL,9,0,NULL,'2023-05-09 17:58:47','2023-05-03 16:24:19'),(8,'Intel Core i7-4810MQ CPU @ 2.80GHz',2800,NULL,262,2800,NULL,NULL,9,0,NULL,'2023-05-09 17:58:47','2023-05-03 16:37:25'),(9,'Intel Core i5-5200U CPU @ 2.20GHz',2200,NULL,217,2200,NULL,NULL,9,0,NULL,'2023-05-09 17:58:47','2023-05-03 16:51:35'),(10,'Intel Core i3-9100F CPU @ 3.60GHz',3600,NULL,217,3600,NULL,NULL,9,0,NULL,'2023-05-09 17:58:47','2023-05-03 17:17:50'),(11,'11th Gen Intel Core i5-1155G7 @ 2.50GHz',2500,NULL,217,2500,NULL,NULL,9,0,NULL,'2023-05-09 17:58:47','2023-05-03 17:36:46'),(12,'Intel Core i5-7400 CPU @ 3.00GHz',3000,NULL,217,3000,NULL,NULL,9,0,NULL,'2023-05-09 17:58:47','2023-05-03 17:45:11'),(13,'Intel Core i3-4030U CPU @ 1.90GHz',1900,NULL,217,1900,NULL,NULL,9,0,NULL,'2023-05-09 17:58:47','2023-05-03 18:01:46'),(14,'Intel Pentium CPU G4400 @ 3.30GHz',3300,NULL,217,3300,NULL,NULL,0,0,NULL,'2023-05-08 14:55:59','2023-05-08 14:55:59'),(15,'Intel Core i3-4130 CPU @ 3.40GHz',3400,NULL,262,3400,NULL,NULL,14,0,NULL,'2023-05-09 18:01:17','2023-05-09 15:14:13'),(16,'Intel Pentium CPU G4560 @ 3.50GHz',3500,NULL,217,3500,NULL,NULL,13,0,NULL,'2023-05-09 18:02:43','2023-05-09 16:23:29'),(17,'Intel Core i3-3220 CPU @ 3.30GHz',3300,NULL,217,3300,NULL,NULL,13,0,NULL,'2023-05-09 18:02:43','2023-05-09 16:24:15'),(18,'Intel Core i3-8100 CPU @ 3.60GHz',3600,NULL,217,3600,NULL,NULL,0,0,NULL,'2023-05-09 17:34:56','2023-05-09 17:34:56'),(19,'Intel Celeron CPU N3060 @ 1.60GHz',1600,NULL,217,1600,NULL,NULL,10,0,NULL,'2023-05-09 17:59:47','2023-05-09 17:46:27'),(20,'Intel Core i3-8100 CPU @ 3.60GHz',3600,NULL,217,3600,NULL,NULL,10,0,NULL,'2023-05-09 17:34:56','2023-05-09 17:34:56'),(21,'Intel Pentium CPU G4400 @ 3.30GHz',3300,NULL,217,3300,NULL,NULL,12,0,NULL,'2023-05-08 14:55:59','2023-05-08 14:55:59'),(22,'Intel Pentium CPU G4400 @ 3.30GHz',3300,NULL,217,3300,NULL,NULL,13,0,NULL,'2023-05-08 14:55:59','2023-05-08 14:55:59'),(23,'Intel Celeron CPU N3060 @ 1.60GHz',1600,NULL,217,1600,NULL,NULL,16,0,NULL,'2023-05-09 17:59:47','2023-05-09 17:46:27'),(24,'AMD Ryzen 5 3450U with Radeon Vega Mobile Gfx',2100,NULL,8,2100,NULL,NULL,16,0,NULL,'2023-03-17 17:25:23','2023-03-17 17:25:23'),(25,'AMD Ryzen 5 3450U with Radeon Vega Mobile Gfx',2100,NULL,8,2100,NULL,NULL,17,0,NULL,'2023-03-17 17:25:23','2023-03-17 17:25:23');

--
-- Table structure for table `glpi_devicesensormodels`
--

CREATE TABLE `glpi_devicesensormodels` (
  `id` int unsigned NOT NULL AUTO_INCREMENT,
  `name` varchar(255) COLLATE utf8mb4_unicode_ci DEFAULT NULL,
  `comment` text COLLATE utf8mb4_unicode_ci,
  `product_number` varchar(255) COLLATE utf8mb4_unicode_ci DEFAULT NULL,
  PRIMARY KEY (`id`),
  KEY `name` (`name`),
  KEY `product_number` (`product_number`)
) ENGINE=InnoDB DEFAULT CHARSET=utf8mb4 COLLATE=utf8mb4_unicode_ci ROW_FORMAT=DYNAMIC;

--
-- Dumping data for table `glpi_devicesensormodels`
--


--
-- Table structure for table `glpi_devicesensors`
--

CREATE TABLE `glpi_devicesensors` (
  `id` int unsigned NOT NULL AUTO_INCREMENT,
  `designation` varchar(255) COLLATE utf8mb4_unicode_ci DEFAULT NULL,
  `devicesensortypes_id` int unsigned NOT NULL DEFAULT '0',
  `devicesensormodels_id` int unsigned NOT NULL DEFAULT '0',
  `comment` text COLLATE utf8mb4_unicode_ci,
  `manufacturers_id` int unsigned NOT NULL DEFAULT '0',
  `entities_id` int unsigned NOT NULL DEFAULT '0',
  `is_recursive` tinyint NOT NULL DEFAULT '0',
  `locations_id` int unsigned NOT NULL DEFAULT '0',
  `states_id` int unsigned NOT NULL DEFAULT '0',
  `date_mod` timestamp NULL DEFAULT NULL,
  `date_creation` timestamp NULL DEFAULT NULL,
  PRIMARY KEY (`id`),
  KEY `designation` (`designation`),
  KEY `manufacturers_id` (`manufacturers_id`),
  KEY `devicesensortypes_id` (`devicesensortypes_id`),
  KEY `entities_id` (`entities_id`),
  KEY `is_recursive` (`is_recursive`),
  KEY `locations_id` (`locations_id`),
  KEY `states_id` (`states_id`),
  KEY `date_mod` (`date_mod`),
  KEY `date_creation` (`date_creation`),
  KEY `devicesensormodels_id` (`devicesensormodels_id`)
) ENGINE=InnoDB AUTO_INCREMENT=34 DEFAULT CHARSET=utf8mb4 COLLATE=utf8mb4_unicode_ci ROW_FORMAT=DYNAMIC;

--
-- Dumping data for table `glpi_devicesensors`
--

INSERT INTO `glpi_devicesensors` VALUES (1,'lsm6dso ACCELEROMETER',1,0,NULL,173,0,0,0,0,'2022-12-22 22:38:05','2022-12-22 22:38:05'),(2,'mmc5603 MAGNETOMETER',2,0,NULL,174,0,0,0,0,'2022-12-22 22:38:05','2022-12-22 22:38:05'),(3,'ORIENTATION',3,0,NULL,175,0,0,0,0,'2022-12-22 22:38:05','2022-12-22 22:38:05'),(4,'lsm6dso GYROSCOPE',4,0,NULL,173,0,0,0,0,'2022-12-22 22:38:05','2022-12-22 22:38:05'),(5,'stk32600 PROXIMITY',5,0,NULL,176,0,0,0,0,'2022-12-22 22:38:05','2022-12-22 22:38:05'),(6,'UNCALI_MAG',3,0,NULL,175,0,0,0,0,'2022-12-22 22:38:05','2022-12-22 22:38:05'),(7,'UNCALI_GYRO',3,0,NULL,175,0,0,0,0,'2022-12-22 22:38:05','2022-12-22 22:38:05'),(8,'SIGNIFICANT_MOTION',3,0,NULL,175,0,0,0,0,'2022-12-22 22:38:05','2022-12-22 22:38:05'),(9,'STEP_DETECTOR',3,0,NULL,175,0,0,0,0,'2022-12-22 22:38:05','2022-12-22 22:38:05'),(10,'STEP_COUNTER',3,0,NULL,175,0,0,0,0,'2022-12-22 22:38:05','2022-12-22 22:38:05'),(11,'WAKE_GESTURE',3,0,NULL,175,0,0,0,0,'2022-12-22 22:38:05','2022-12-22 22:38:05'),(12,'DEVICE_ORIENTATION',3,0,NULL,175,0,0,0,0,'2022-12-22 22:38:05','2022-12-22 22:38:05'),(13,'STATIONARY_DETECT',3,0,NULL,175,0,0,0,0,'2022-12-22 22:38:05','2022-12-22 22:38:05'),(14,'MOTION_DETECT',3,0,NULL,175,0,0,0,0,'2022-12-22 22:38:05','2022-12-22 22:38:05'),(15,'UNCALI_ACC',3,0,NULL,175,0,0,0,0,'2022-12-22 22:38:05','2022-12-22 22:38:05'),(16,'stk32600 LIGHT',3,0,NULL,176,0,0,0,0,'2022-12-22 22:38:05','2022-12-22 22:38:05'),(17,'STEP_DETECTOR_WAKEUP',3,0,NULL,175,0,0,0,0,'2022-12-22 22:38:05','2022-12-22 22:38:05'),(18,'OPLUS Fusion Light Sensor',3,0,NULL,177,0,0,0,0,'2022-12-22 22:38:05','2022-12-22 22:38:05'),(19,'OPLUS Side Panel Fusion Light Sensor',3,0,NULL,177,0,0,0,0,'2022-12-22 22:38:05','2022-12-22 22:38:05'),(20,'CAMERA_PROTECT',3,0,NULL,177,0,0,0,0,'2022-12-22 22:38:05','2022-12-22 22:38:05'),(21,'FREE_FALL',3,0,NULL,177,0,0,0,0,'2022-12-22 22:38:05','2022-12-22 22:38:05'),(22,'PICKUP_DETECT',3,0,NULL,177,0,0,0,0,'2022-12-22 22:38:05','2022-12-22 22:38:05'),(23,'LUX_AOD',3,0,NULL,177,0,0,0,0,'2022-12-22 22:38:05','2022-12-22 22:38:05'),(24,'PEDO_MINUTE',3,0,NULL,177,0,0,0,0,'2022-12-22 22:38:05','2022-12-22 22:38:05'),(25,'OPLUS_ACTIVITY_RECOGNITION',3,0,NULL,177,0,0,0,0,'2022-12-22 22:38:05','2022-12-22 22:38:05'),(26,'TP_GESTURE',3,0,NULL,177,0,0,0,0,'2022-12-22 22:38:05','2022-12-22 22:38:05'),(27,'ELEVATOR_DETECT',3,0,NULL,177,0,0,0,0,'2022-12-22 22:38:05','2022-12-22 22:38:05'),(28,'Game Rotation Vector Sensor',3,0,NULL,178,0,0,0,0,'2022-12-22 22:38:05','2022-12-22 22:38:05'),(29,'GeoMag Rotation Vector Sensor',3,0,NULL,178,0,0,0,0,'2022-12-22 22:38:05','2022-12-22 22:38:05'),(30,'Gravity Sensor',6,0,NULL,178,0,0,0,0,'2022-12-22 22:38:05','2022-12-22 22:38:05'),(31,'Linear Acceleration Sensor',7,0,NULL,178,0,0,0,0,'2022-12-22 22:38:05','2022-12-22 22:38:05'),(32,'Rotation Vector Sensor',8,0,NULL,178,0,0,0,0,'2022-12-22 22:38:05','2022-12-22 22:38:05'),(33,'Orientation Sensor',3,0,NULL,178,0,0,0,0,'2022-12-22 22:38:05','2022-12-22 22:38:05');

--
-- Table structure for table `glpi_devicesensortypes`
--

CREATE TABLE `glpi_devicesensortypes` (
  `id` int unsigned NOT NULL AUTO_INCREMENT,
  `name` varchar(255) COLLATE utf8mb4_unicode_ci DEFAULT NULL,
  `comment` text COLLATE utf8mb4_unicode_ci,
  PRIMARY KEY (`id`),
  KEY `name` (`name`)
) ENGINE=InnoDB AUTO_INCREMENT=9 DEFAULT CHARSET=utf8mb4 COLLATE=utf8mb4_unicode_ci ROW_FORMAT=DYNAMIC;

--
-- Dumping data for table `glpi_devicesensortypes`
--

INSERT INTO `glpi_devicesensortypes` VALUES (1,'ACCELEROMETER',''),(2,'MAGNETIC FIELD',''),(3,'Unknow',''),(4,'GYROSCOPE',''),(5,'PROXIMITY',''),(6,'GRAVITY',''),(7,'LINEAR ACCELERATION',''),(8,'ROTATION VECTOR','');

--
-- Table structure for table `glpi_devicesimcards`
--

CREATE TABLE `glpi_devicesimcards` (
  `id` int unsigned NOT NULL AUTO_INCREMENT,
  `designation` varchar(255) COLLATE utf8mb4_unicode_ci DEFAULT NULL,
  `comment` text COLLATE utf8mb4_unicode_ci,
  `entities_id` int unsigned NOT NULL DEFAULT '0',
  `is_recursive` tinyint NOT NULL DEFAULT '0',
  `manufacturers_id` int unsigned NOT NULL DEFAULT '0',
  `voltage` int DEFAULT NULL,
  `devicesimcardtypes_id` int unsigned NOT NULL DEFAULT '0',
  `date_mod` timestamp NULL DEFAULT NULL,
  `date_creation` timestamp NULL DEFAULT NULL,
  `allow_voip` tinyint NOT NULL DEFAULT '0',
  PRIMARY KEY (`id`),
  KEY `designation` (`designation`),
  KEY `entities_id` (`entities_id`),
  KEY `is_recursive` (`is_recursive`),
  KEY `devicesimcardtypes_id` (`devicesimcardtypes_id`),
  KEY `date_mod` (`date_mod`),
  KEY `date_creation` (`date_creation`),
  KEY `manufacturers_id` (`manufacturers_id`)
) ENGINE=InnoDB AUTO_INCREMENT=2 DEFAULT CHARSET=utf8mb4 COLLATE=utf8mb4_unicode_ci ROW_FORMAT=DYNAMIC;

--
-- Dumping data for table `glpi_devicesimcards`
--

INSERT INTO `glpi_devicesimcards` VALUES (1,'Tarjeta SIM',NULL,0,0,0,NULL,0,'2022-12-22 22:38:05','2022-12-22 22:38:05',0);

--
-- Table structure for table `glpi_devicesimcardtypes`
--

CREATE TABLE `glpi_devicesimcardtypes` (
  `id` int unsigned NOT NULL AUTO_INCREMENT,
  `name` varchar(255) COLLATE utf8mb4_unicode_ci NOT NULL DEFAULT '',
  `comment` text COLLATE utf8mb4_unicode_ci,
  `date_mod` timestamp NULL DEFAULT NULL,
  `date_creation` timestamp NULL DEFAULT NULL,
  PRIMARY KEY (`id`),
  KEY `name` (`name`),
  KEY `date_mod` (`date_mod`),
  KEY `date_creation` (`date_creation`)
) ENGINE=InnoDB AUTO_INCREMENT=5 DEFAULT CHARSET=utf8mb4 COLLATE=utf8mb4_unicode_ci ROW_FORMAT=DYNAMIC;

--
-- Dumping data for table `glpi_devicesimcardtypes`
--

INSERT INTO `glpi_devicesimcardtypes` VALUES (1,'Full SIM',NULL,NULL,NULL),(2,'Mini SIM',NULL,NULL,NULL),(3,'Micro SIM',NULL,NULL,NULL),(4,'Nano SIM',NULL,NULL,NULL);

--
-- Table structure for table `glpi_devicesoundcardmodels`
--

CREATE TABLE `glpi_devicesoundcardmodels` (
  `id` int unsigned NOT NULL AUTO_INCREMENT,
  `name` varchar(255) COLLATE utf8mb4_unicode_ci DEFAULT NULL,
  `comment` text COLLATE utf8mb4_unicode_ci,
  `product_number` varchar(255) COLLATE utf8mb4_unicode_ci DEFAULT NULL,
  PRIMARY KEY (`id`),
  KEY `name` (`name`),
  KEY `product_number` (`product_number`)
) ENGINE=InnoDB DEFAULT CHARSET=utf8mb4 COLLATE=utf8mb4_unicode_ci ROW_FORMAT=DYNAMIC;

--
-- Dumping data for table `glpi_devicesoundcardmodels`
--


--
-- Table structure for table `glpi_devicesoundcards`
--

CREATE TABLE `glpi_devicesoundcards` (
  `id` int unsigned NOT NULL AUTO_INCREMENT,
  `designation` varchar(255) COLLATE utf8mb4_unicode_ci DEFAULT NULL,
  `type` varchar(255) COLLATE utf8mb4_unicode_ci DEFAULT NULL,
  `comment` text COLLATE utf8mb4_unicode_ci,
  `manufacturers_id` int unsigned NOT NULL DEFAULT '0',
  `entities_id` int unsigned NOT NULL DEFAULT '0',
  `is_recursive` tinyint NOT NULL DEFAULT '0',
  `devicesoundcardmodels_id` int unsigned DEFAULT NULL,
  `date_mod` timestamp NULL DEFAULT NULL,
  `date_creation` timestamp NULL DEFAULT NULL,
  PRIMARY KEY (`id`),
  KEY `designation` (`designation`),
  KEY `manufacturers_id` (`manufacturers_id`),
  KEY `entities_id` (`entities_id`),
  KEY `is_recursive` (`is_recursive`),
  KEY `date_mod` (`date_mod`),
  KEY `date_creation` (`date_creation`),
  KEY `devicesoundcardmodels_id` (`devicesoundcardmodels_id`)
) ENGINE=InnoDB AUTO_INCREMENT=40 DEFAULT CHARSET=utf8mb4 COLLATE=utf8mb4_unicode_ci ROW_FORMAT=DYNAMIC;

--
-- Dumping data for table `glpi_devicesoundcards`
--

INSERT INTO `glpi_devicesoundcards` VALUES (1,'Realtek High Definition Audio',NULL,'Realtek High Definition Audio',92,0,0,NULL,'2022-12-22 21:42:44','2022-12-22 21:42:44'),(2,'AMD High Definition Audio Device',NULL,'AMD High Definition Audio Device',93,0,0,NULL,'2022-12-22 21:42:44','2022-12-22 21:42:44'),(3,'AMD Streaming Audio Device',NULL,'AMD Streaming Audio Device',159,0,0,NULL,'2022-12-22 22:07:37','2022-12-22 22:07:37'),(4,'USB Audio Device',NULL,'USB Audio Device',160,9,0,NULL,'2023-05-09 17:58:47','2022-12-22 22:07:37'),(5,'THX Spatial',NULL,'THX Spatial',181,0,0,NULL,'2022-12-27 09:12:33','2022-12-27 09:12:33'),(6,'THX Spatial - Synapse',NULL,'THX Spatial - Synapse',182,0,0,NULL,'2022-12-27 09:12:33','2022-12-27 09:12:33'),(7,'Razer Audio Controller - Chat',NULL,'Razer Audio Controller - Chat',179,0,0,NULL,'2022-12-28 09:05:04','2022-12-28 09:05:04'),(8,'Razer Audio Controller - Game',NULL,'Razer Audio Controller - Game',179,0,0,NULL,'2022-12-28 09:05:04','2022-12-28 09:05:04'),(9,'Nahimic mirroring device',NULL,'Nahimic mirroring device',213,0,0,NULL,'2023-02-24 15:41:54','2023-02-24 15:41:54'),(10,'AMD Audio Device',NULL,'AMD Audio Device',159,0,0,NULL,'2023-02-24 15:41:54','2023-02-24 15:41:54'),(11,'Intel(R) Display Audio',NULL,'Intel(R) Display Audio',217,0,0,NULL,'2023-03-08 15:39:14','2023-03-08 15:39:14'),(12,'High Definition Audio Device',NULL,'High Definition Audio Device',96,0,0,NULL,'2023-03-08 15:39:14','2023-03-08 15:39:14'),(13,'Realtek Audio',NULL,'Realtek Audio',96,0,0,NULL,'2023-03-17 17:25:23','2023-03-17 17:25:23'),(14,'Realtek High Definition Audio',NULL,'Realtek High Definition Audio',96,0,0,NULL,'2023-04-26 15:43:19','2023-04-26 15:43:19'),(15,'THX Spatial - Synapse',NULL,'THX Spatial - Synapse',96,0,0,NULL,'2023-04-26 15:43:19','2023-04-26 15:43:19'),(16,'USB Audio 2.0',NULL,'USB Audio 2.0',96,0,0,NULL,'2023-04-26 16:41:05','2023-04-26 16:41:05'),(17,'High Definition Audio Device',NULL,'High Definition Audio Device',96,8,0,NULL,'2023-03-08 15:39:14','2023-03-08 15:39:14'),(18,'NVIDIA High Definition Audio',NULL,'NVIDIA High Definition Audio',299,9,0,NULL,'2023-05-09 17:58:47','2023-05-03 17:28:35'),(19,'Senary Audio',NULL,'Senary Audio',303,9,0,NULL,'2023-05-09 17:58:47','2023-05-03 17:36:46'),(20,'Intel® Smart Sound Technology for Digital Microphones',NULL,'Intel® Smart Sound Technology for Digital Microphones',217,9,0,NULL,'2023-05-09 17:58:47','2023-05-03 17:36:46'),(21,'NVIDIA Virtual Audio Device (Wave Extensible) (WDM)',NULL,'NVIDIA Virtual Audio Device (Wave Extensible) (WDM)',299,0,0,NULL,'2023-05-03 17:45:11','2023-05-03 17:45:11'),(22,'Sonido Intel(R) para pantallas',NULL,'Sonido Intel(R) para pantallas',217,12,0,NULL,'2023-05-09 18:00:51','2023-05-08 14:55:59'),(23,'High Definition Audio Device',NULL,'High Definition Audio Device',96,9,0,NULL,'2023-03-08 15:39:14','2023-03-08 15:39:14'),(24,'Intel(R) Display Audio',NULL,'Intel(R) Display Audio',217,9,0,NULL,'2023-03-08 15:39:14','2023-03-08 15:39:14'),(25,'Realtek High Definition Audio',NULL,'Realtek High Definition Audio',92,9,0,NULL,'2022-12-22 21:42:44','2022-12-22 21:42:44'),(26,'NVIDIA Virtual Audio Device (Wave Extensible) (WDM)',NULL,'NVIDIA Virtual Audio Device (Wave Extensible) (WDM)',299,9,0,NULL,'2023-05-03 17:45:11','2023-05-03 17:45:11'),(27,'Intel(R) Display Audio',NULL,'Intel(R) Display Audio',217,10,0,NULL,'2023-03-08 15:39:14','2023-03-08 15:39:14'),(28,'High Definition Audio Device',NULL,'High Definition Audio Device',96,10,0,NULL,'2023-03-08 15:39:14','2023-03-08 15:39:14'),(29,'Realtek High Definition Audio',NULL,'Realtek High Definition Audio',92,12,0,NULL,'2022-12-22 21:42:44','2022-12-22 21:42:44'),(30,'Intel(R) Display Audio',NULL,'Intel(R) Display Audio',217,12,0,NULL,'2023-03-08 15:39:14','2023-03-08 15:39:14'),(31,'NVIDIA Virtual Audio Device (Wave Extensible) (WDM)',NULL,'NVIDIA Virtual Audio Device (Wave Extensible) (WDM)',299,12,0,NULL,'2023-05-03 17:45:11','2023-05-03 17:45:11'),(32,'High Definition Audio Device',NULL,'High Definition Audio Device',96,13,0,NULL,'2023-03-08 15:39:14','2023-03-08 15:39:14'),(33,'Intel(R) Display Audio',NULL,'Intel(R) Display Audio',217,13,0,NULL,'2023-03-08 15:39:14','2023-03-08 15:39:14'),(34,'High Definition Audio Device',NULL,'High Definition Audio Device',96,16,0,NULL,'2023-03-08 15:39:14','2023-03-08 15:39:14'),(35,'Intel(R) Display Audio',NULL,'Intel(R) Display Audio',217,16,0,NULL,'2023-03-08 15:39:14','2023-03-08 15:39:14'),(36,'AMD High Definition Audio Device',NULL,'AMD High Definition Audio Device',93,16,0,NULL,'2022-12-22 21:42:44','2022-12-22 21:42:44'),(37,'Realtek Audio',NULL,'Realtek Audio',96,16,0,NULL,'2023-03-17 17:25:23','2023-03-17 17:25:23'),(38,'AMD High Definition Audio Device',NULL,'AMD High Definition Audio Device',93,17,0,NULL,'2022-12-22 21:42:44','2022-12-22 21:42:44'),(39,'Realtek Audio',NULL,'Realtek Audio',96,17,0,NULL,'2023-03-17 17:25:23','2023-03-17 17:25:23');

--
-- Table structure for table `glpi_displaypreferences`
--

CREATE TABLE `glpi_displaypreferences` (
  `id` int unsigned NOT NULL AUTO_INCREMENT,
  `itemtype` varchar(100) COLLATE utf8mb4_unicode_ci NOT NULL,
  `num` int NOT NULL DEFAULT '0',
  `rank` int NOT NULL DEFAULT '0',
  `users_id` int unsigned NOT NULL DEFAULT '0',
  PRIMARY KEY (`id`),
  UNIQUE KEY `unicity` (`users_id`,`itemtype`,`num`),
  KEY `rank` (`rank`),
  KEY `num` (`num`),
  KEY `itemtype` (`itemtype`)
) ENGINE=InnoDB AUTO_INCREMENT=371 DEFAULT CHARSET=utf8mb4 COLLATE=utf8mb4_unicode_ci ROW_FORMAT=DYNAMIC;

--
-- Dumping data for table `glpi_displaypreferences`
--

INSERT INTO `glpi_displaypreferences` VALUES (1,'Computer',4,4,0),(2,'Computer',45,3,0),(3,'Computer',40,6,0),(4,'Computer',5,7,0),(5,'Computer',23,5,0),(6,'DocumentType',3,1,0),(7,'Monitor',31,1,0),(8,'Monitor',23,2,0),(9,'Monitor',3,3,0),(10,'Monitor',4,4,0),(11,'Printer',31,1,0),(13,'NetworkEquipment',23,2,0),(14,'Printer',23,2,0),(15,'Printer',3,3,0),(16,'Software',4,3,0),(17,'Software',5,2,0),(18,'Software',23,1,0),(19,'CartridgeItem',4,2,0),(20,'CartridgeItem',34,1,0),(21,'Peripheral',3,3,0),(22,'Peripheral',23,2,0),(23,'Peripheral',31,1,0),(27,'Computer',17,10,0),(29,'NetworkEquipment',4,4,0),(32,'Printer',4,4,0),(33,'Printer',19,6,0),(34,'Monitor',19,6,0),(35,'Monitor',7,7,0),(36,'Peripheral',4,4,0),(37,'Peripheral',19,6,0),(38,'Peripheral',7,7,0),(39,'Contact',3,1,0),(40,'Contact',4,2,0),(41,'Contact',5,3,0),(42,'Contact',6,4,0),(43,'Contact',9,5,0),(44,'Supplier',9,1,0),(45,'Supplier',3,2,0),(46,'Supplier',4,3,0),(47,'Supplier',5,4,0),(48,'Supplier',10,5,0),(49,'Supplier',6,6,0),(50,'Contract',4,1,0),(51,'Contract',3,2,0),(52,'Contract',5,3,0),(53,'Contract',6,4,0),(54,'Contract',7,5,0),(55,'Contract',11,6,0),(56,'CartridgeItem',23,3,0),(57,'CartridgeItem',3,4,0),(58,'DocumentType',6,2,0),(59,'DocumentType',4,3,0),(60,'DocumentType',5,4,0),(61,'Document',3,1,0),(62,'Document',4,2,0),(63,'Document',7,3,0),(64,'Document',5,4,0),(65,'Document',16,5,0),(66,'User',34,1,0),(67,'User',5,3,0),(68,'User',6,4,0),(69,'User',3,5,0),(70,'ConsumableItem',34,1,0),(71,'ConsumableItem',4,2,0),(72,'ConsumableItem',23,3,0),(73,'ConsumableItem',3,4,0),(74,'NetworkEquipment',40,5,0),(75,'Printer',40,5,0),(76,'Monitor',40,5,0),(77,'Peripheral',40,5,0),(78,'User',8,6,0),(79,'Phone',31,1,0),(80,'Phone',23,2,0),(81,'Phone',3,3,0),(82,'Phone',4,4,0),(83,'Phone',40,5,0),(84,'Phone',19,6,0),(85,'Phone',7,7,0),(86,'Group',16,1,0),(87,'AllAssets',31,1,0),(88,'ReservationItem',4,1,0),(89,'ReservationItem',3,2,0),(90,'Budget',3,2,0),(91,'Software',72,4,0),(92,'Software',163,5,0),(93,'Budget',5,1,0),(94,'Budget',4,3,0),(95,'Budget',19,4,0),(96,'CronTask',8,1,0),(97,'CronTask',3,2,0),(98,'CronTask',4,3,0),(99,'CronTask',7,4,0),(100,'RequestType',14,1,0),(101,'RequestType',15,2,0),(102,'NotificationTemplate',4,1,0),(103,'NotificationTemplate',16,2,0),(104,'Notification',5,1,0),(105,'Notification',6,2,0),(106,'Notification',2,3,0),(107,'Notification',4,4,0),(108,'Notification',80,5,0),(109,'Notification',86,6,0),(110,'MailCollector',2,1,0),(111,'MailCollector',19,2,0),(112,'AuthLDAP',3,1,0),(113,'AuthLDAP',19,2,0),(114,'AuthMail',3,1,0),(115,'AuthMail',19,2,0),(116,'IPNetwork',18,1,0),(117,'WifiNetwork',10,1,0),(118,'Profile',2,1,0),(119,'Profile',3,2,0),(120,'Profile',19,3,0),(121,'Transfer',19,1,0),(122,'TicketValidation',3,1,0),(123,'TicketValidation',2,2,0),(124,'TicketValidation',8,3,0),(125,'TicketValidation',4,4,0),(126,'TicketValidation',9,5,0),(127,'TicketValidation',7,6,0),(128,'NotImportedEmail',2,1,0),(129,'NotImportedEmail',5,2,0),(130,'NotImportedEmail',4,3,0),(131,'NotImportedEmail',6,4,0),(132,'NotImportedEmail',16,5,0),(133,'NotImportedEmail',19,6,0),(134,'RuleRightParameter',11,1,0),(135,'Ticket',12,1,0),(136,'Ticket',19,2,0),(137,'Ticket',15,3,0),(138,'Ticket',3,4,0),(139,'Ticket',4,5,0),(140,'Ticket',5,6,0),(141,'Ticket',7,7,0),(142,'Calendar',19,1,0),(143,'Holiday',11,1,0),(144,'Holiday',12,2,0),(145,'Holiday',13,3,0),(146,'SLA',4,1,0),(147,'Ticket',18,8,0),(148,'AuthLDAP',30,3,0),(149,'AuthMail',6,3,0),(150,'FQDN',11,1,0),(151,'FieldUnicity',1,1,0),(152,'FieldUnicity',80,2,0),(153,'FieldUnicity',4,3,0),(154,'FieldUnicity',3,4,0),(155,'FieldUnicity',86,5,0),(156,'FieldUnicity',30,6,0),(157,'Problem',21,1,0),(158,'Problem',12,2,0),(159,'Problem',19,3,0),(160,'Problem',15,4,0),(161,'Problem',3,5,0),(162,'Problem',7,6,0),(163,'Problem',18,7,0),(164,'Vlan',11,1,0),(165,'TicketRecurrent',11,1,0),(166,'TicketRecurrent',12,2,0),(167,'TicketRecurrent',13,3,0),(168,'TicketRecurrent',15,4,0),(169,'TicketRecurrent',14,5,0),(170,'Reminder',2,1,0),(171,'Reminder',3,2,0),(172,'Reminder',4,3,0),(173,'Reminder',5,4,0),(174,'Reminder',6,5,0),(175,'Reminder',7,6,0),(176,'IPNetwork',10,2,0),(177,'IPNetwork',11,3,0),(178,'IPNetwork',12,4,0),(179,'IPNetwork',17,5,0),(180,'NetworkName',12,1,0),(181,'NetworkName',13,2,0),(182,'RSSFeed',2,1,0),(183,'RSSFeed',4,2,0),(184,'RSSFeed',5,3,0),(185,'RSSFeed',19,4,0),(186,'RSSFeed',6,5,0),(187,'RSSFeed',7,6,0),(188,'Blacklist',12,1,0),(189,'Blacklist',11,2,0),(190,'ReservationItem',5,3,0),(197,'Change',12,1,0),(198,'Change',19,2,0),(199,'Change',15,3,0),(200,'Change',7,4,0),(201,'Change',18,5,0),(202,'Project',3,1,0),(203,'Project',4,2,0),(204,'Project',12,3,0),(205,'Project',5,4,0),(206,'Project',15,5,0),(207,'Project',21,6,0),(208,'ProjectState',12,1,0),(209,'ProjectState',11,2,0),(210,'ProjectTask',2,1,0),(211,'ProjectTask',12,2,0),(212,'ProjectTask',14,3,0),(213,'ProjectTask',5,4,0),(214,'ProjectTask',7,5,0),(215,'ProjectTask',8,6,0),(216,'ProjectTask',13,7,0),(217,'CartridgeItem',9,5,0),(218,'ConsumableItem',9,5,0),(219,'ReservationItem',9,4,0),(220,'SoftwareLicense',1,1,0),(221,'SoftwareLicense',3,2,0),(222,'SoftwareLicense',10,3,0),(223,'SoftwareLicense',162,4,0),(224,'SoftwareLicense',5,5,0),(225,'SavedSearch',8,1,0),(226,'SavedSearch',9,1,0),(227,'SavedSearch',3,1,0),(228,'SavedSearch',10,1,0),(229,'SavedSearch',11,1,0),(230,'Plugin',2,1,0),(231,'Plugin',3,2,0),(232,'Plugin',4,3,0),(233,'Plugin',5,4,0),(234,'Plugin',6,5,0),(235,'Plugin',7,6,0),(236,'Plugin',8,7,0),(237,'Cluster',31,1,0),(238,'Cluster',19,2,0),(239,'Domain',3,1,0),(240,'Domain',4,2,0),(241,'Domain',2,3,0),(242,'Domain',6,4,0),(243,'Domain',7,5,0),(244,'DomainRecord',2,1,0),(245,'DomainRecord',3,2,0),(246,'Appliance',2,1,0),(247,'Appliance',3,2,0),(248,'Appliance',4,3,0),(249,'Appliance',5,4,0),(250,'Lockedfield',3,1,0),(251,'Lockedfield',13,2,0),(252,'Lockedfield',5,3,0),(253,'Unmanaged',2,1,0),(254,'Unmanaged',4,2,0),(255,'Unmanaged',3,3,0),(256,'Unmanaged',5,4,0),(257,'Unmanaged',7,5,0),(258,'Unmanaged',10,6,0),(259,'Unmanaged',18,7,0),(260,'Unmanaged',14,8,0),(261,'Unmanaged',15,9,0),(262,'Unmanaged',9,10,0),(263,'NetworkPortType',10,1,0),(264,'NetworkPortType',11,2,0),(265,'NetworkPortType',12,3,0),(266,'NetworkPort',3,1,0),(267,'NetworkPort',30,2,0),(268,'NetworkPort',31,3,0),(269,'NetworkPort',32,4,0),(270,'NetworkPort',33,5,0),(271,'NetworkPort',34,6,0),(272,'NetworkPort',35,7,0),(273,'NetworkPort',36,8,0),(274,'NetworkPort',38,9,0),(275,'NetworkPort',39,10,0),(276,'NetworkPort',40,11,0),(277,'USBVendor',10,1,0),(278,'USBVendor',11,2,0),(279,'PCIVendor',10,1,0),(280,'PCIVendor',11,2,0),(281,'Agent',2,1,0),(282,'Agent',4,2,0),(283,'Agent',10,3,0),(284,'Agent',8,4,0),(285,'Agent',11,5,0),(286,'Agent',6,6,0),(287,'Agent',15,7,0),(288,'Database',2,1,0),(289,'Database',3,2,0),(290,'Database',6,3,0),(291,'Database',9,4,0),(292,'Database',10,5,0),(293,'Glpi\\Socket',5,1,0),(294,'Glpi\\Socket',6,2,0),(295,'Glpi\\Socket',9,3,0),(296,'Glpi\\Socket',8,4,0),(297,'Glpi\\Socket',7,5,0),(298,'Cable',4,1,0),(299,'Cable',31,2,0),(300,'Cable',6,3,0),(301,'Cable',15,4,0),(302,'Cable',24,5,0),(303,'Cable',8,6,0),(304,'Cable',10,7,0),(305,'Cable',13,8,0),(306,'Cable',14,9,0),(307,'PluginGlpiinventoryTask',2,1,0),(308,'PluginGlpiinventoryTask',3,2,0),(309,'PluginGlpiinventoryTask',4,3,0),(310,'PluginGlpiinventoryTask',5,4,0),(311,'PluginGlpiinventoryTask',6,5,0),(312,'PluginGlpiinventoryTask',7,6,0),(313,'PluginGlpiinventoryTask',30,7,0),(314,'PluginGlpiinventoryIPRange',2,1,0),(315,'PluginGlpiinventoryIPRange',3,2,0),(316,'PluginGlpiinventoryIPRange',4,3,0),(317,'PluginGlpiinventoryTaskjob',1,1,0),(318,'PluginGlpiinventoryTaskjob',2,2,0),(319,'PluginGlpiinventoryTaskjob',3,3,0),(320,'PluginGlpiinventoryTaskjob',4,4,0),(321,'PluginGlpiinventoryTaskjob',5,5,0),(322,'PluginGlpiinventoryInventoryComputerBlacklist',2,1,0),(323,'PluginGlpiinventoryTaskjoblog',2,1,0),(324,'PluginGlpiinventoryTaskjoblog',3,2,0),(325,'PluginGlpiinventoryTaskjoblog',4,3,0),(326,'PluginGlpiinventoryTaskjoblog',5,4,0),(327,'PluginGlpiinventoryTaskjoblog',6,5,0),(328,'PluginGlpiinventoryTaskjoblog',7,6,0),(329,'PluginGlpiinventoryTaskjoblog',8,7,0),(330,'PluginGlpiinventoryStateDiscovery',2,1,0),(331,'PluginGlpiinventoryStateDiscovery',4,2,0),(332,'PluginGlpiinventoryStateDiscovery',5,3,0),(333,'PluginGlpiinventoryStateDiscovery',6,4,0),(334,'PluginGlpiinventoryStateDiscovery',7,5,0),(335,'PluginGlpiinventoryStateDiscovery',8,6,0),(336,'PluginGlpiinventoryStateDiscovery',9,7,0),(337,'PluginGlpiinventoryStateDiscovery',10,8,0),(338,'PluginGlpiinventoryStateDiscovery',11,9,0),(339,'PluginGlpiinventoryStateDiscovery',12,10,0),(340,'PluginMreportingConfig',2,2,0),(341,'PluginMreportingConfig',3,3,0),(342,'PluginMreportingConfig',4,4,0),(343,'PluginMreportingConfig',5,5,0),(344,'PluginMreportingConfig',6,6,0),(345,'PluginMreportingConfig',8,8,0),(346,'NetworkPort',6,12,0),(347,'QueuedNotification',16,1,0),(348,'QueuedNotification',7,2,0),(349,'QueuedNotification',20,3,0),(350,'QueuedNotification',21,4,0),(351,'QueuedNotification',22,5,0),(352,'QueuedNotification',15,6,0),(353,'PluginOauthimapApplication',1,1,0),(354,'PluginOauthimapApplication',5,2,0),(355,'PluginOauthimapApplication',6,3,0),(356,'PluginOauthimapApplication',7,4,0),(357,'PluginOauthimapApplication',121,5,0),(358,'PluginOauthimapApplication',19,6,0),(359,'Computer',70,1,0),(360,'NetworkEquipment',5,8,0),(361,'NetworkEquipment',16,11,0),(362,'NetworkEquipment',32,9,0),(363,'NetworkEquipment',157,10,0),(364,'Computer',111,11,0),(366,'Computer',16,14,0),(368,'Computer',114,15,0),(369,'Budget',121,5,0),(370,'Budget',6,6,0);

--
-- Table structure for table `glpi_documentcategories`
--

CREATE TABLE `glpi_documentcategories` (
  `id` int unsigned NOT NULL AUTO_INCREMENT,
  `name` varchar(255) COLLATE utf8mb4_unicode_ci DEFAULT NULL,
  `comment` text COLLATE utf8mb4_unicode_ci,
  `documentcategories_id` int unsigned NOT NULL DEFAULT '0',
  `completename` text COLLATE utf8mb4_unicode_ci,
  `level` int NOT NULL DEFAULT '0',
  `ancestors_cache` longtext COLLATE utf8mb4_unicode_ci,
  `sons_cache` longtext COLLATE utf8mb4_unicode_ci,
  `date_mod` timestamp NULL DEFAULT NULL,
  `date_creation` timestamp NULL DEFAULT NULL,
  PRIMARY KEY (`id`),
  UNIQUE KEY `unicity` (`documentcategories_id`,`name`),
  KEY `name` (`name`),
  KEY `date_mod` (`date_mod`),
  KEY `date_creation` (`date_creation`)
) ENGINE=InnoDB DEFAULT CHARSET=utf8mb4 COLLATE=utf8mb4_unicode_ci ROW_FORMAT=DYNAMIC;

--
-- Dumping data for table `glpi_documentcategories`
--


--
-- Table structure for table `glpi_documents`
--

CREATE TABLE `glpi_documents` (
  `id` int unsigned NOT NULL AUTO_INCREMENT,
  `entities_id` int unsigned NOT NULL DEFAULT '0',
  `is_recursive` tinyint NOT NULL DEFAULT '0',
  `name` varchar(255) COLLATE utf8mb4_unicode_ci DEFAULT NULL,
  `filename` varchar(255) COLLATE utf8mb4_unicode_ci DEFAULT NULL COMMENT 'for display and transfert',
  `filepath` varchar(255) COLLATE utf8mb4_unicode_ci DEFAULT NULL COMMENT 'file storage path',
  `documentcategories_id` int unsigned NOT NULL DEFAULT '0',
  `mime` varchar(255) COLLATE utf8mb4_unicode_ci DEFAULT NULL,
  `date_mod` timestamp NULL DEFAULT NULL,
  `comment` text COLLATE utf8mb4_unicode_ci,
  `is_deleted` tinyint NOT NULL DEFAULT '0',
  `link` varchar(255) COLLATE utf8mb4_unicode_ci DEFAULT NULL,
  `users_id` int unsigned NOT NULL DEFAULT '0',
  `tickets_id` int unsigned NOT NULL DEFAULT '0',
  `sha1sum` char(40) COLLATE utf8mb4_unicode_ci DEFAULT NULL,
  `is_blacklisted` tinyint NOT NULL DEFAULT '0',
  `tag` varchar(255) COLLATE utf8mb4_unicode_ci DEFAULT NULL,
  `date_creation` timestamp NULL DEFAULT NULL,
  PRIMARY KEY (`id`),
  KEY `date_mod` (`date_mod`),
  KEY `name` (`name`),
  KEY `entities_id` (`entities_id`),
  KEY `is_recursive` (`is_recursive`),
  KEY `tickets_id` (`tickets_id`),
  KEY `users_id` (`users_id`),
  KEY `documentcategories_id` (`documentcategories_id`),
  KEY `is_deleted` (`is_deleted`),
  KEY `sha1sum` (`sha1sum`),
  KEY `tag` (`tag`),
  KEY `date_creation` (`date_creation`)
) ENGINE=InnoDB AUTO_INCREMENT=6 DEFAULT CHARSET=utf8mb4 COLLATE=utf8mb4_unicode_ci ROW_FORMAT=DYNAMIC;

--
-- Dumping data for table `glpi_documents`
--

INSERT INTO `glpi_documents` VALUES (1,0,0,'image.png','image.png','PNG/2b/edabe8c3a6dc6a75c5aa98185de7274dd59ba3.PNG',0,'image/png','2022-12-30 13:27:01',NULL,0,NULL,0,0,'2bedabe8c3a6dc6a75c5aa98185de7274dd59ba3',0,'c1e32a11-e509fb39-63af3b8695f206.58049662','2022-12-30 13:27:01'),(2,0,0,'plan-flexible-de-help-desk.pdf','plan-flexible-de-help-desk.pdf','PDF/1a/7447849be005e359307d1e4127493d908babe7.PDF',0,'application/pdf','2022-12-30 13:27:01',NULL,0,NULL,0,0,'1a7447849be005e359307d1e4127493d908babe7',0,'c1e32a11-e509fb39-63af3b86c50cd5.32664960','2022-12-30 13:27:01'),(3,0,0,'Copia de 1670360156755_1670360137519_1670360133407_815.1.2.3  GRA BPgr,10064pza100g  18 rev(1).xlsx','Copia de 1670360156755_1670360137519_1670360133407_815.1.2.3  GRA BPgr,10064pza100g  18 rev(1).xlsx','XLSX/21/502396a178a2c04aa160477dcfc6f305e1ace5.XLSX',0,'application/vnd.openxmlformats-officedocument.spreadsheetml.sheet','2022-12-30 13:28:23',NULL,0,NULL,2,0,'21502396a178a2c04aa160477dcfc6f305e1ace5',0,'c1e32a11-e509fb39-63af3bd349f1b0.43357420','2022-12-30 13:28:23'),(4,0,0,'dolibarr_logo.png','dolibarr_logo.png','PNG/0e/24340d7a8a8851fe40cbbcce6ef004fb9c6255.PNG',0,'image/png','2022-12-30 13:40:01',NULL,0,NULL,0,0,'0e24340d7a8a8851fe40cbbcce6ef004fb9c6255',0,'c1e32a11-e509fb39-63af3e940ee408.97502459','2022-12-30 13:40:01'),(5,0,0,'Documento de caso 0','1.PNG','PNG/fb/d5965cd632a5b0efee52d8d5c38ca43e78971f.PNG',0,'image/png','2023-02-21 12:59:45',NULL,0,NULL,2,0,'fbd5965cd632a5b0efee52d8d5c38ca43e78971f',0,'c1e32a11-17fd480d-63f5149490c065.18745506','2023-02-21 12:59:45');

--
-- Table structure for table `glpi_documents_items`
--

CREATE TABLE `glpi_documents_items` (
  `id` int unsigned NOT NULL AUTO_INCREMENT,
  `documents_id` int unsigned NOT NULL DEFAULT '0',
  `items_id` int unsigned NOT NULL DEFAULT '0',
  `itemtype` varchar(100) COLLATE utf8mb4_unicode_ci NOT NULL,
  `entities_id` int unsigned NOT NULL DEFAULT '0',
  `is_recursive` tinyint NOT NULL DEFAULT '0',
  `date_mod` timestamp NULL DEFAULT NULL,
  `users_id` int unsigned DEFAULT '0',
  `timeline_position` tinyint NOT NULL DEFAULT '0',
  `date_creation` timestamp NULL DEFAULT NULL,
  `date` timestamp NULL DEFAULT NULL,
  PRIMARY KEY (`id`),
  UNIQUE KEY `unicity` (`documents_id`,`itemtype`,`items_id`,`timeline_position`),
  KEY `item` (`itemtype`,`items_id`,`entities_id`,`is_recursive`),
  KEY `users_id` (`users_id`),
  KEY `entities_id` (`entities_id`),
  KEY `is_recursive` (`is_recursive`),
  KEY `date_creation` (`date_creation`),
  KEY `date_mod` (`date_mod`),
  KEY `date` (`date`)
) ENGINE=InnoDB AUTO_INCREMENT=6 DEFAULT CHARSET=utf8mb4 COLLATE=utf8mb4_unicode_ci ROW_FORMAT=DYNAMIC;

--
-- Dumping data for table `glpi_documents_items`
--

INSERT INTO `glpi_documents_items` VALUES (1,1,23,'ITILFollowup',0,0,'2022-12-30 13:27:01',0,-1,'2022-12-30 13:27:01','2022-12-30 13:25:49'),(2,2,23,'ITILFollowup',0,0,'2022-12-30 13:27:01',0,1,'2022-12-30 13:27:01','2022-12-30 13:25:49'),(3,3,24,'ITILFollowup',0,0,'2022-12-30 13:28:23',2,1,'2022-12-30 13:28:23','2022-12-30 13:28:23'),(4,1,26,'ITILFollowup',0,0,'2022-12-30 13:40:01',0,1,'2022-12-30 13:40:01','2022-12-30 13:39:20'),(5,4,26,'ITILFollowup',0,0,'2022-12-30 13:40:01',0,-1,'2022-12-30 13:40:01','2022-12-30 13:39:20');

--
-- Table structure for table `glpi_documenttypes`
--

CREATE TABLE `glpi_documenttypes` (
  `id` int unsigned NOT NULL AUTO_INCREMENT,
  `name` varchar(255) COLLATE utf8mb4_unicode_ci DEFAULT NULL,
  `ext` varchar(255) COLLATE utf8mb4_unicode_ci DEFAULT NULL,
  `icon` varchar(255) COLLATE utf8mb4_unicode_ci DEFAULT NULL,
  `mime` varchar(255) COLLATE utf8mb4_unicode_ci DEFAULT NULL,
  `is_uploadable` tinyint NOT NULL DEFAULT '1',
  `date_mod` timestamp NULL DEFAULT NULL,
  `comment` text COLLATE utf8mb4_unicode_ci,
  `date_creation` timestamp NULL DEFAULT NULL,
  PRIMARY KEY (`id`),
  UNIQUE KEY `unicity` (`ext`),
  KEY `name` (`name`),
  KEY `is_uploadable` (`is_uploadable`),
  KEY `date_mod` (`date_mod`),
  KEY `date_creation` (`date_creation`)
) ENGINE=InnoDB AUTO_INCREMENT=73 DEFAULT CHARSET=utf8mb4 COLLATE=utf8mb4_unicode_ci ROW_FORMAT=DYNAMIC;

--
-- Dumping data for table `glpi_documenttypes`
--

INSERT INTO `glpi_documenttypes` VALUES (1,'JPEG','jpg','jpg-dist.png',NULL,1,NULL,NULL,NULL),(2,'PNG','png','png-dist.png',NULL,1,NULL,NULL,NULL),(3,'GIF','gif','gif-dist.png',NULL,1,NULL,NULL,NULL),(4,'BMP','bmp','bmp-dist.png',NULL,1,NULL,NULL,NULL),(5,'Photoshop','psd','psd-dist.png',NULL,1,NULL,NULL,NULL),(6,'TIFF','tif','tif-dist.png',NULL,1,NULL,NULL,NULL),(7,'AIFF','aiff','aiff-dist.png',NULL,1,NULL,NULL,NULL),(8,'Windows Media','asf','asf-dist.png',NULL,1,NULL,NULL,NULL),(9,'Windows Media','avi','avi-dist.png',NULL,1,NULL,NULL,NULL),(10,'BZip','bz2','bz2-dist.png',NULL,1,NULL,NULL,NULL),(11,'Word','doc','doc-dist.png',NULL,1,NULL,NULL,NULL),(12,'DjVu','djvu','',NULL,1,NULL,NULL,NULL),(13,'PostScript','eps','ps-dist.png',NULL,1,NULL,NULL,NULL),(14,'GZ','gz','gz-dist.png',NULL,1,NULL,NULL,NULL),(15,'HTML','html','html-dist.png',NULL,1,NULL,NULL,NULL),(16,'Midi','mid','mid-dist.png',NULL,1,NULL,NULL,NULL),(17,'QuickTime','mov','mov-dist.png',NULL,1,NULL,NULL,NULL),(18,'MP3','mp3','mp3-dist.png',NULL,1,NULL,NULL,NULL),(19,'MPEG','mpg','mpg-dist.png',NULL,1,NULL,NULL,NULL),(20,'Ogg Vorbis','ogg','ogg-dist.png',NULL,1,NULL,NULL,NULL),(21,'PDF','pdf','pdf-dist.png',NULL,1,NULL,NULL,NULL),(22,'PowerPoint','ppt','ppt-dist.png',NULL,1,NULL,NULL,NULL),(23,'PostScript','ps','ps-dist.png',NULL,1,NULL,NULL,NULL),(24,'QuickTime','qt','qt-dist.png',NULL,1,NULL,NULL,NULL),(25,'RealAudio','ra','ra-dist.png',NULL,1,NULL,NULL,NULL),(26,'RealAudio','ram','ram-dist.png',NULL,1,NULL,NULL,NULL),(27,'RealAudio','rm','rm-dist.png',NULL,1,NULL,NULL,NULL),(28,'RTF','rtf','rtf-dist.png',NULL,1,NULL,NULL,NULL),(29,'StarOffice','sdd','sdd-dist.png',NULL,1,NULL,NULL,NULL),(30,'StarOffice','sdw','sdw-dist.png',NULL,1,NULL,NULL,NULL),(31,'Stuffit','sit','sit-dist.png',NULL,1,NULL,NULL,NULL),(32,'OpenOffice Impress','sxi','sxi-dist.png',NULL,1,NULL,NULL,NULL),(33,'OpenOffice','sxw','sxw-dist.png',NULL,1,NULL,NULL,NULL),(34,'Flash','swf','swf-dist.png',NULL,1,NULL,NULL,NULL),(35,'TGZ','tgz','tgz-dist.png',NULL,1,NULL,NULL,NULL),(36,'texte','txt','txt-dist.png',NULL,1,NULL,NULL,NULL),(37,'WAV','wav','wav-dist.png',NULL,1,NULL,NULL,NULL),(38,'Excel','xls','xls-dist.png',NULL,1,NULL,NULL,NULL),(39,'XML','xml','xml-dist.png',NULL,1,NULL,NULL,NULL),(40,'Windows Media','wmv','wmv-dist.png',NULL,1,NULL,NULL,NULL),(41,'Zip','zip','zip-dist.png',NULL,1,NULL,NULL,NULL),(42,'MNG','mng','',NULL,1,NULL,NULL,NULL),(43,'Adobe Illustrator','ai','ai-dist.png',NULL,1,NULL,NULL,NULL),(44,'C source','c','c-dist.png',NULL,1,NULL,NULL,NULL),(45,'Debian','deb','deb-dist.png',NULL,1,NULL,NULL,NULL),(46,'DVI','dvi','dvi-dist.png',NULL,1,NULL,NULL,NULL),(47,'C header','h','h-dist.png',NULL,1,NULL,NULL,NULL),(48,'Pascal','pas','pas-dist.png',NULL,1,NULL,NULL,NULL),(49,'RedHat/Mandrake/SuSE','rpm','rpm-dist.png',NULL,1,NULL,NULL,NULL),(50,'OpenOffice Calc','sxc','sxc-dist.png',NULL,1,NULL,NULL,NULL),(51,'LaTeX','tex','tex-dist.png',NULL,1,NULL,NULL,NULL),(52,'GIMP multi-layer','xcf','xcf-dist.png',NULL,1,NULL,NULL,NULL),(53,'JPEG','jpeg','jpg-dist.png',NULL,1,NULL,NULL,NULL),(54,'Oasis Open Office Writer','odt','odt-dist.png',NULL,1,NULL,NULL,NULL),(55,'Oasis Open Office Calc','ods','ods-dist.png',NULL,1,NULL,NULL,NULL),(56,'Oasis Open Office Impress','odp','odp-dist.png',NULL,1,NULL,NULL,NULL),(57,'Oasis Open Office Impress Template','otp','odp-dist.png',NULL,1,NULL,NULL,NULL),(58,'Oasis Open Office Writer Template','ott','odt-dist.png',NULL,1,NULL,NULL,NULL),(59,'Oasis Open Office Calc Template','ots','ods-dist.png',NULL,1,NULL,NULL,NULL),(60,'Oasis Open Office Math','odf','odf-dist.png',NULL,1,NULL,NULL,NULL),(61,'Oasis Open Office Draw','odg','odg-dist.png',NULL,1,NULL,NULL,NULL),(62,'Oasis Open Office Draw Template','otg','odg-dist.png',NULL,1,NULL,NULL,NULL),(63,'Oasis Open Office Base','odb','odb-dist.png',NULL,1,NULL,NULL,NULL),(64,'Oasis Open Office HTML','oth','oth-dist.png',NULL,1,NULL,NULL,NULL),(65,'Oasis Open Office Writer Master','odm','odm-dist.png',NULL,1,NULL,NULL,NULL),(66,'Oasis Open Office Chart','odc','',NULL,1,NULL,NULL,NULL),(67,'Oasis Open Office Image','odi','',NULL,1,NULL,NULL,NULL),(68,'Word XML','docx','doc-dist.png',NULL,1,NULL,NULL,NULL),(69,'Excel XML','xlsx','xls-dist.png',NULL,1,NULL,NULL,NULL),(70,'PowerPoint XML','pptx','ppt-dist.png',NULL,1,NULL,NULL,NULL),(71,'Comma-Separated Values','csv','csv-dist.png',NULL,1,NULL,NULL,NULL),(72,'Scalable Vector Graphics','svg','svg-dist.png',NULL,1,NULL,NULL,NULL);

--
-- Table structure for table `glpi_domainrecords`
--

CREATE TABLE `glpi_domainrecords` (
  `id` int unsigned NOT NULL AUTO_INCREMENT,
  `name` varchar(255) COLLATE utf8mb4_unicode_ci DEFAULT NULL,
  `data` text COLLATE utf8mb4_unicode_ci,
  `data_obj` text COLLATE utf8mb4_unicode_ci,
  `entities_id` int unsigned NOT NULL DEFAULT '0',
  `is_recursive` tinyint NOT NULL DEFAULT '0',
  `domains_id` int unsigned NOT NULL DEFAULT '0',
  `domainrecordtypes_id` int unsigned NOT NULL DEFAULT '0',
  `ttl` int NOT NULL,
  `users_id_tech` int unsigned NOT NULL DEFAULT '0',
  `groups_id_tech` int unsigned NOT NULL DEFAULT '0',
  `is_deleted` tinyint NOT NULL DEFAULT '0',
  `comment` text COLLATE utf8mb4_unicode_ci,
  `date_mod` timestamp NULL DEFAULT NULL,
  `date_creation` timestamp NULL DEFAULT NULL,
  PRIMARY KEY (`id`),
  KEY `name` (`name`),
  KEY `entities_id` (`entities_id`),
  KEY `is_recursive` (`is_recursive`),
  KEY `domains_id` (`domains_id`),
  KEY `domainrecordtypes_id` (`domainrecordtypes_id`),
  KEY `users_id_tech` (`users_id_tech`),
  KEY `groups_id_tech` (`groups_id_tech`),
  KEY `date_mod` (`date_mod`),
  KEY `is_deleted` (`is_deleted`),
  KEY `date_creation` (`date_creation`)
) ENGINE=InnoDB DEFAULT CHARSET=utf8mb4 COLLATE=utf8mb4_unicode_ci ROW_FORMAT=DYNAMIC;

--
-- Dumping data for table `glpi_domainrecords`
--


--
-- Table structure for table `glpi_domainrecordtypes`
--

CREATE TABLE `glpi_domainrecordtypes` (
  `id` int unsigned NOT NULL AUTO_INCREMENT,
  `name` varchar(255) COLLATE utf8mb4_unicode_ci DEFAULT NULL,
  `fields` text COLLATE utf8mb4_unicode_ci,
  `entities_id` int unsigned NOT NULL DEFAULT '0',
  `is_recursive` tinyint NOT NULL DEFAULT '0',
  `comment` text COLLATE utf8mb4_unicode_ci,
  PRIMARY KEY (`id`),
  KEY `name` (`name`),
  KEY `entities_id` (`entities_id`),
  KEY `is_recursive` (`is_recursive`)
) ENGINE=InnoDB AUTO_INCREMENT=12 DEFAULT CHARSET=utf8mb4 COLLATE=utf8mb4_unicode_ci ROW_FORMAT=DYNAMIC;

--
-- Dumping data for table `glpi_domainrecordtypes`
--

INSERT INTO `glpi_domainrecordtypes` VALUES (1,'A','[]',0,1,'Host address'),(2,'AAAA','[]',0,1,'IPv6 host address'),(3,'ALIAS','[]',0,1,'Auto resolved alias'),(4,'CNAME','[{\"key\":\"target\",\"label\":\"Target\",\"placeholder\":\"sip.example.com.\",\"is_fqdn\":true}]',0,1,'Canonical name for an alias'),(5,'MX','[{\"key\":\"priority\",\"label\":\"Priority\",\"placeholder\":\"10\"},{\"key\":\"server\",\"label\":\"Server\",\"placeholder\":\"mail.example.com.\",\"is_fqdn\":true}]',0,1,'Mail eXchange'),(6,'NS','[]',0,1,'Name Server'),(7,'PTR','[]',0,1,'Pointer'),(8,'SOA','[{\"key\":\"primary_name_server\",\"label\":\"Primary name server\",\"placeholder\":\"ns1.example.com.\",\"is_fqdn\":true},{\"key\":\"primary_contact\",\"label\":\"Primary contact\",\"placeholder\":\"admin.example.com.\",\"is_fqdn\":true},{\"key\":\"serial\",\"label\":\"Serial\",\"placeholder\":\"2020010101\"},{\"key\":\"zone_refresh_timer\",\"label\":\"Zone refresh timer\",\"placeholder\":\"86400\"},{\"key\":\"failed_refresh_retry_timer\",\"label\":\"Failed refresh retry timer\",\"placeholder\":\"7200\"},{\"key\":\"zone_expiry_timer\",\"label\":\"Zone expiry timer\",\"placeholder\":\"1209600\"},{\"key\":\"minimum_ttl\",\"label\":\"Minimum TTL\",\"placeholder\":\"300\"}]',0,1,'Start Of Authority'),(9,'SRV','[{\"key\":\"priority\",\"label\":\"Priority\",\"placeholder\":\"0\"},{\"key\":\"weight\",\"label\":\"Weight\",\"placeholder\":\"10\"},{\"key\":\"port\",\"label\":\"Port\",\"placeholder\":\"5060\"},{\"key\":\"target\",\"label\":\"Target\",\"placeholder\":\"sip.example.com.\",\"is_fqdn\":true}]',0,1,'Location of service'),(10,'TXT','[{\"key\":\"data\",\"label\":\"TXT record data\",\"placeholder\":\"Your TXT record data\",\"quote_value\":true}]',0,1,'Descriptive text'),(11,'CAA','[{\"key\":\"flag\",\"label\":\"Flag\",\"placeholder\":\"0\"},{\"key\":\"tag\",\"label\":\"Tag\",\"placeholder\":\"issue\"},{\"key\":\"value\",\"label\":\"Value\",\"placeholder\":\"letsencrypt.org\",\"quote_value\":true}]',0,1,'Certification Authority Authorization');

--
-- Table structure for table `glpi_domainrelations`
--

CREATE TABLE `glpi_domainrelations` (
  `id` int unsigned NOT NULL AUTO_INCREMENT,
  `name` varchar(255) COLLATE utf8mb4_unicode_ci DEFAULT NULL,
  `entities_id` int unsigned NOT NULL DEFAULT '0',
  `is_recursive` tinyint NOT NULL DEFAULT '0',
  `comment` text COLLATE utf8mb4_unicode_ci,
  PRIMARY KEY (`id`),
  KEY `name` (`name`),
  KEY `entities_id` (`entities_id`),
  KEY `is_recursive` (`is_recursive`)
) ENGINE=InnoDB AUTO_INCREMENT=3 DEFAULT CHARSET=utf8mb4 COLLATE=utf8mb4_unicode_ci ROW_FORMAT=DYNAMIC;

--
-- Dumping data for table `glpi_domainrelations`
--

INSERT INTO `glpi_domainrelations` VALUES (1,'Belongs',0,1,'Item belongs to domain'),(2,'Manage',0,1,'Item manages domain');

--
-- Table structure for table `glpi_domains`
--

CREATE TABLE `glpi_domains` (
  `id` int unsigned NOT NULL AUTO_INCREMENT,
  `name` varchar(255) COLLATE utf8mb4_unicode_ci DEFAULT NULL,
  `entities_id` int unsigned NOT NULL DEFAULT '0',
  `is_recursive` tinyint NOT NULL DEFAULT '0',
  `domaintypes_id` int unsigned NOT NULL DEFAULT '0',
  `date_expiration` timestamp NULL DEFAULT NULL,
  `date_domaincreation` timestamp NULL DEFAULT NULL,
  `users_id_tech` int unsigned NOT NULL DEFAULT '0',
  `groups_id_tech` int unsigned NOT NULL DEFAULT '0',
  `is_deleted` tinyint NOT NULL DEFAULT '0',
  `comment` text COLLATE utf8mb4_unicode_ci,
  `is_template` tinyint NOT NULL DEFAULT '0',
  `template_name` varchar(255) COLLATE utf8mb4_unicode_ci DEFAULT NULL,
  `is_active` tinyint NOT NULL DEFAULT '0',
  `date_mod` timestamp NULL DEFAULT NULL,
  `date_creation` timestamp NULL DEFAULT NULL,
  PRIMARY KEY (`id`),
  KEY `name` (`name`),
  KEY `entities_id` (`entities_id`),
  KEY `is_recursive` (`is_recursive`),
  KEY `domaintypes_id` (`domaintypes_id`),
  KEY `users_id_tech` (`users_id_tech`),
  KEY `groups_id_tech` (`groups_id_tech`),
  KEY `date_mod` (`date_mod`),
  KEY `is_deleted` (`is_deleted`),
  KEY `is_template` (`is_template`),
  KEY `is_active` (`is_active`),
  KEY `date_expiration` (`date_expiration`),
  KEY `date_domaincreation` (`date_domaincreation`),
  KEY `date_creation` (`date_creation`)
) ENGINE=InnoDB DEFAULT CHARSET=utf8mb4 COLLATE=utf8mb4_unicode_ci ROW_FORMAT=DYNAMIC;

--
-- Dumping data for table `glpi_domains`
--


--
-- Table structure for table `glpi_domains_items`
--

CREATE TABLE `glpi_domains_items` (
  `id` int unsigned NOT NULL AUTO_INCREMENT,
  `domains_id` int unsigned NOT NULL DEFAULT '0',
  `items_id` int unsigned NOT NULL DEFAULT '0',
  `itemtype` varchar(100) COLLATE utf8mb4_unicode_ci NOT NULL,
  `domainrelations_id` int unsigned NOT NULL DEFAULT '0',
  PRIMARY KEY (`id`),
  UNIQUE KEY `unicity` (`domains_id`,`itemtype`,`items_id`),
  KEY `domainrelations_id` (`domainrelations_id`),
  KEY `item` (`itemtype`,`items_id`)
) ENGINE=InnoDB DEFAULT CHARSET=utf8mb4 COLLATE=utf8mb4_unicode_ci ROW_FORMAT=DYNAMIC;

--
-- Dumping data for table `glpi_domains_items`
--


--
-- Table structure for table `glpi_domaintypes`
--

CREATE TABLE `glpi_domaintypes` (
  `id` int unsigned NOT NULL AUTO_INCREMENT,
  `name` varchar(255) COLLATE utf8mb4_unicode_ci DEFAULT NULL,
  `entities_id` int unsigned NOT NULL DEFAULT '0',
  `is_recursive` tinyint NOT NULL DEFAULT '0',
  `comment` text COLLATE utf8mb4_unicode_ci,
  PRIMARY KEY (`id`),
  KEY `name` (`name`),
  KEY `entities_id` (`entities_id`),
  KEY `is_recursive` (`is_recursive`)
) ENGINE=InnoDB DEFAULT CHARSET=utf8mb4 COLLATE=utf8mb4_unicode_ci ROW_FORMAT=DYNAMIC;

--
-- Dumping data for table `glpi_domaintypes`
--


--
-- Table structure for table `glpi_dropdowntranslations`
--

CREATE TABLE `glpi_dropdowntranslations` (
  `id` int unsigned NOT NULL AUTO_INCREMENT,
  `items_id` int unsigned NOT NULL DEFAULT '0',
  `itemtype` varchar(100) COLLATE utf8mb4_unicode_ci DEFAULT NULL,
  `language` varchar(10) COLLATE utf8mb4_unicode_ci DEFAULT NULL,
  `field` varchar(100) COLLATE utf8mb4_unicode_ci DEFAULT NULL,
  `value` text COLLATE utf8mb4_unicode_ci,
  PRIMARY KEY (`id`),
  UNIQUE KEY `unicity` (`itemtype`,`items_id`,`language`,`field`),
  KEY `language` (`language`),
  KEY `field` (`field`)
) ENGINE=InnoDB DEFAULT CHARSET=utf8mb4 COLLATE=utf8mb4_unicode_ci ROW_FORMAT=DYNAMIC;

--
-- Dumping data for table `glpi_dropdowntranslations`
--


--
-- Table structure for table `glpi_enclosuremodels`
--

CREATE TABLE `glpi_enclosuremodels` (
  `id` int unsigned NOT NULL AUTO_INCREMENT,
  `name` varchar(255) COLLATE utf8mb4_unicode_ci DEFAULT NULL,
  `comment` text COLLATE utf8mb4_unicode_ci,
  `product_number` varchar(255) COLLATE utf8mb4_unicode_ci DEFAULT NULL,
  `weight` int NOT NULL DEFAULT '0',
  `required_units` int NOT NULL DEFAULT '1',
  `depth` float NOT NULL DEFAULT '1',
  `power_connections` int NOT NULL DEFAULT '0',
  `power_consumption` int NOT NULL DEFAULT '0',
  `is_half_rack` tinyint NOT NULL DEFAULT '0',
  `picture_front` text COLLATE utf8mb4_unicode_ci,
  `picture_rear` text COLLATE utf8mb4_unicode_ci,
  `pictures` text COLLATE utf8mb4_unicode_ci,
  `date_mod` timestamp NULL DEFAULT NULL,
  `date_creation` timestamp NULL DEFAULT NULL,
  PRIMARY KEY (`id`),
  KEY `name` (`name`),
  KEY `date_mod` (`date_mod`),
  KEY `date_creation` (`date_creation`),
  KEY `product_number` (`product_number`)
) ENGINE=InnoDB DEFAULT CHARSET=utf8mb4 COLLATE=utf8mb4_unicode_ci ROW_FORMAT=DYNAMIC;

--
-- Dumping data for table `glpi_enclosuremodels`
--


--
-- Table structure for table `glpi_enclosures`
--

CREATE TABLE `glpi_enclosures` (
  `id` int unsigned NOT NULL AUTO_INCREMENT,
  `name` varchar(255) COLLATE utf8mb4_unicode_ci DEFAULT NULL,
  `entities_id` int unsigned NOT NULL DEFAULT '0',
  `is_recursive` tinyint NOT NULL DEFAULT '0',
  `locations_id` int unsigned NOT NULL DEFAULT '0',
  `serial` varchar(255) COLLATE utf8mb4_unicode_ci DEFAULT NULL,
  `otherserial` varchar(255) COLLATE utf8mb4_unicode_ci DEFAULT NULL,
  `enclosuremodels_id` int unsigned DEFAULT NULL,
  `users_id_tech` int unsigned NOT NULL DEFAULT '0',
  `groups_id_tech` int unsigned NOT NULL DEFAULT '0',
  `is_template` tinyint NOT NULL DEFAULT '0',
  `template_name` varchar(255) COLLATE utf8mb4_unicode_ci DEFAULT NULL,
  `is_deleted` tinyint NOT NULL DEFAULT '0',
  `orientation` tinyint DEFAULT NULL,
  `power_supplies` tinyint NOT NULL DEFAULT '0',
  `states_id` int unsigned NOT NULL DEFAULT '0' COMMENT 'RELATION to states (id)',
  `comment` text COLLATE utf8mb4_unicode_ci,
  `manufacturers_id` int unsigned NOT NULL DEFAULT '0',
  `date_mod` timestamp NULL DEFAULT NULL,
  `date_creation` timestamp NULL DEFAULT NULL,
  PRIMARY KEY (`id`),
  KEY `name` (`name`),
  KEY `entities_id` (`entities_id`),
  KEY `is_recursive` (`is_recursive`),
  KEY `locations_id` (`locations_id`),
  KEY `enclosuremodels_id` (`enclosuremodels_id`),
  KEY `users_id_tech` (`users_id_tech`),
  KEY `group_id_tech` (`groups_id_tech`),
  KEY `is_template` (`is_template`),
  KEY `is_deleted` (`is_deleted`),
  KEY `states_id` (`states_id`),
  KEY `manufacturers_id` (`manufacturers_id`),
  KEY `date_mod` (`date_mod`),
  KEY `date_creation` (`date_creation`)
) ENGINE=InnoDB DEFAULT CHARSET=utf8mb4 COLLATE=utf8mb4_unicode_ci ROW_FORMAT=DYNAMIC;

--
-- Dumping data for table `glpi_enclosures`
--


--
-- Table structure for table `glpi_entities`
--

CREATE TABLE `glpi_entities` (
  `id` int unsigned NOT NULL DEFAULT '0',
  `name` varchar(255) COLLATE utf8mb4_unicode_ci DEFAULT NULL,
  `entities_id` int unsigned DEFAULT '0',
  `completename` text COLLATE utf8mb4_unicode_ci,
  `comment` text COLLATE utf8mb4_unicode_ci,
  `level` int NOT NULL DEFAULT '0',
  `sons_cache` longtext COLLATE utf8mb4_unicode_ci,
  `ancestors_cache` longtext COLLATE utf8mb4_unicode_ci,
  `registration_number` varchar(255) COLLATE utf8mb4_unicode_ci DEFAULT NULL,
  `address` text COLLATE utf8mb4_unicode_ci,
  `postcode` varchar(255) COLLATE utf8mb4_unicode_ci DEFAULT NULL,
  `town` varchar(255) COLLATE utf8mb4_unicode_ci DEFAULT NULL,
  `state` varchar(255) COLLATE utf8mb4_unicode_ci DEFAULT NULL,
  `country` varchar(255) COLLATE utf8mb4_unicode_ci DEFAULT NULL,
  `website` varchar(255) COLLATE utf8mb4_unicode_ci DEFAULT NULL,
  `phonenumber` varchar(255) COLLATE utf8mb4_unicode_ci DEFAULT NULL,
  `fax` varchar(255) COLLATE utf8mb4_unicode_ci DEFAULT NULL,
  `email` varchar(255) COLLATE utf8mb4_unicode_ci DEFAULT NULL,
  `admin_email` varchar(255) COLLATE utf8mb4_unicode_ci DEFAULT NULL,
  `admin_email_name` varchar(255) COLLATE utf8mb4_unicode_ci DEFAULT NULL,
  `from_email` varchar(255) COLLATE utf8mb4_unicode_ci DEFAULT NULL,
  `from_email_name` varchar(255) COLLATE utf8mb4_unicode_ci DEFAULT NULL,
  `noreply_email` varchar(255) COLLATE utf8mb4_unicode_ci DEFAULT NULL,
  `noreply_email_name` varchar(255) COLLATE utf8mb4_unicode_ci DEFAULT NULL,
  `replyto_email` varchar(255) COLLATE utf8mb4_unicode_ci DEFAULT NULL,
  `replyto_email_name` varchar(255) COLLATE utf8mb4_unicode_ci DEFAULT NULL,
  `notification_subject_tag` varchar(255) COLLATE utf8mb4_unicode_ci DEFAULT NULL,
  `ldap_dn` varchar(255) COLLATE utf8mb4_unicode_ci DEFAULT NULL,
  `tag` varchar(255) COLLATE utf8mb4_unicode_ci DEFAULT NULL,
  `authldaps_id` int unsigned NOT NULL DEFAULT '0',
  `mail_domain` varchar(255) COLLATE utf8mb4_unicode_ci DEFAULT NULL,
  `entity_ldapfilter` text COLLATE utf8mb4_unicode_ci,
  `mailing_signature` text COLLATE utf8mb4_unicode_ci,
  `cartridges_alert_repeat` int NOT NULL DEFAULT '-2',
  `consumables_alert_repeat` int NOT NULL DEFAULT '-2',
  `use_licenses_alert` int NOT NULL DEFAULT '-2',
  `send_licenses_alert_before_delay` int NOT NULL DEFAULT '-2',
  `use_certificates_alert` int NOT NULL DEFAULT '-2',
  `send_certificates_alert_before_delay` int NOT NULL DEFAULT '-2',
  `certificates_alert_repeat_interval` int NOT NULL DEFAULT '-2',
  `use_contracts_alert` int NOT NULL DEFAULT '-2',
  `send_contracts_alert_before_delay` int NOT NULL DEFAULT '-2',
  `use_infocoms_alert` int NOT NULL DEFAULT '-2',
  `send_infocoms_alert_before_delay` int NOT NULL DEFAULT '-2',
  `use_reservations_alert` int NOT NULL DEFAULT '-2',
  `use_domains_alert` int NOT NULL DEFAULT '-2',
  `send_domains_alert_close_expiries_delay` int NOT NULL DEFAULT '-2',
  `send_domains_alert_expired_delay` int NOT NULL DEFAULT '-2',
  `autoclose_delay` int NOT NULL DEFAULT '-2',
  `autopurge_delay` int NOT NULL DEFAULT '-10',
  `notclosed_delay` int NOT NULL DEFAULT '-2',
  `calendars_strategy` tinyint NOT NULL DEFAULT '-2',
  `calendars_id` int unsigned NOT NULL DEFAULT '0',
  `auto_assign_mode` int NOT NULL DEFAULT '-2',
  `tickettype` int NOT NULL DEFAULT '-2',
  `max_closedate` timestamp NULL DEFAULT NULL,
  `inquest_config` int NOT NULL DEFAULT '-2',
  `inquest_rate` int NOT NULL DEFAULT '0',
  `inquest_delay` int NOT NULL DEFAULT '-10',
  `inquest_URL` varchar(255) COLLATE utf8mb4_unicode_ci DEFAULT NULL,
  `autofill_warranty_date` varchar(255) COLLATE utf8mb4_unicode_ci NOT NULL DEFAULT '-2',
  `autofill_use_date` varchar(255) COLLATE utf8mb4_unicode_ci NOT NULL DEFAULT '-2',
  `autofill_buy_date` varchar(255) COLLATE utf8mb4_unicode_ci NOT NULL DEFAULT '-2',
  `autofill_delivery_date` varchar(255) COLLATE utf8mb4_unicode_ci NOT NULL DEFAULT '-2',
  `autofill_order_date` varchar(255) COLLATE utf8mb4_unicode_ci NOT NULL DEFAULT '-2',
  `tickettemplates_strategy` tinyint NOT NULL DEFAULT '-2',
  `tickettemplates_id` int unsigned NOT NULL DEFAULT '0',
  `changetemplates_strategy` tinyint NOT NULL DEFAULT '-2',
  `changetemplates_id` int unsigned NOT NULL DEFAULT '0',
  `problemtemplates_strategy` tinyint NOT NULL DEFAULT '-2',
  `problemtemplates_id` int unsigned NOT NULL DEFAULT '0',
  `entities_strategy_software` tinyint NOT NULL DEFAULT '-2',
  `entities_id_software` int unsigned NOT NULL DEFAULT '0',
  `default_contract_alert` int NOT NULL DEFAULT '-2',
  `default_infocom_alert` int NOT NULL DEFAULT '-2',
  `default_cartridges_alarm_threshold` int NOT NULL DEFAULT '-2',
  `default_consumables_alarm_threshold` int NOT NULL DEFAULT '-2',
  `delay_send_emails` int NOT NULL DEFAULT '-2',
  `is_notif_enable_default` int NOT NULL DEFAULT '-2',
  `inquest_duration` int NOT NULL DEFAULT '0',
  `date_mod` timestamp NULL DEFAULT NULL,
  `date_creation` timestamp NULL DEFAULT NULL,
  `autofill_decommission_date` varchar(255) COLLATE utf8mb4_unicode_ci NOT NULL DEFAULT '-2',
  `suppliers_as_private` int NOT NULL DEFAULT '-2',
  `anonymize_support_agents` int NOT NULL DEFAULT '-2',
  `display_users_initials` int NOT NULL DEFAULT '-2',
  `contracts_strategy_default` tinyint NOT NULL DEFAULT '-2',
  `contracts_id_default` int unsigned NOT NULL DEFAULT '0',
  `enable_custom_css` int NOT NULL DEFAULT '-2',
  `custom_css_code` text COLLATE utf8mb4_unicode_ci,
  `latitude` varchar(255) COLLATE utf8mb4_unicode_ci DEFAULT NULL,
  `longitude` varchar(255) COLLATE utf8mb4_unicode_ci DEFAULT NULL,
  `altitude` varchar(255) COLLATE utf8mb4_unicode_ci DEFAULT NULL,
  `transfers_strategy` tinyint NOT NULL DEFAULT '-2',
  `transfers_id` int unsigned NOT NULL DEFAULT '0',
  `agent_base_url` varchar(255) COLLATE utf8mb4_unicode_ci DEFAULT NULL,
  PRIMARY KEY (`id`),
  UNIQUE KEY `unicity` (`entities_id`,`name`),
  KEY `name` (`name`),
  KEY `date_mod` (`date_mod`),
  KEY `date_creation` (`date_creation`),
  KEY `tickettemplates_id` (`tickettemplates_id`),
  KEY `changetemplates_id` (`changetemplates_id`),
  KEY `problemtemplates_id` (`problemtemplates_id`),
  KEY `transfers_id` (`transfers_id`),
  KEY `authldaps_id` (`authldaps_id`),
  KEY `calendars_id` (`calendars_id`),
  KEY `entities_id_software` (`entities_id_software`),
  KEY `contracts_id_default` (`contracts_id_default`)
) ENGINE=InnoDB DEFAULT CHARSET=utf8mb4 COLLATE=utf8mb4_unicode_ci ROW_FORMAT=DYNAMIC;

--
-- Dumping data for table `glpi_entities`
--

INSERT INTO `glpi_entities` VALUES (0,'Entidad principal',NULL,'Entidad principal',NULL,1,NULL,NULL,NULL,NULL,NULL,NULL,NULL,NULL,NULL,NULL,NULL,NULL,NULL,NULL,NULL,NULL,NULL,NULL,NULL,NULL,NULL,NULL,NULL,0,NULL,NULL,NULL,0,0,0,0,0,0,0,0,0,0,0,0,-2,-2,-2,-10,-10,0,0,0,-10,1,NULL,1,0,0,NULL,'0','0','0','0','0',0,1,0,1,0,1,-10,0,0,0,10,10,0,1,0,NULL,NULL,'0',0,0,1,0,0,0,NULL,NULL,NULL,NULL,0,0,''),(1,'Entidad 1',0,'Entidad principal > Entidad 1','',2,NULL,'[0]',NULL,NULL,NULL,NULL,NULL,NULL,NULL,NULL,NULL,NULL,NULL,NULL,NULL,NULL,NULL,NULL,NULL,NULL,NULL,NULL,NULL,0,NULL,NULL,NULL,-2,-2,-2,-2,-2,-2,-2,-2,-2,-2,-2,-2,-2,-2,-2,-2,-10,-2,-2,0,-2,-2,'2022-12-15 00:34:27',-2,0,-10,NULL,'-2','-2','-2','-2','-2',-2,0,-2,0,-2,0,-2,0,-2,-2,-2,-2,-2,-2,0,'2022-12-15 00:34:27','2022-12-15 00:34:27','-2',-2,-2,-2,-2,0,-2,NULL,NULL,NULL,NULL,-2,0,NULL),(2,'INFORMATICA',0,'Entidad principal > INFORMATICA','',2,'{\"2\":\"2\",\"3\":3,\"4\":4}','[0]',NULL,NULL,NULL,NULL,NULL,NULL,NULL,NULL,NULL,NULL,NULL,NULL,NULL,NULL,NULL,NULL,NULL,NULL,NULL,NULL,NULL,0,NULL,NULL,NULL,-2,-2,-2,-2,-2,-2,-2,-2,-2,-2,-2,-2,-2,-2,-2,-2,-10,-2,-2,0,-2,-2,'2022-12-19 22:28:17',-2,0,-10,NULL,'-2','-2','-2','-2','-2',-2,0,-2,0,-2,0,-2,0,-2,-2,-2,-2,-2,-2,0,'2022-12-19 22:28:17','2022-12-19 22:28:17','-2',-2,-2,-2,-2,0,-2,NULL,NULL,NULL,NULL,-2,0,NULL),(3,'empresa1',2,'Entidad principal > INFORMATICA > empresa1','',3,'{\"3\":3}','{\"0\":0,\"2\":2}',NULL,NULL,NULL,NULL,NULL,NULL,NULL,NULL,NULL,NULL,NULL,NULL,NULL,NULL,NULL,NULL,NULL,NULL,NULL,NULL,NULL,0,NULL,NULL,NULL,-2,-2,-2,-2,-2,-2,-2,-2,-2,-2,-2,-2,-2,-2,-2,-2,-10,-2,-2,0,-2,-2,'2022-12-19 22:28:39',-2,0,-10,NULL,'-2','-2','-2','-2','-2',-2,0,-2,0,-2,0,-2,0,-2,-2,-2,-2,-2,-2,0,'2022-12-19 22:28:39','2022-12-19 22:28:39','-2',-2,-2,-2,-2,0,-2,NULL,NULL,NULL,NULL,-2,0,NULL),(4,'empresa2',2,'Entidad principal > INFORMATICA > empresa2','',3,'{\"4\":4}','{\"0\":0,\"2\":2}',NULL,NULL,NULL,NULL,NULL,NULL,NULL,NULL,NULL,NULL,NULL,NULL,NULL,NULL,NULL,NULL,NULL,NULL,NULL,NULL,NULL,0,NULL,NULL,NULL,-2,-2,-2,-2,-2,-2,-2,-2,-2,-2,-2,-2,-2,-2,-2,-2,-10,-2,-2,0,-2,-2,'2022-12-19 22:28:48',-2,0,-10,NULL,'-2','-2','-2','-2','-2',-2,0,-2,0,-2,0,-2,0,-2,-2,-2,-2,-2,-2,0,'2022-12-19 22:28:48','2022-12-19 22:28:48','-2',-2,-2,-2,-2,0,-2,NULL,NULL,NULL,NULL,-2,0,NULL),(5,'GS TALENTOS INNOVADORES, S.C.',0,'Entidad principal > GS TALENTOS INNOVADORES, S.C.','',2,'{\"5\":5,\"6\":6}','[0]',NULL,NULL,NULL,NULL,NULL,NULL,NULL,NULL,NULL,NULL,NULL,NULL,NULL,NULL,NULL,NULL,NULL,NULL,NULL,NULL,NULL,0,NULL,NULL,NULL,-2,-2,-2,-2,-2,-2,-2,-2,-2,-2,-2,-2,-2,-2,-2,-2,-10,-2,-2,0,-2,-2,'2023-01-16 13:05:10',-2,0,-10,NULL,'-2','-2','-2','-2','-2',-2,0,-2,0,-2,0,-2,0,-2,-2,-2,-2,-2,-2,0,'2023-01-16 13:05:10','2023-01-16 13:05:10','-2',-2,-2,-2,-2,0,-2,NULL,NULL,NULL,NULL,-2,0,NULL),(6,'AREAS COMUNES RASTRO Y EMPACADORA',5,'Entidad principal > GS TALENTOS INNOVADORES, S.C. > AREAS COMUNES RASTRO Y EMPACADORA','',3,'{\"6\":6}','{\"0\":0,\"5\":5}',NULL,NULL,NULL,NULL,NULL,NULL,NULL,NULL,NULL,NULL,NULL,NULL,NULL,NULL,NULL,NULL,NULL,NULL,NULL,NULL,NULL,0,NULL,NULL,NULL,-2,-2,-2,-2,-2,-2,-2,-2,-2,-2,-2,-2,-2,-2,-2,-2,-10,-2,-2,0,-2,-2,'2023-01-16 13:05:22',-2,0,-10,NULL,'-2','-2','-2','-2','-2',-2,0,-2,0,-2,0,-2,0,-2,-2,-2,-2,-2,-2,0,'2023-01-16 13:05:22','2023-01-16 13:05:22','-2',-2,-2,-2,-2,0,-2,NULL,NULL,NULL,NULL,-2,0,NULL),(7,'ENTIDAD3',1,'Entidad principal > Entidad 1 > ENTIDAD3','',3,'{\"7\":\"7\"}','[0,1]',NULL,NULL,NULL,NULL,NULL,NULL,NULL,NULL,NULL,NULL,NULL,NULL,NULL,NULL,NULL,NULL,NULL,NULL,NULL,NULL,NULL,0,NULL,NULL,NULL,-2,-2,-2,-2,-2,-2,-2,-2,-2,-2,-2,-2,-2,-2,-2,-2,-10,-2,-2,0,-2,-2,'2023-02-27 13:12:09',-2,0,-10,NULL,'-2','-2','-2','-2','-2',-2,0,-2,0,-2,0,-2,0,-2,-2,-2,-2,-2,-2,0,'2023-02-27 13:12:09','2023-02-27 13:12:09','-2',-2,-2,-2,-2,0,-2,NULL,NULL,NULL,NULL,-2,0,NULL),(8,'8A',0,'Entidad principal > 8A','',2,NULL,'[0]',NULL,NULL,NULL,NULL,NULL,NULL,NULL,NULL,NULL,NULL,NULL,NULL,NULL,NULL,NULL,NULL,NULL,NULL,NULL,NULL,NULL,0,NULL,NULL,NULL,-2,-2,-2,-2,-2,-2,-2,-2,-2,-2,-2,-2,-2,-2,-2,-2,-10,-2,-2,0,-2,-2,'2023-05-03 16:16:45',-2,0,-10,NULL,'-2','-2','-2','-2','-2',-2,0,-2,0,-2,0,-2,0,-2,-2,-2,-2,-2,-2,0,'2023-05-03 16:16:45','2023-05-03 16:16:45','-2',-2,-2,-2,-2,0,-2,NULL,NULL,NULL,NULL,-2,0,NULL),(9,'SEDIS',8,'Entidad principal > 8A > SEDIS','',3,NULL,'{\"0\":0,\"8\":8}',NULL,NULL,NULL,NULL,NULL,NULL,NULL,NULL,NULL,NULL,NULL,NULL,NULL,NULL,NULL,NULL,NULL,NULL,NULL,NULL,NULL,0,NULL,NULL,NULL,-2,-2,-2,-2,-2,-2,-2,-2,-2,-2,-2,-2,-2,-2,-2,-2,-10,-2,-2,0,-2,-2,'2023-05-09 17:57:00',-2,0,-10,NULL,'-2','-2','-2','-2','-2',-2,0,-2,0,-2,0,-2,0,-2,-2,-2,-2,-2,-2,0,'2023-05-09 17:57:00','2023-05-09 17:57:00','-2',-2,-2,-2,-2,0,-2,NULL,NULL,NULL,NULL,-2,0,NULL),(10,'LOPEZ MATEOS',8,'Entidad principal > 8A > LOPEZ MATEOS','',3,NULL,'{\"0\":0,\"8\":8}',NULL,NULL,NULL,NULL,NULL,NULL,NULL,NULL,NULL,NULL,NULL,NULL,NULL,NULL,NULL,NULL,NULL,NULL,NULL,NULL,NULL,0,NULL,NULL,NULL,-2,-2,-2,-2,-2,-2,-2,-2,-2,-2,-2,-2,-2,-2,-2,-2,-10,-2,-2,0,-2,-2,'2023-05-09 17:57:09',-2,0,-10,NULL,'-2','-2','-2','-2','-2',-2,0,-2,0,-2,0,-2,0,-2,-2,-2,-2,-2,-2,0,'2023-05-09 17:57:09','2023-05-09 17:57:09','-2',-2,-2,-2,-2,0,-2,NULL,NULL,NULL,NULL,-2,0,NULL),(11,'TONALA',8,'Entidad principal > 8A > TONALA','',3,'{\"11\":11}','{\"0\":0,\"8\":8}',NULL,NULL,NULL,NULL,NULL,NULL,NULL,NULL,NULL,NULL,NULL,NULL,NULL,NULL,NULL,NULL,NULL,NULL,NULL,NULL,NULL,0,NULL,NULL,NULL,-2,-2,-2,-2,-2,-2,-2,-2,-2,-2,-2,-2,-2,-2,-2,-2,-10,-2,-2,0,-2,-2,'2023-05-09 17:57:13',-2,0,-10,NULL,'-2','-2','-2','-2','-2',-2,0,-2,0,-2,0,-2,0,-2,-2,-2,-2,-2,-2,0,'2023-05-09 17:57:13','2023-05-09 17:57:13','-2',-2,-2,-2,-2,0,-2,NULL,NULL,NULL,NULL,-2,0,NULL),(12,'LAURELES',8,'Entidad principal > 8A > LAURELES','',3,NULL,'{\"0\":0,\"8\":8}',NULL,NULL,NULL,NULL,NULL,NULL,NULL,NULL,NULL,NULL,NULL,NULL,NULL,NULL,NULL,NULL,NULL,NULL,NULL,NULL,NULL,0,NULL,NULL,NULL,-2,-2,-2,-2,-2,-2,-2,-2,-2,-2,-2,-2,-2,-2,-2,-2,-10,-2,-2,0,-2,-2,'2023-05-09 17:57:18',-2,0,-10,NULL,'-2','-2','-2','-2','-2',-2,0,-2,0,-2,0,-2,0,-2,-2,-2,-2,-2,-2,0,'2023-05-09 17:57:18','2023-05-09 17:57:18','-2',-2,-2,-2,-2,0,-2,NULL,NULL,NULL,NULL,-2,0,NULL),(13,'FEDERALISMO',8,'Entidad principal > 8A > FEDERALISMO','',3,'{\"13\":13}','{\"0\":0,\"8\":8}',NULL,NULL,NULL,NULL,NULL,NULL,NULL,NULL,NULL,NULL,NULL,NULL,NULL,NULL,NULL,NULL,NULL,NULL,NULL,NULL,NULL,0,NULL,NULL,NULL,-2,-2,-2,-2,-2,-2,-2,-2,-2,-2,-2,-2,-2,-2,-2,-2,-10,-2,-2,0,-2,-2,'2023-05-09 17:57:24',-2,0,-10,NULL,'-2','-2','-2','-2','-2',-2,0,-2,0,-2,0,-2,0,-2,-2,-2,-2,-2,-2,0,'2023-05-09 17:57:24','2023-05-09 17:57:24','-2',-2,-2,-2,-2,0,-2,NULL,NULL,NULL,NULL,-2,0,NULL),(14,'GARIBALDI',8,'Entidad principal > 8A > GARIBALDI','',3,NULL,'{\"0\":0,\"8\":8}',NULL,NULL,NULL,NULL,NULL,NULL,NULL,NULL,NULL,NULL,NULL,NULL,NULL,NULL,NULL,NULL,NULL,NULL,NULL,NULL,NULL,0,NULL,NULL,NULL,-2,-2,-2,-2,-2,-2,-2,-2,-2,-2,-2,-2,-2,-2,-2,-2,-10,-2,-2,0,-2,-2,'2023-05-09 17:57:30',-2,0,-10,NULL,'-2','-2','-2','-2','-2',-2,0,-2,0,-2,0,-2,0,-2,-2,-2,-2,-2,-2,0,'2023-05-09 17:57:30','2023-05-09 17:57:30','-2',-2,-2,-2,-2,0,-2,NULL,NULL,NULL,NULL,-2,0,NULL),(15,'cayro',0,'Entidad principal > cayro','',2,'{\"15\":\"15\"}','[0]',NULL,NULL,NULL,NULL,NULL,NULL,NULL,NULL,NULL,NULL,NULL,NULL,NULL,NULL,NULL,NULL,NULL,NULL,NULL,NULL,NULL,0,NULL,NULL,NULL,-2,-2,-2,-2,-2,-2,-2,-2,-2,-2,-2,-2,-2,-2,-2,-2,-10,-2,-2,0,-2,-2,'2023-07-03 18:00:20',-2,0,-10,NULL,'-2','-2','-2','-2','-2',-2,0,-2,0,-2,0,-2,0,-2,-2,-2,-2,-2,-2,0,'2023-07-03 18:00:20','2023-07-03 18:00:20','-2',-2,-2,-2,-2,0,-2,NULL,NULL,NULL,NULL,-2,0,NULL),(16,'flexible 1',0,'Entidad principal > flexible 1','prueba de contratos flexibles 1',2,'{\"16\":\"16\"}','[0]',NULL,NULL,NULL,NULL,NULL,NULL,NULL,NULL,NULL,NULL,NULL,NULL,NULL,NULL,NULL,NULL,NULL,NULL,NULL,NULL,NULL,0,NULL,NULL,NULL,-2,-2,-2,-2,-2,-2,-2,-2,-2,-2,-2,-2,-2,-2,-2,-2,-10,-2,-2,0,-2,-2,'2023-07-06 17:20:41',-2,0,-10,NULL,'-2','-2','-2','-2','-2',-2,0,-2,0,-2,0,-2,0,-2,-2,-2,-2,-2,-2,0,'2023-07-06 17:20:41','2023-07-06 17:20:41','-2',-2,-2,-2,-2,0,-2,NULL,NULL,NULL,NULL,-2,0,NULL),(17,'flexible 2',0,'Entidad principal > flexible 2','prueba de contratos flexibles 2',2,'{\"17\":\"17\"}','[0]',NULL,NULL,NULL,NULL,NULL,NULL,NULL,NULL,NULL,NULL,NULL,NULL,NULL,NULL,NULL,NULL,NULL,NULL,NULL,NULL,NULL,0,NULL,NULL,NULL,-2,-2,-2,-2,-2,-2,-2,-2,-2,-2,-2,-2,-2,-2,-2,-2,-10,-2,-2,0,-2,-2,'2023-07-06 17:20:59',-2,0,-10,NULL,'-2','-2','-2','-2','-2',-2,0,-2,0,-2,0,-2,0,-2,-2,-2,-2,-2,-2,0,'2023-07-06 17:20:59','2023-07-06 17:20:59','-2',-2,-2,-2,-2,0,-2,NULL,NULL,NULL,NULL,-2,0,NULL);

--
-- Table structure for table `glpi_entities_knowbaseitems`
--

CREATE TABLE `glpi_entities_knowbaseitems` (
  `id` int unsigned NOT NULL AUTO_INCREMENT,
  `knowbaseitems_id` int unsigned NOT NULL DEFAULT '0',
  `entities_id` int unsigned NOT NULL DEFAULT '0',
  `is_recursive` tinyint NOT NULL DEFAULT '0',
  PRIMARY KEY (`id`),
  KEY `knowbaseitems_id` (`knowbaseitems_id`),
  KEY `entities_id` (`entities_id`),
  KEY `is_recursive` (`is_recursive`)
) ENGINE=InnoDB DEFAULT CHARSET=utf8mb4 COLLATE=utf8mb4_unicode_ci ROW_FORMAT=DYNAMIC;

--
-- Dumping data for table `glpi_entities_knowbaseitems`
--


--
-- Table structure for table `glpi_entities_reminders`
--

CREATE TABLE `glpi_entities_reminders` (
  `id` int unsigned NOT NULL AUTO_INCREMENT,
  `reminders_id` int unsigned NOT NULL DEFAULT '0',
  `entities_id` int unsigned NOT NULL DEFAULT '0',
  `is_recursive` tinyint NOT NULL DEFAULT '0',
  PRIMARY KEY (`id`),
  KEY `reminders_id` (`reminders_id`),
  KEY `entities_id` (`entities_id`),
  KEY `is_recursive` (`is_recursive`)
) ENGINE=InnoDB DEFAULT CHARSET=utf8mb4 COLLATE=utf8mb4_unicode_ci ROW_FORMAT=DYNAMIC;

--
-- Dumping data for table `glpi_entities_reminders`
--


--
-- Table structure for table `glpi_entities_rssfeeds`
--

CREATE TABLE `glpi_entities_rssfeeds` (
  `id` int unsigned NOT NULL AUTO_INCREMENT,
  `rssfeeds_id` int unsigned NOT NULL DEFAULT '0',
  `entities_id` int unsigned NOT NULL DEFAULT '0',
  `is_recursive` tinyint NOT NULL DEFAULT '0',
  PRIMARY KEY (`id`),
  KEY `rssfeeds_id` (`rssfeeds_id`),
  KEY `entities_id` (`entities_id`),
  KEY `is_recursive` (`is_recursive`)
) ENGINE=InnoDB DEFAULT CHARSET=utf8mb4 COLLATE=utf8mb4_unicode_ci ROW_FORMAT=DYNAMIC;

--
-- Dumping data for table `glpi_entities_rssfeeds`
--


--
-- Table structure for table `glpi_events`
--

CREATE TABLE `glpi_events` (
  `id` int unsigned NOT NULL AUTO_INCREMENT,
  `items_id` int unsigned NOT NULL DEFAULT '0',
  `type` varchar(255) COLLATE utf8mb4_unicode_ci DEFAULT NULL,
  `date` timestamp NULL DEFAULT NULL,
  `service` varchar(255) COLLATE utf8mb4_unicode_ci DEFAULT NULL,
  `level` int NOT NULL DEFAULT '0',
  `message` text COLLATE utf8mb4_unicode_ci,
  PRIMARY KEY (`id`),
  KEY `date` (`date`),
  KEY `level` (`level`),
  KEY `item` (`type`,`items_id`)
) ENGINE=InnoDB AUTO_INCREMENT=896 DEFAULT CHARSET=utf8mb4 COLLATE=utf8mb4_unicode_ci ROW_FORMAT=DYNAMIC;

--
-- Dumping data for table `glpi_events`
--

INSERT INTO `glpi_events` VALUES (1,0,'system','2022-12-14 20:24:18','login',3,'glpi inició la sesión desde la IP 187.190.40.53'),(2,0,'system','2022-12-14 22:24:37','login',3,'glpi inició la sesión desde la IP 187.190.40.53'),(3,0,'system','2022-12-15 00:20:36','login',3,'glpi inició la sesión desde la IP 187.190.40.53'),(4,1,'Entity','2022-12-15 00:34:27','setup',4,'glpi agregó el elemento Entidad 1'),(5,2,'users','2022-12-15 00:37:29','setup',4,'glpi agregó un usuario a una entidad'),(6,2,'users','2022-12-15 00:37:44','setup',4,'glpi agregó un usuario a una entidad'),(7,0,'system','2022-12-15 00:38:38','login',3,'glpi inició la sesión desde la IP 187.190.40.53'),(8,0,'system','2022-12-16 20:32:25','login',3,'glpi inició la sesión desde la IP 187.190.40.53'),(9,1,'mailcollector','2022-12-16 20:50:58','setup',4,'glpi agregó el elemento miguelcadenagarcia@gmail.com'),(10,7,'users','2022-12-16 21:06:24','setup',4,'glpi agrega el elemento a1'),(11,1,'ticket','2022-12-16 21:12:29','tracking',4,'glpi agrega el elemento 1'),(12,71,'rules','2022-12-16 22:03:48','setup',4,'glpi agrega el elemento 71'),(13,71,'rules','2022-12-16 22:10:35','setup',4,'glpi actualiza un elemento'),(14,72,'rules','2022-12-16 22:14:32','setup',4,'glpi agrega el elemento 72'),(15,1,'slms','2022-12-16 23:45:40','setup',4,'glpi agrega el elemento departamento de informatica'),(16,1,'slas','2022-12-16 23:52:26','setup',4,'glpi agrega el elemento requerimientos altos'),(17,0,'system','2022-12-17 00:01:20','login',3,'Inicio de sesión fallido para a1 desde la IP 187.190.40.53'),(18,0,'system','2022-12-19 15:49:42','login',3,'glpi inició la sesión desde la IP 189.203.6.249'),(19,7,'users','2022-12-19 15:52:32','setup',5,'glpi actualiza un elemento'),(20,0,'system','2022-12-19 15:53:00','login',3,'a1 inició la sesión desde la IP 189.203.6.249'),(21,2,'ticket','2022-12-19 16:03:10','tracking',4,'a1 agregó el elemento 2'),(22,0,'system','2022-12-19 21:24:00','login',3,'Fallo en el inicio de sesión de  desde la IP 201.175.240.231'),(23,0,'system','2022-12-19 21:24:17','login',3,'glpi inició la sesión desde la IP 201.175.240.231'),(24,1,'mailcollector','2022-12-19 21:31:45','setup',4,'glpi actualiza un elemento'),(25,4,'rules','2022-12-19 21:33:42','setup',4,'glpi actualiza un elemento'),(26,8,'users','2022-12-19 22:20:22','setup',4,'glpi agrega el elemento ventas'),(27,8,'users','2022-12-19 22:21:33','setup',5,'glpi actualiza un elemento'),(28,2,'Entity','2022-12-19 22:28:17','setup',4,'glpi agrega el elemento INFORMATICA'),(29,3,'Entity','2022-12-19 22:28:39','setup',4,'glpi agrega el elemento empresa1'),(30,4,'Entity','2022-12-19 22:28:48','setup',4,'glpi agrega el elemento empresa2'),(31,2,'slms','2022-12-19 22:41:09','setup',4,'glpi agrega el elemento primerNivelServicio'),(32,2,'slas','2022-12-19 22:44:02','setup',4,'glpi agrega el elemento REQUERIMIENTOSALTOS'),(33,0,'system','2022-12-19 22:57:08','login',3,'glpi inicia sesión desde la IP 201.175.240.186'),(34,0,'system','2022-12-21 16:44:29','login',3,'Fallo en el inicio de sesión de  desde la IP 189.178.59.248'),(35,0,'system','2022-12-21 16:49:56','login',3,'Fallo en el inicio de sesión de  desde la IP 189.178.59.248'),(36,0,'system','2022-12-21 16:50:03','login',3,'glpi inició la sesión desde la IP 189.178.59.248'),(37,0,'system','2022-12-21 17:16:20','login',3,'glpi inició la sesión desde la IP 187.190.197.165'),(38,0,'system','2022-12-21 17:58:24','login',3,'Inicio de sesión fallido para  desde la IP 187.190.197.165'),(39,0,'system','2022-12-21 17:58:38','login',3,'glpi inicia sesión desde la IP 187.190.197.165'),(40,1,'mailcollector','2022-12-21 18:00:22','setup',4,'glpi actualiza un elemento'),(41,1,'mailcollector','2022-12-22 00:27:18','setup',4,'glpi actualiza un elemento'),(42,1,'mailcollector','2022-12-22 00:27:44','setup',4,'glpi actualiza un elemento'),(43,1,'mailcollector','2022-12-22 00:28:34','setup',4,'glpi actualiza un elemento'),(44,1,'mailcollector','2022-12-22 00:31:55','setup',4,'glpi actualiza un elemento'),(45,1,'mailcollector','2022-12-22 00:32:51','setup',4,'glpi limpia un elemento'),(46,2,'mailcollector','2022-12-22 00:34:24','setup',4,'glpi agrega el elemento glpi@labelti.net'),(47,3,'ticket','2022-12-22 00:34:45','tracking',4,'glpi agrega el elemento 3'),(48,4,'ticket','2022-12-22 00:51:41','tracking',4,'glpi agrega el elemento 4'),(49,4,'ticket','2022-12-22 00:52:43','tracking',4,'glpi agrega un seguimiento'),(50,0,'system','2022-12-22 02:58:26','login',3,'Fallo en el inicio de sesión de  desde la IP 187.190.197.165'),(51,0,'system','2022-12-22 03:01:16','login',3,'glpi inició la sesión desde la IP 187.190.197.165'),(52,73,'rules','2022-12-22 03:23:30','setup',4,'glpi agrega el elemento 73'),(53,73,'rules','2022-12-22 03:24:08','setup',4,'glpi actualiza un elemento'),(54,2,'mailcollector','2022-12-22 04:04:06','setup',4,'glpi actualiza un elemento'),(55,5,'ticket','2022-12-22 19:49:13','tracking',4,'glpi agrega el elemento 5'),(56,0,'system','2022-12-22 20:02:53','login',3,'glpi inició la sesión desde la IP 187.190.40.53'),(57,0,'system','2022-12-22 20:17:49','login',3,'glpi inició la sesión desde la IP 187.190.40.53'),(58,0,'system','2022-12-22 20:19:10','login',3,'glpi inició la sesión desde la IP 187.190.40.53'),(59,6,'ticket','2022-12-22 20:28:01','tracking',4,'anonymous agregó el elemento 6'),(60,0,'system','2022-12-22 22:04:09','login',3,'GLPI inicia sesión desde la IP 187.190.40.53'),(61,6,'ticket','2022-12-22 22:08:44','tracking',4,'glpi agrega un seguimiento'),(62,0,'system','2022-12-22 22:14:01','login',3,'glpi inició la sesión desde la IP 187.190.40.53'),(63,6,'ticket','2022-12-22 22:19:46','tracking',4,'glpi agregar un actor'),(64,6,'ticket','2022-12-22 22:20:04','tracking',4,'glpi actualiza un elemento'),(65,1,'infocom','2022-12-22 22:22:33','financial',4,'glpi agrega el elemento 1'),(66,0,'system','2022-12-22 22:28:06','login',3,'glpi inició sesión desde la dirección IP 187.190.40.53'),(67,0,'system','2022-12-22 22:28:12','login',3,'glpi inició sesión desde la dirección IP 187.190.40.53'),(68,0,'system','2022-12-22 22:28:22','login',3,'glpi inició sesión desde la dirección IP 187.190.40.53'),(69,0,'system','2022-12-22 22:28:27','login',3,'glpi inició sesión desde la dirección IP 187.190.40.53'),(70,0,'system','2022-12-22 22:28:33','login',3,'glpi inició sesión desde la dirección IP 187.190.40.53'),(71,0,'system','2022-12-22 22:28:51','login',3,'glpi inició sesión desde la dirección IP 187.190.40.53'),(72,7,'ticket','2022-12-22 22:30:52','tracking',4,'glpi agrega el elemento 7'),(73,0,'system','2022-12-22 22:32:55','login',3,'glpi inició sesión desde la dirección IP 187.190.40.53'),(74,0,'system','2022-12-22 22:39:06','login',3,'glpi inició sesión desde la dirección IP 187.190.40.53'),(75,0,'system','2022-12-22 22:39:33','login',3,'glpi inició sesión desde la dirección IP 187.190.40.53'),(76,6,'ticket','2022-12-22 23:04:53','tracking',4,'glpi agrega un seguimiento'),(77,4,'notificationtemplatetranslations','2022-12-22 23:25:10','notification',4,'glpi actualiza un elemento'),(78,4,'ticket','2022-12-22 23:25:50','tracking',4,'glpi agrega un seguimiento'),(79,0,'system','2022-12-23 15:27:06','login',3,'Inicio de sesión fallido para  desde la IP 187.190.40.53'),(80,0,'system','2022-12-23 16:02:37','login',3,'Fallo en el inicio de sesión de  desde la IP 177.249.54.47'),(81,0,'system','2022-12-23 16:02:45','login',3,'glpi inició la sesión desde la IP 177.249.54.47'),(82,0,'system','2022-12-23 16:02:51','login',3,'glpi inició la sesión desde la IP 177.249.54.47'),(83,4,'ticket','2022-12-23 16:03:35','tracking',4,'glpi agrega un seguimiento'),(84,4,'notificationtemplatetranslations','2022-12-23 21:07:19','notification',4,'glpi actualiza un elemento'),(85,4,'ticket','2022-12-23 21:07:54','tracking',4,'glpi agrega un seguimiento'),(86,4,'notificationtemplatetranslations','2022-12-23 21:13:25','notification',4,'glpi actualiza un elemento'),(87,4,'ticket','2022-12-23 21:14:10','tracking',4,'glpi agrega un seguimiento'),(88,4,'notificationtemplatetranslations','2022-12-23 21:25:09','notification',4,'glpi actualiza un elemento'),(89,4,'ticket','2022-12-23 21:25:30','tracking',4,'glpi agrega un seguimiento'),(90,0,'system','2022-12-26 15:16:44','login',3,'glpi inició la sesión desde la IP 187.190.40.53'),(91,0,'system','2022-12-26 16:14:09','login',3,'Fallo en el inicio de sesión de  desde la IP 201.157.30.137'),(92,4,'ticket','2022-12-26 18:59:16','tracking',4,'glpi agrega un seguimiento'),(93,0,'system','2022-12-26 19:03:44','login',3,'Acceso fallido desde  de la dirección IP 187.189.149.25'),(94,0,'system','2022-12-28 10:44:40','login',3,'glpi inició la sesión desde la IP 187.190.40.53'),(95,0,'system','2022-12-28 12:59:59','login',3,'Fallo en el inicio de sesión de  desde la IP 187.190.40.53'),(96,4,'ticket','2022-12-29 10:46:42','tracking',4,'glpi agrega un seguimiento'),(97,0,'system','2022-12-29 15:47:12','login',3,'glpi inició la sesión desde la IP 187.190.40.53'),(98,36,'notificationtemplates','2022-12-29 16:17:23','notification',4,'glpi agrega el elemento plantillaTickets'),(99,37,'notificationtemplates','2022-12-29 16:22:18','notification',4,'glpi agrega el elemento prueba'),(100,35,'notificationtemplatetranslations','2022-12-29 16:35:29','notification',4,'glpi agrega el elemento es_MX'),(101,36,'notificationtemplatetranslations','2022-12-29 16:36:08','notification',4,'glpi agrega el elemento '),(102,4,'notificationtemplatetranslations','2022-12-29 16:47:16','notification',4,'glpi actualiza un elemento'),(103,4,'ticket','2022-12-29 16:47:46','tracking',4,'glpi agrega un seguimiento'),(104,37,'notificationtemplates','2022-12-29 17:04:31','notification',4,'glpi actualiza un elemento'),(105,4,'notificationtemplates','2022-12-29 17:09:40','notification',4,'glpi actualiza un elemento'),(106,4,'notificationtemplatetranslations','2022-12-29 17:11:39','notification',4,'glpi actualiza un elemento'),(107,4,'ticket','2022-12-29 17:12:13','tracking',4,'glpi agrega un seguimiento'),(108,4,'ticket','2022-12-29 17:12:20','tracking',4,'glpi actualiza un elemento'),(109,4,'notificationtemplatetranslations','2022-12-29 17:45:28','notification',4,'glpi actualiza un elemento'),(110,4,'notificationtemplatetranslations','2022-12-29 17:45:34','notification',4,'glpi actualiza un elemento'),(111,8,'ticket','2022-12-29 17:47:01','tracking',4,'anonymous agregó el elemento 8'),(112,8,'ticket','2022-12-29 17:57:32','tracking',4,'glpi agrega un seguimiento'),(113,8,'ticket','2022-12-29 17:57:37','tracking',4,'glpi actualiza un elemento'),(114,8,'ticket','2022-12-29 17:59:54','tracking',4,'glpi actualiza un elemento'),(115,9,'ticket','2022-12-29 18:05:01','tracking',4,'anonymous agregó el elemento 9'),(116,0,'system','2022-12-29 18:09:48','login',3,'glpi inició la sesión desde la IP 187.190.40.53'),(117,9,'ticket','2022-12-29 18:11:01','tracking',4,'glpi agrega un seguimiento'),(118,9,'ticket','2022-12-29 18:12:13','tracking',4,'glpi actualiza un elemento'),(119,9,'ticket','2022-12-29 18:12:33','tracking',4,'glpi agrega un seguimiento'),(120,4,'ticket','2022-12-29 18:12:53','tracking',4,'glpi agrega un seguimiento'),(121,0,'system','2022-12-29 21:04:05','login',3,'glpi inició sesión desde la dirección IP 187.188.23.23'),(122,0,'system','2022-12-30 09:50:19','login',3,'Fallo en el inicio de sesión de  desde la IP 187.190.40.53'),(123,0,'system','2022-12-30 09:50:28','login',3,'glpi inició la sesión desde la IP 187.190.40.53'),(124,10,'ticket','2022-12-30 11:00:02','tracking',4,'anonymous agregó el elemento 10'),(125,11,'ticket','2022-12-30 11:03:02','tracking',4,'anonymous agregó el elemento 11'),(126,6,'ticket','2022-12-30 11:12:35','tracking',4,'glpi agrega un seguimiento'),(127,6,'ticket','2022-12-30 11:12:42','tracking',4,'glpi actualiza un elemento'),(128,4,'notificationtemplatetranslations','2022-12-30 11:53:05','notification',4,'glpi actualiza un elemento'),(129,4,'notificationtemplatetranslations','2022-12-30 12:18:09','notification',4,'glpi actualiza un elemento'),(130,12,'ticket','2022-12-30 12:19:01','tracking',4,'anonymous agregó el elemento 12'),(131,4,'notificationtemplatetranslations','2022-12-30 12:19:59','notification',4,'glpi actualiza un elemento'),(132,12,'ticket','2022-12-30 12:22:57','tracking',4,'glpi agrega un seguimiento'),(133,12,'ticket','2022-12-30 12:23:02','tracking',4,'glpi actualiza un elemento'),(134,13,'ticket','2022-12-30 12:27:01','tracking',4,'anonymous agregó el elemento 13'),(135,6,'ticket','2022-12-30 12:51:20','tracking',4,'glpi agrega un seguimiento'),(136,6,'ticket','2022-12-30 12:51:25','tracking',4,'glpi actualiza un elemento'),(137,4,'notificationtemplatetranslations','2022-12-30 13:08:16','notification',4,'glpi actualiza un elemento'),(138,6,'ticket','2022-12-30 13:08:56','tracking',4,'glpi agrega un seguimiento'),(139,6,'ticket','2022-12-30 13:09:03','tracking',4,'glpi actualiza un elemento'),(140,4,'notificationtemplatetranslations','2022-12-30 13:17:39','notification',4,'glpi actualiza un elemento'),(141,6,'ticket','2022-12-30 13:18:43','tracking',4,'glpi agrega un seguimiento'),(142,6,'ticket','2022-12-30 13:18:47','tracking',4,'glpi actualiza un elemento'),(143,4,'notificationtemplatetranslations','2022-12-30 13:21:23','notification',4,'glpi actualiza un elemento'),(144,4,'notificationtemplatetranslations','2022-12-30 13:26:02','notification',4,'glpi actualiza un elemento'),(145,6,'ticket','2022-12-30 13:28:23','tracking',4,'glpi agrega un seguimiento'),(146,6,'ticket','2022-12-30 13:28:41','tracking',4,'glpi actualiza un elemento'),(147,4,'notificationtemplatetranslations','2022-12-30 13:34:51','notification',4,'glpi actualiza un elemento'),(148,6,'ticket','2022-12-30 13:36:05','tracking',4,'glpi agrega un seguimiento'),(149,6,'ticket','2022-12-30 13:36:09','tracking',4,'glpi actualiza un elemento'),(150,4,'notificationtemplatetranslations','2022-12-30 13:53:37','notification',4,'glpi actualiza un elemento'),(151,0,'system','2023-01-12 09:56:45','login',3,'glpi inició la sesión desde la IP 187.190.40.53'),(152,2,'infocom','2023-01-12 10:07:10','financial',4,'glpi agrega el elemento 2'),(153,0,'ticket','2023-01-12 10:44:41','tracking',4,'glpi agrega el elemento 0'),(154,1,'reservationitem','2023-01-12 10:52:58','inventory',4,'glpi agregar el elemento Computer (1)'),(155,14,'ticket','2023-01-13 08:44:45','tracking',4,'glpi agrega el elemento 14'),(156,15,'ticket','2023-01-13 08:45:23','tracking',4,'glpi agrega el elemento 15'),(157,16,'ticket','2023-01-13 08:46:34','tracking',4,'glpi agrega el elemento 16'),(158,0,'system','2023-01-16 12:32:39','login',3,'glpi inició la sesión desde la IP 187.190.40.62'),(159,5,'Entity','2023-01-16 13:05:10','setup',4,'glpi agrega el elemento GS TALENTOS INNOVADORES, S.C.'),(160,6,'Entity','2023-01-16 13:05:22','setup',4,'glpi agrega el elemento AREAS COMUNES RASTRO Y EMPACADORA'),(161,0,'system','2023-01-17 14:02:30','login',3,'glpi inició la sesión desde la IP 187.190.40.62'),(162,0,'system','2023-01-17 14:40:23','login',3,'usuario inició la sesión desde la IP 187.190.40.62'),(163,0,'system','2023-01-17 14:41:56','login',3,'Fallo en el inicio de sesión de usuario desde la IP 187.190.40.62'),(164,0,'system','2023-01-17 14:42:11','login',3,'usuario inició la sesión desde la IP 187.190.40.62'),(165,0,'system','2023-01-17 14:43:51','login',3,'Fallo en el inicio de sesión de usuario desde la IP 187.190.40.62'),(166,0,'system','2023-01-17 14:44:37','login',3,'usuario inició la sesión desde la IP 187.190.40.62'),(167,0,'system','2023-02-01 09:37:49','login',3,'Inicio de sesión fallido para glpi desde la IP 187.190.40.62'),(168,0,'system','2023-02-01 09:38:35','login',3,'Fallo en el inicio de sesión de glpi desde la IP 187.190.40.62'),(169,0,'system','2023-02-01 09:39:21','login',3,'Fallo en el inicio de sesión de glpi desde la IP 187.190.40.62'),(170,0,'system','2023-02-01 09:40:07','login',3,'glpi inició la sesión desde la IP 187.190.40.62'),(171,0,'system','2023-02-01 10:47:48','login',3,'Inicio de sesión fallido para glpi desde la IP 187.190.40.62'),(172,0,'system','2023-02-01 10:48:31','login',3,'Fallo en el inicio de sesión de glpi desde la IP 187.190.40.62'),(173,0,'system','2023-02-01 10:49:02','login',3,'glpi inició la sesión desde la IP 187.190.40.62'),(174,0,'system','2023-02-10 12:42:55','login',3,'Fallo en el inicio de sesión de glpi desde la IP 187.190.40.62'),(175,0,'system','2023-02-10 12:43:21','login',3,'glpi inició la sesión desde la IP 187.190.40.62'),(176,0,'system','2023-02-13 17:26:02','login',3,'glpi inició la sesión desde la IP 189.203.100.165'),(177,0,'system','2023-02-13 17:26:12','login',3,'glpi inició la sesión desde la IP 189.203.100.165'),(178,0,'system','2023-02-13 18:38:03','login',3,'Fallo en el inicio de sesión de glpi desde la IP 187.213.22.248'),(179,0,'system','2023-02-16 15:52:34','login',3,'Fallo en el inicio de sesión de glpi desde la IP 187.190.40.62'),(180,0,'system','2023-02-16 15:52:53','login',3,'glpi inició la sesión desde la IP 187.190.40.62'),(181,0,'system','2023-02-16 15:53:08','login',3,'glpi inició la sesión desde la IP 187.190.40.62'),(182,0,'system','2023-02-16 15:53:03','login',3,'glpi inició la sesión desde la IP 187.190.40.62'),(183,0,'system','2023-02-16 15:53:13','login',3,'glpi inició la sesión desde la IP 187.190.40.62'),(184,0,'system','2023-02-16 15:55:13','login',3,'Fallo en el inicio de sesión de labelweek desde la IP 187.190.40.62'),(185,0,'system','2023-02-16 15:55:35','login',3,'Fallo en el inicio de sesión de  desde la IP 187.190.40.62'),(186,0,'system','2023-02-16 15:55:50','login',3,'glpi inició la sesión desde la IP 187.190.40.62'),(187,0,'system','2023-02-16 15:55:59','login',3,'Fallo en el inicio de sesión de labelweek@gmail.com desde la IP 187.190.40.62'),(188,0,'system','2023-02-16 15:59:07','login',3,'Fallo en el inicio de sesión de labelweek desde la IP 187.190.40.62'),(189,0,'system','2023-02-16 15:59:34','login',3,'Fallo en el inicio de sesión de glpi desde la IP 187.190.40.62'),(190,0,'system','2023-02-16 16:00:03','login',3,'Fallo en el inicio de sesión de labelweel desde la IP 187.190.40.62'),(191,0,'system','2023-02-16 16:00:49','login',3,'Fallo en el inicio de sesión de labelweek desde la IP 187.190.40.62'),(192,0,'system','2023-02-16 16:06:28','login',3,'Fallo en el inicio de sesión de labelweek desde la IP 187.190.40.62'),(193,0,'system','2023-02-16 16:06:58','login',3,'glpi inició la sesión desde la IP 187.190.40.62'),(194,0,'system','2023-02-16 16:07:30','login',3,'Fallo en el inicio de sesión de labelweek desde la IP 187.190.40.62'),(195,0,'system','2023-02-16 16:08:23','login',3,'Fallo en el inicio de sesión de  desde la IP 187.190.40.62'),(196,0,'system','2023-02-16 16:08:41','login',3,'Fallo en el inicio de sesión de usuario desde la IP 187.190.40.62'),(197,0,'system','2023-02-16 16:09:22','login',3,'Fallo en el inicio de sesión de usuario desde la IP 187.190.40.62'),(198,0,'system','2023-02-16 16:09:53','login',3,'glpi inició la sesión desde la IP 187.190.40.62'),(199,0,'system','2023-02-16 16:18:02','login',3,'Usuario inició la sesión desde la IP 187.190.40.62'),(200,0,'system','2023-02-17 14:55:54','login',3,'glpi inició la sesión desde la IP 187.190.40.62'),(201,0,'system','2023-02-17 14:55:54','login',3,'glpi inició la sesión desde la IP 187.190.40.62'),(202,0,'system','2023-02-21 09:28:27','login',3,'glpi inició la sesión desde la IP 187.190.40.62'),(203,0,'ticket','2023-02-21 12:59:45','tracking',4,'glpi agrega el elemento 0'),(204,0,'system','2023-02-22 16:43:45','login',3,'glpi inició la sesión desde la IP 187.190.40.62'),(205,0,'system','2023-02-22 16:43:46','login',3,'glpi inicio de sesión desde la IP 187.190.40.62'),(206,0,'system','2023-02-22 16:54:21','login',3,'Fallo en el inicio de sesión de soporte@labelweek.com desde la IP 187.190.40.62'),(207,0,'system','2023-02-22 16:54:51','login',3,'Fallo en el inicio de sesión de soporte@labelweek.com desde la IP 187.190.40.62'),(208,0,'system','2023-02-22 16:54:59','login',3,'Fallo en el inicio de sesión de soporte desde la IP 187.190.40.62'),(209,0,'system','2023-02-23 09:12:55','login',3,'usrglpi inició la sesión desde la IP 187.190.40.62'),(210,0,'system','2023-02-23 09:20:58','login',3,'glpi inició la sesión desde la IP 187.190.40.62'),(211,0,'system','2023-02-24 09:27:49','login',3,'glpi inició la sesión desde la IP 177.242.131.130'),(212,0,'system','2023-02-24 09:28:06','login',3,'Fallo en el inicio de sesión de  desde la IP 187.190.40.62'),(213,0,'system','2023-02-24 09:28:17','login',3,'Fallo en el inicio de sesión de glpi desde la IP 187.190.40.62'),(214,0,'system','2023-02-24 09:28:31','login',3,'glpi inició la sesión desde la IP 187.190.40.62'),(215,0,'system','2023-02-24 15:33:10','login',3,'glpi inició la sesión desde la IP 187.190.40.62'),(216,3,'computers','2023-02-24 15:44:18','inventory',4,'glpi actualiza un elemento'),(217,0,'system','2023-02-27 10:44:43','login',3,'Fallo en el inicio de sesión de admin desde la IP 187.190.40.62'),(218,0,'system','2023-02-27 10:44:47','login',3,'Fallo en el inicio de sesión de glpi desde la IP 187.190.40.62'),(219,0,'system','2023-02-27 10:44:54','login',3,'glpi inició la sesión desde la IP 187.190.40.62'),(220,7,'Entity','2023-02-27 13:12:09','setup',4,'glpi agrega el elemento ENTIDAD3'),(221,0,'system','2023-02-28 16:55:29','login',3,'glpi inició la sesión desde la IP 187.190.40.62'),(222,0,'system','2023-02-28 16:55:30','login',3,'glpi inició la sesión desde la IP 187.190.40.62'),(223,0,'system','2023-02-28 17:36:46','login',3,'Inicio de sesión fallido para admin desde la IP 187.190.40.62'),(224,0,'system','2023-02-28 17:36:54','login',3,'Inicio de sesión fallido para admin desde la IP 187.190.40.62'),(225,0,'system','2023-02-28 17:37:30','login',3,'Inicio de sesión fallido para GLPI desde la IP 187.190.40.62'),(226,0,'system','2023-02-28 17:37:38','login',3,'Inicio de sesión fallido para glpi desde la IP 187.190.40.62'),(227,0,'system','2023-02-28 17:38:03','login',3,'Inicio de sesión fallido para GLPI desde la IP 187.190.40.62'),(228,0,'system','2023-03-01 09:12:08','login',3,'GLPI inicia sesión desde la IP 187.190.40.62'),(229,0,'system','2023-03-01 11:45:15','login',3,'Fallo en el inicio de sesión de  desde la IP 187.190.40.62'),(230,0,'system','2023-03-01 16:10:46','login',3,'Fallo en el inicio de sesión de glpi desde la IP 187.190.40.62'),(231,0,'system','2023-03-01 16:10:56','login',3,'Fallo en el inicio de sesión de glpi desde la IP 187.190.40.62'),(232,0,'system','2023-03-01 16:11:06','login',3,'glpi inició la sesión desde la IP 187.190.40.62'),(233,0,'system','2023-03-02 09:15:06','login',3,'Inicio de sesión fallido para  desde la IP 187.190.40.62'),(234,0,'system','2023-03-02 10:03:57','login',3,'glpi inició la sesión desde la IP 187.190.40.62'),(235,0,'system','2023-03-03 14:58:43','login',3,'Fallo en el inicio de sesión de demo desde la IP 187.190.40.62'),(236,0,'system','2023-03-03 14:58:51','login',3,'Fallo en el inicio de sesión de glpi desde la IP 187.190.40.62'),(237,0,'system','2023-03-03 14:59:04','login',3,'glpi inició la sesión desde la IP 187.190.40.62'),(238,0,'system','2023-03-06 16:08:18','login',3,'glpi inició la sesión desde la IP 187.190.40.62'),(239,0,'system','2023-03-06 17:07:23','login',3,'Fallo en el inicio de sesión de  desde la IP 187.190.40.62'),(240,0,'system','2023-03-06 17:07:32','login',3,'glpi inició la sesión desde la IP 187.190.40.62'),(241,0,'system','2023-03-07 09:34:56','login',3,'glpi inició la sesión desde la IP 187.190.40.62'),(242,0,'system','2023-03-13 12:06:29','login',3,'glpi inició la sesión desde la IP 187.190.40.62'),(243,0,'system','2023-03-13 12:06:30','login',3,'glpi inició la sesión desde la IP 187.190.40.62'),(244,0,'system','2023-03-13 12:13:02','login',3,'glpi inició la sesión desde la IP 187.190.40.62'),(245,0,'system','2023-03-14 13:28:49','login',3,'Fallo en el inicio de sesión de demo desde la IP 177.249.170.35'),(246,0,'system','2023-03-14 13:29:28','login',3,'Fallo en el inicio de sesión de glpi desde la IP 187.190.40.62'),(247,0,'system','2023-03-14 13:29:41','login',3,'glpi inició la sesión desde la IP 187.190.40.62'),(248,2,'mailcollector','2023-03-14 13:34:25','setup',4,'glpi actualiza un elemento'),(249,0,'system','2023-03-14 13:36:42','login',3,'Fallo en el inicio de sesión de glpi desde la IP 187.190.40.62'),(250,0,'system','2023-03-14 13:36:51','login',3,'glpi inició la sesión desde la IP 187.190.40.62'),(251,2,'mailcollector','2023-03-14 14:16:57','setup',4,'glpi actualiza un elemento'),(252,2,'mailcollector','2023-03-14 14:18:35','setup',4,'glpi actualiza un elemento'),(253,17,'ticket','2023-03-14 14:18:40','tracking',4,'glpi agrega el elemento 17'),(254,18,'ticket','2023-03-14 14:18:40','tracking',4,'glpi agrega el elemento 18'),(255,19,'ticket','2023-03-14 14:18:40','tracking',4,'glpi agrega el elemento 19'),(256,0,'system','2023-03-15 11:22:26','login',3,'glpi inició la sesión desde la IP 187.190.40.62'),(257,2,'mailcollector','2023-03-15 11:28:04','setup',4,'glpi actualiza un elemento'),(258,2,'mailcollector','2023-03-15 11:28:28','setup',4,'glpi actualiza un elemento'),(259,2,'mailcollector','2023-03-15 11:28:43','setup',4,'glpi actualiza un elemento'),(260,2,'mailcollector','2023-03-15 11:29:24','setup',4,'glpi actualiza un elemento'),(261,2,'mailcollector','2023-03-15 11:30:09','setup',4,'glpi actualiza un elemento'),(262,2,'mailcollector','2023-03-15 11:31:41','setup',4,'glpi actualiza un elemento'),(263,2,'mailcollector','2023-03-15 12:21:37','setup',4,'glpi actualiza un elemento'),(264,2,'mailcollector','2023-03-15 12:24:04','setup',4,'glpi actualiza un elemento'),(265,2,'mailcollector','2023-03-15 12:24:29','setup',4,'glpi actualiza un elemento'),(266,2,'mailcollector','2023-03-15 12:25:18','setup',4,'glpi actualiza un elemento'),(267,2,'mailcollector','2023-03-15 12:27:58','setup',4,'glpi actualiza un elemento'),(268,2,'mailcollector','2023-03-15 12:31:07','setup',4,'glpi actualiza un elemento'),(269,2,'mailcollector','2023-03-15 12:31:54','setup',4,'glpi actualiza un elemento'),(270,2,'mailcollector','2023-03-15 12:33:05','setup',4,'glpi actualiza un elemento'),(271,2,'mailcollector','2023-03-15 12:37:01','setup',4,'glpi actualiza un elemento'),(272,2,'mailcollector','2023-03-15 12:39:44','setup',4,'glpi actualiza un elemento'),(273,2,'mailcollector','2023-03-15 12:40:57','setup',4,'glpi actualiza un elemento'),(274,2,'mailcollector','2023-03-15 12:41:13','setup',4,'glpi actualiza un elemento'),(275,2,'mailcollector','2023-03-15 12:43:49','setup',4,'glpi actualiza un elemento'),(276,2,'mailcollector','2023-03-15 12:46:07','setup',4,'glpi actualiza un elemento'),(277,2,'mailcollector','2023-03-15 12:46:55','setup',4,'glpi actualiza un elemento'),(278,2,'mailcollector','2023-03-15 12:47:15','setup',4,'glpi actualiza un elemento'),(279,2,'mailcollector','2023-03-15 12:49:51','setup',4,'glpi actualiza un elemento'),(280,2,'mailcollector','2023-03-15 12:57:41','setup',4,'glpi actualiza un elemento'),(281,2,'mailcollector','2023-03-15 13:11:19','setup',4,'glpi actualiza un elemento'),(282,2,'mailcollector','2023-03-15 13:11:54','setup',4,'glpi actualiza un elemento'),(283,0,'system','2023-03-17 17:15:11','login',3,'glpi inició la sesión desde la IP 187.190.40.62'),(284,0,'system','2023-03-17 18:36:20','login',3,'Acceso fallido desde glpi de la dirección IP 187.190.40.62'),(285,0,'system','2023-03-17 18:36:27','login',3,'Acceso fallido desde glpi de la dirección IP 187.190.40.62'),(286,0,'system','2023-03-17 18:37:22','login',3,'glpi inició la sesión desde la IP 187.190.40.62'),(287,0,'system','2023-03-17 18:37:22','login',3,'glpi inició la sesión desde la IP 187.190.40.62'),(288,0,'system','2023-03-17 18:37:30','login',3,'Fallo en el inicio de sesión de glpi desde la IP 187.190.40.62'),(289,0,'system','2023-03-17 18:37:44','login',3,'glpi inició sesión desde la dirección IP 187.190.40.62'),(290,0,'system','2023-03-17 18:43:53','login',3,'glpi inició la sesión desde la IP 187.190.40.62'),(291,0,'system','2023-03-17 19:06:07','login',3,'glpi inició la sesión desde la IP 187.190.40.62'),(292,0,'system','2023-03-27 15:14:10','login',3,'glpi inició la sesión desde la IP 187.190.40.62'),(293,0,'system','2023-03-27 15:28:53','login',3,'Fallo en el inicio de sesión de glpi desde la IP 187.190.40.62'),(294,0,'system','2023-03-27 15:29:01','login',3,'glpi inició la sesión desde la IP 187.190.40.62'),(295,0,'system','2023-03-27 15:36:44','login',3,'glpi inició la sesión desde la IP 187.190.40.62'),(296,0,'system','2023-03-27 15:37:21','login',3,'glpi inició la sesión desde la IP 187.190.40.62'),(297,0,'system','2023-03-27 17:16:51','login',3,'glpi inició la sesión desde la IP 187.190.40.62'),(298,0,'system','2023-03-27 18:20:21','login',3,'glpi inició la sesión desde la IP 187.190.205.196'),(299,0,'system','2023-03-28 12:29:20','login',3,'glpi inició la sesión desde la IP 187.190.40.62'),(300,0,'system','2023-03-28 13:27:45','login',3,'glpi inició la sesión desde la IP 187.190.40.62'),(301,0,'system','2023-03-29 15:27:22','login',3,'glpi inició la sesión desde la IP 177.249.193.40'),(302,0,'system','2023-03-29 15:29:13','login',3,'Fallo en el inicio de sesión de  desde la IP 187.190.40.62'),(303,0,'system','2023-03-29 15:29:33','login',3,'glpi inició la sesión desde la IP 187.190.40.62'),(304,0,'system','2023-03-29 15:31:59','login',3,'Fallo en el inicio de sesión de soporte@labelti.com desde la IP 187.190.40.62'),(305,0,'system','2023-03-29 15:32:35','login',3,'Fallo en el inicio de sesión de usuario@labelti.com desde la IP 187.190.40.62'),(306,0,'system','2023-03-29 15:37:56','login',3,'Fallo en el inicio de sesión de usuario@labelweek.com desde la IP 187.190.40.62'),(307,0,'system','2023-03-29 15:38:20','login',3,'Fallo en el inicio de sesión de usuario@labelweek.com desde la IP 187.190.40.62'),(308,0,'system','2023-03-29 15:41:46','login',3,'Fallo en el inicio de sesión de usuario desde la IP 187.190.40.62'),(309,0,'system','2023-03-29 15:42:03','login',3,'Fallo en el inicio de sesión de usuario@labelweek.com desde la IP 187.190.40.62'),(310,0,'system','2023-03-29 15:42:46','login',3,'Fallo en el inicio de sesión de usuario@labelweek.com desde la IP 187.190.40.62'),(311,0,'system','2023-03-29 15:42:59','login',3,'usuario inició la sesión desde la IP 187.190.40.62'),(312,0,'system','2023-03-29 16:19:57','login',3,'Fallo en el inicio de sesión de glpi desde la IP 177.249.193.40'),(313,0,'system','2023-03-29 16:20:07','login',3,'glpi inició la sesión desde la IP 177.249.193.40'),(314,12,'users','2023-03-29 16:21:14','setup',4,'glpi agrega el elemento Julio'),(315,12,'users','2023-03-29 16:23:06','setup',4,'glpi agrego un usuario a una entidad'),(316,1,'ITILCategory','2023-03-29 16:24:30','setup',4,'glpi agrega el elemento SAP'),(317,1,'ITILCategory','2023-03-29 16:27:19','setup',4,'glpi limpia un elemento'),(318,2,'ITILCategory','2023-03-29 16:27:45','setup',4,'glpi agrega el elemento SAP'),(319,2,'TicketTemplate','2023-03-29 16:30:09','setup',4,'glpi agrega el elemento '),(320,2,'TicketTemplate','2023-03-29 16:30:20','setup',4,'glpi actualiza un elemento'),(321,2,'TicketTemplate','2023-03-29 16:31:05','setup',4,'glpi actualiza un elemento'),(322,20,'ticket','2023-03-29 16:32:10','tracking',4,'glpi agrega el elemento 20'),(323,0,'system','2023-03-29 16:42:30','login',3,'glpi inició la sesión desde la IP 187.190.40.62'),(324,2,'mailcollector','2023-03-29 16:46:06','setup',4,'glpi actualiza un elemento'),(325,2,'mailcollector','2023-03-29 16:46:29','setup',4,'glpi actualiza un elemento'),(326,1,'groups','2023-03-29 16:48:14','setup',4,'glpi agrega el elemento L2'),(327,1,'groups','2023-03-29 16:48:48','setup',4,'glpi agrega un usuario a un grupo'),(328,1,'groups','2023-03-29 16:48:59','setup',4,'glpi agrega un usuario a un grupo'),(329,21,'ticket','2023-03-29 16:50:53','tracking',4,'glpi agrega el elemento 21'),(330,21,'ticket','2023-03-29 16:52:02','tracking',4,'glpi actualiza un elemento'),(331,0,'system','2023-03-29 17:04:32','login',3,'usuario inició la sesión desde la IP 177.249.193.40'),(332,0,'system','2023-03-29 17:04:53','login',3,'Fallo en el inicio de sesión de glpi desde la IP 177.249.193.40'),(333,0,'system','2023-03-30 14:26:53','login',3,'glpi inició la sesión desde la IP 187.190.40.62'),(334,0,'system','2023-03-30 14:26:53','login',3,'glpi inició la sesión desde la IP 187.190.40.62'),(335,0,'system','2023-03-30 16:13:28','login',3,'glpi inició la sesión desde la IP 177.249.193.40'),(336,3,'slms','2023-03-31 09:43:05','setup',4,'glpi agrega el elemento LabelWeek'),(337,3,'slas','2023-03-31 09:44:30','setup',4,'glpi agrega el elemento RAlto'),(338,4,'slas','2023-03-31 09:44:42','setup',4,'glpi agrega el elemento RBAJO'),(339,1,'olas','2023-03-31 09:45:06','setup',4,'glpi agrega el elemento Atencion'),(340,3,'slas','2023-03-31 09:57:56','setup',4,'glpi agrega un enlace con un elemento'),(341,86,'rules','2023-03-31 10:10:55','setup',4,'glpi agrega el elemento 86'),(342,0,'system','2023-03-31 10:15:29','Impersonate',3,'glpi comienza a hacerse pasar por usuario Julio'),(343,22,'ticket','2023-03-31 10:15:54','tracking',4,'Julio agrega el elemento 22'),(344,0,'system','2023-03-31 10:15:57','Impersonate',3,'glpi deja de hacerse pasar por usuario Julio'),(345,0,'system','2023-03-31 10:16:23','login',3,'GLPI inició la sesión desde la IP 177.249.193.40'),(346,22,'ticket','2023-03-31 10:18:38','tracking',4,'glpi agregar un actor'),(347,0,'change','2023-03-31 10:23:37','maintain',4,'glpi agrega el elemento Cambio de Server'),(348,1,'change','2023-03-31 10:24:44','maintain',4,'glpi agrega el elemento Hola Esto es un cambio'),(349,2,'change','2023-03-31 10:25:45','maintain',4,'glpi agrega el elemento Test'),(350,1,'change','2023-03-31 10:27:34','maintain',4,'glpi actualiza un elemento'),(351,1,'change','2023-03-31 10:27:51','tracking',4,'glpi agrega una aprobación'),(352,1,'change','2023-03-31 10:35:33','tracking',4,'glpi agrega una aprobación'),(353,2,'Calendar','2023-03-31 10:58:08','setup',4,'glpi agrega el elemento LabelWeek'),(354,7,'users','2023-04-03 14:06:47','setup',4,'glpi agrego un usuario a una entidad'),(355,9,'users','2023-04-03 14:07:31','setup',4,'glpi agrego un usuario a una entidad'),(356,0,'system','2023-04-03 18:20:33','login',3,'Fallo en el inicio de sesión de  desde la IP 187.190.40.62'),(357,0,'system','2023-04-03 18:20:50','login',3,'glpi inició la sesión desde la IP 187.190.40.62'),(358,0,'system','2023-04-10 17:30:01','login',3,'glpi inició la sesión desde la IP 187.190.40.62'),(359,0,'system','2023-04-10 17:30:12','login',3,'glpi inició la sesión desde la IP 187.190.40.62'),(360,87,'rules','2023-04-10 17:39:42','setup',4,'glpi agrega el elemento 87'),(361,0,'system','2023-04-11 18:25:30','login',3,'Fallo en el inicio de sesión de glpi desde la IP 187.190.40.62'),(362,0,'system','2023-04-11 18:26:04','login',3,'glpi inició la sesión desde la IP 187.190.40.62'),(363,0,'system','2023-04-12 15:07:34','login',3,'glpi inició la sesión desde la IP 187.190.40.62'),(364,2,'calendars','2023-04-12 15:19:15','setup',4,'glpi agrega un enlace con un elemento'),(365,2,'calendars','2023-04-12 15:19:50','setup',4,'glpi agrega un enlace con un elemento'),(366,2,'calendars','2023-04-12 15:21:24','setup',4,'glpi agrega un enlace con un elemento'),(367,2,'calendars','2023-04-12 15:21:47','setup',4,'glpi agrega un enlace con un elemento'),(368,2,'calendars','2023-04-12 15:21:58','setup',4,'glpi agrega un enlace con un elemento'),(369,2,'calendars','2023-04-12 15:22:11','setup',4,'glpi agrega un enlace con un elemento'),(370,4,'slms','2023-04-12 16:35:28','setup',4,'glpi agrega el elemento nivelmedio'),(371,5,'slas','2023-04-12 16:56:45','setup',4,'glpi agrega el elemento Niveluno'),(372,6,'slas','2023-04-12 16:57:26','setup',4,'glpi agrega el elemento Niveldos'),(373,2,'olas','2023-04-12 16:59:01','setup',4,'glpi agrega el elemento primerOLA'),(374,3,'olas','2023-04-12 16:59:38','setup',4,'glpi agrega el elemento segundoOLA'),(375,23,'ticket','2023-04-12 17:10:34','tracking',4,'glpi agrega el elemento 23'),(376,23,'ticket','2023-04-12 17:16:53','tracking',4,'glpi borra un elemento'),(377,24,'ticket','2023-04-12 17:17:49','tracking',4,'glpi agrega el elemento 24'),(378,24,'ticket','2023-04-12 17:28:08','tracking',4,'glpi borra un elemento'),(379,25,'ticket','2023-04-12 17:29:25','tracking',4,'glpi agrega el elemento 25'),(380,2,'olas','2023-04-12 17:42:21','setup',4,'glpi agrega un enlace con un elemento'),(381,1,'Calendar','2023-04-12 17:48:30','setup',4,'glpi actualiza un elemento'),(382,5,'slas','2023-04-12 18:25:18','setup',4,'glpi agrega un enlace con un elemento'),(383,0,'system','2023-04-12 18:35:43','Impersonate',3,'glpi comienza a hacerse pasar por usuario a1'),(384,26,'ticket','2023-04-12 18:36:38','tracking',4,'a1 agrega el elemento 26'),(385,0,'system','2023-04-12 18:36:59','Impersonate',3,'glpi deja de hacerse pasar por usuario a1'),(386,0,'system','2023-04-13 10:27:30','login',3,'glpi inició la sesión desde la IP 201.175.243.145'),(387,0,'system','2023-04-13 10:27:33','login',3,'glpi inició la sesión desde la IP 201.175.243.145'),(388,88,'rules','2023-04-13 10:33:42','setup',4,'glpi agrega el elemento 88'),(389,0,'system','2023-04-13 12:17:47','login',3,'Fallo en el inicio de sesión de glpi desde la IP 187.190.197.165'),(390,0,'system','2023-04-13 12:18:03','login',3,'glpi inició la sesión desde la IP 187.190.197.165'),(391,7,'slas','2023-04-13 12:55:19','setup',4,'glpi agrega el elemento ANS!'),(392,7,'slas','2023-04-13 12:55:28','setup',4,'glpi actualiza un elemento'),(393,7,'slas','2023-04-13 13:25:58','setup',4,'glpi actualiza un elemento'),(394,8,'slas','2023-04-13 13:26:47','setup',4,'glpi agrega el elemento ANS1'),(395,3,'olas','2023-04-13 13:29:20','setup',4,'glpi actualiza un elemento'),(396,8,'slas','2023-04-13 13:57:13','setup',4,'glpi agrega un enlace con un elemento'),(397,0,'system','2023-04-13 14:05:00','login',3,'Fallo en el inicio de sesión de  desde la IP 187.190.197.165'),(398,0,'system','2023-04-13 14:05:12','login',3,'glpi inició la sesión desde la IP 187.190.197.165'),(399,1,'olas','2023-04-13 14:15:55','setup',4,'glpi actualiza un nivel ola'),(400,0,'system','2023-04-13 14:38:32','Impersonate',3,'glpi comienza a hacerse pasar por usuario ventas'),(401,0,'system','2023-04-13 14:38:44','Impersonate',3,'glpi deja de hacerse pasar por usuario ventas'),(402,0,'system','2023-04-13 14:39:25','Impersonate',3,'glpi comienza a hacerse pasar por usuario a1'),(403,27,'ticket','2023-04-13 14:40:26','tracking',4,'a1 agrega el elemento 27'),(404,28,'ticket','2023-04-13 14:42:32','tracking',4,'a1 agrega el elemento 28'),(405,0,'system','2023-04-13 14:47:34','Impersonate',3,'glpi deja de hacerse pasar por usuario a1'),(406,0,'system','2023-04-14 08:47:21','login',3,'Fallo en el inicio de sesión de glpi desde la IP 187.190.197.165'),(407,0,'system','2023-04-14 08:47:59','login',3,'glpi inició la sesión desde la IP 187.190.197.165'),(408,0,'system','2023-04-17 11:38:44','login',3,'glpi inició la sesión desde la IP 187.190.40.62'),(409,0,'system','2023-04-17 15:27:11','login',3,'Fallo en el inicio de sesión de  desde la IP 187.190.40.62'),(410,0,'system','2023-04-17 18:35:08','login',3,'Acceso fallido desde glpi de la dirección IP 201.116.245.210'),(411,0,'system','2023-04-17 18:35:41','login',3,'glpi inició sesión desde la dirección IP 201.116.245.210'),(412,0,'system','2023-04-18 10:24:03','login',3,'Fallo en el inicio de sesión de  desde la IP 187.190.40.62'),(413,0,'system','2023-04-18 10:24:03','login',3,'Fallo en el inicio de sesión de  desde la IP 187.190.40.62'),(414,0,'system','2023-04-18 10:24:09','login',3,'Fallo en el inicio de sesión de  desde la IP 187.190.40.62'),(415,0,'system','2023-04-18 10:24:30','login',3,'glpi inició la sesión desde la IP 187.190.40.62'),(416,0,'system','2023-04-18 10:28:45','login',3,'glpi inició la sesión desde la IP 187.190.40.62'),(417,0,'system','2023-04-18 10:47:56','login',3,'glpi inició la sesión desde la IP 187.190.40.62'),(418,0,'system','2023-04-18 10:59:33','login',3,'Acceso fallido desde  de la dirección IP 187.190.40.62'),(419,0,'system','2023-04-18 10:59:41','login',3,'glpi inició sesión desde la dirección IP 187.190.40.62'),(420,0,'system','2023-04-18 10:59:59','login',3,'glpi inició la sesión desde la IP 187.190.40.62'),(421,0,'system','2023-04-18 11:06:45','login',3,'Acceso fallido desde glpi de la dirección IP 187.190.40.62'),(422,0,'system','2023-04-18 11:06:53','login',3,'glpi inició sesión desde la dirección IP 187.190.40.62'),(423,0,'system','2023-04-18 11:25:31','login',3,'glpi inició la sesión desde la IP 187.190.40.62'),(424,13,'users','2023-04-18 11:56:11','setup',4,'glpi agrega el elemento miguel'),(425,14,'users','2023-04-18 11:58:38','setup',4,'glpi agrega el elemento persona'),(426,0,'system','2023-04-18 12:03:03','login',3,'Inicio de sesión fallido para miguel desde la IP 187.190.40.62'),(427,0,'system','2023-04-18 12:03:44','login',3,'miguel inicia sesión desde la IP 187.190.40.62'),(428,0,'system','2023-04-18 12:04:43','login',3,'persona inició la sesión desde la IP 187.190.40.62'),(429,5,'slms','2023-04-18 12:30:13','setup',4,'glpi agrega el elemento nivelmedio'),(430,9,'slas','2023-04-18 12:30:56','setup',4,'glpi agrega el elemento ANSmedio'),(431,5,'slms','2023-04-18 12:31:35','setup',4,'glpi actualiza un elemento'),(432,4,'olas','2023-04-18 12:36:01','setup',4,'glpi agrega el elemento Atencionmedia'),(433,9,'slas','2023-04-18 12:37:29','setup',4,'glpi agrega un enlace con un elemento'),(434,4,'slas','2023-04-18 12:37:57','setup',4,'glpi actualizar un nivel de SLA'),(435,29,'ticket','2023-04-18 12:40:45','tracking',4,'persona agregó el elemento 29'),(436,29,'ticket','2023-04-18 12:43:53','tracking',4,'glpi actualiza un elemento'),(437,0,'system','2023-04-18 12:44:23','login',3,'tech inició la sesión desde la IP 187.190.40.62'),(438,14,'users','2023-04-18 12:47:48','setup',4,'glpi agrego un usuario a una entidad'),(439,0,'system','2023-04-18 12:48:35','login',3,'Fallo en el inicio de sesión de persona desde la IP 187.190.40.62'),(440,0,'system','2023-04-18 12:49:03','login',3,'persona inició la sesión desde la IP 187.190.40.62'),(441,30,'ticket','2023-04-18 12:49:48','tracking',4,'persona agregó el elemento 30'),(442,0,'system','2023-04-18 12:50:33','login',3,'Inicio de sesión fallido para miguel desde la IP 187.190.40.62'),(443,0,'system','2023-04-18 12:51:07','login',3,'miguel inicia sesión desde la IP 187.190.40.62'),(444,13,'users','2023-04-18 12:52:05','setup',4,'glpi agrego un usuario a una entidad'),(445,0,'system','2023-04-18 12:52:22','login',3,'miguel inicia sesión desde la IP 187.190.40.62'),(446,0,'system','2023-04-18 12:52:59','login',3,'miguel inicia sesión desde la IP 187.190.40.62'),(447,31,'ticket','2023-04-18 12:54:02','tracking',4,'persona agregó el elemento 31'),(448,31,'ticket','2023-04-18 12:56:25','tracking',4,'glpi borra un elemento'),(449,30,'ticket','2023-04-18 12:56:31','tracking',4,'glpi borra un elemento'),(450,29,'ticket','2023-04-18 12:56:37','tracking',4,'glpi borra un elemento'),(451,13,'users','2023-04-18 12:57:50','setup',4,'glpi agrego un usuario a una entidad'),(452,0,'system','2023-04-18 12:58:12','login',3,'miguel inicia sesión desde la IP 187.190.40.62'),(453,0,'system','2023-04-18 12:58:25','login',3,'persona inició la sesión desde la IP 187.190.40.62'),(454,32,'ticket','2023-04-18 12:58:55','tracking',4,'persona agregó el elemento 32'),(455,2,'Entity','2023-04-18 13:18:38','setup',4,'glpi actualiza un elemento'),(456,13,'users','2023-04-18 13:19:25','setup',4,'glpi agrego un usuario a una entidad'),(457,32,'ticket','2023-04-18 13:19:56','tracking',4,'glpi borra un elemento'),(458,0,'system','2023-04-18 13:20:29','login',3,'Fallo en el inicio de sesión de persona desde la IP 187.190.40.62'),(459,0,'system','2023-04-18 13:21:09','login',3,'persona inició la sesión desde la IP 187.190.40.62'),(460,33,'ticket','2023-04-18 13:21:26','tracking',4,'persona agregó el elemento 33'),(461,0,'system','2023-04-18 13:21:37','login',3,'Inicio de sesión fallido para miguel desde la IP 187.190.40.62'),(462,0,'system','2023-04-18 13:22:09','login',3,'miguel inicia sesión desde la IP 187.190.40.62'),(463,13,'users','2023-04-18 13:23:51','setup',4,'glpi agrego un usuario a una entidad'),(464,0,'system','2023-04-18 13:24:09','login',3,'Inicio de sesión fallido para miguel desde la IP 187.190.40.62'),(465,0,'system','2023-04-18 13:24:44','login',3,'miguel inicia sesión desde la IP 187.190.40.62'),(466,0,'system','2023-04-18 13:25:14','login',3,'persona inició la sesión desde la IP 187.190.40.62'),(467,34,'ticket','2023-04-18 13:25:23','tracking',4,'persona agregó el elemento 34'),(468,14,'users','2023-04-18 13:34:01','setup',4,'glpi agrego un usuario a una entidad'),(469,34,'ticket','2023-04-18 13:34:25','tracking',4,'glpi borra un elemento'),(470,33,'ticket','2023-04-18 13:34:29','tracking',4,'glpi borra un elemento'),(471,0,'system','2023-04-18 13:34:13','login',3,'Fallo en el inicio de sesión de persona desde la IP 187.190.40.62'),(472,0,'system','2023-04-18 13:34:42','login',3,'persona inició la sesión desde la IP 187.190.40.62'),(473,14,'users','2023-04-18 13:37:02','setup',4,'glpi agrego un usuario a una entidad'),(474,0,'system','2023-04-18 13:37:18','login',3,'persona inició la sesión desde la IP 187.190.40.62'),(475,35,'ticket','2023-04-18 13:37:57','tracking',4,'persona agregó el elemento 35'),(476,0,'system','2023-04-18 13:43:29','login',3,'miguel inicia sesión desde la IP 187.190.40.62'),(477,13,'users','2023-04-18 13:47:14','setup',4,'glpi agrego un usuario a una entidad'),(478,0,'system','2023-04-18 13:47:29','login',3,'miguel inicia sesión desde la IP 187.190.40.62'),(479,36,'ticket','2023-04-18 13:47:46','tracking',4,'persona agregó el elemento 36'),(480,13,'users','2023-04-18 13:49:25','setup',4,'glpi agrego un usuario a una entidad'),(481,0,'system','2023-04-18 13:49:50','login',3,'miguel inicia sesión desde la IP 187.190.40.62'),(482,36,'ticket','2023-04-18 13:51:08','tracking',4,'glpi actualiza un elemento'),(483,37,'ticket','2023-04-18 14:00:19','tracking',4,'persona agregó el elemento 37'),(484,3,'slms','2023-04-18 14:08:02','setup',4,'glpi actualiza un elemento'),(485,5,'slms','2023-04-18 14:08:08','setup',4,'glpi actualiza un elemento'),(486,36,'ticket','2023-04-18 14:08:54','tracking',4,'glpi actualiza un elemento'),(487,36,'ticket','2023-04-18 14:22:20','tracking',4,'persona actualizó el elemento'),(488,13,'users','2023-04-18 14:29:33','setup',4,'glpi agrego un usuario a una entidad'),(489,38,'ticket','2023-04-18 14:30:15','tracking',4,'persona agregó el elemento 38'),(490,0,'system','2023-04-18 14:30:28','login',3,'miguel inicia sesión desde la IP 187.190.40.62'),(491,13,'users','2023-04-18 14:33:30','setup',4,'glpi agrego un usuario a una entidad'),(492,0,'system','2023-04-18 14:33:43','login',3,'Inicio de sesión fallido para miguel desde la IP 187.190.40.62'),(493,0,'system','2023-04-18 14:34:18','login',3,'miguel inicia sesión desde la IP 187.190.40.62'),(494,13,'users','2023-04-18 14:35:49','setup',4,'glpi agrego un usuario a una entidad'),(495,0,'system','2023-04-18 14:36:02','login',3,'miguel inicia sesión desde la IP 187.190.40.62'),(496,13,'users','2023-04-18 14:36:58','setup',4,'glpi agrego un usuario a una entidad'),(497,13,'users','2023-04-18 14:37:45','setup',4,'glpi agrego un usuario a una entidad'),(498,0,'system','2023-04-18 14:37:56','login',3,'Inicio de sesión fallido para miguel desde la IP 187.190.40.62'),(499,0,'system','2023-04-18 14:38:29','login',3,'miguel inicia sesión desde la IP 187.190.40.62'),(500,38,'ticket','2023-04-18 14:44:07','tracking',4,'glpi actualiza un elemento'),(501,38,'ticket','2023-04-18 14:50:44','tracking',4,'glpi borra un elemento'),(502,36,'ticket','2023-04-18 14:50:48','tracking',4,'glpi borra un elemento'),(503,37,'ticket','2023-04-18 14:50:52','tracking',4,'glpi borra un elemento'),(504,35,'ticket','2023-04-18 14:50:57','tracking',4,'glpi borra un elemento'),(505,10,'slas','2023-04-18 14:52:34','setup',4,'glpi agrega el elemento ANSmedio2'),(506,10,'slas','2023-04-18 14:54:39','setup',4,'glpi agrega un enlace con un elemento'),(507,39,'ticket','2023-04-18 14:57:08','tracking',4,'persona agregó el elemento 39'),(508,39,'ticket','2023-04-18 14:58:23','tracking',4,'glpi actualiza un elemento'),(509,0,'system','2023-04-18 17:07:25','login',3,'glpi inició la sesión desde la IP 187.190.40.62'),(510,0,'system','2023-04-18 18:33:16','login',3,'persona inició la sesión desde la IP 187.190.40.62'),(511,0,'system','2023-04-19 11:54:51','login',3,'glpi inició la sesión desde la IP 187.190.40.62'),(512,0,'system','2023-04-24 10:27:24','login',3,'glpi inició la sesión desde la IP 187.190.40.62'),(513,0,'system','2023-04-25 01:25:26','login',3,'Acceso fallido desde  de la dirección IP 177.249.213.168'),(514,0,'system','2023-04-25 12:52:57','login',3,'glpi inició la sesión desde la IP 177.231.7.255'),(515,0,'system','2023-05-02 20:18:47','login',3,'Fallo en el inicio de sesión de admin desde la IP 189.143.219.104'),(516,0,'system','2023-05-02 20:19:06','login',3,'glpi inició la sesión desde la IP 189.143.219.104'),(517,0,'system','2023-05-03 16:16:06','login',3,'Acceso fallido desde glpi de la dirección IP 189.203.97.147'),(518,0,'system','2023-05-03 16:16:15','login',3,'glpi inició sesión desde la dirección IP 189.203.97.147'),(519,8,'Entity','2023-05-03 16:16:45','setup',4,'glpi agrega el elemento 8A'),(520,0,'system','2023-05-03 16:25:56','login',3,'glpi inició la sesión desde la IP 189.203.97.147'),(521,7,'computers','2023-05-03 16:29:37','inventory',4,'glpi actualiza un elemento'),(522,0,'system','2023-05-03 16:32:16','login',3,'glpi inició la sesión desde la IP 189.203.97.147'),(523,2,'users','2023-05-03 16:33:15','setup',5,'glpi actualiza un elemento'),(524,8,'computers','2023-05-03 16:41:03','inventory',4,'glpi actualiza un elemento'),(525,27,'rules','2023-05-03 16:41:15','setup',4,'glpi actualiza un elemento'),(526,21,'rules','2023-05-03 16:41:52','setup',4,'glpi actualiza un elemento'),(527,0,'system','2023-05-03 16:43:31','login',3,'glpi inicia sesión desde la IP 189.203.97.147'),(528,8,'computers','2023-05-03 16:44:44','inventory',4,'glpi actualiza un elemento'),(529,9,'computers','2023-05-03 16:53:37','inventory',4,'glpi actualiza un elemento'),(530,0,'system','2023-05-03 16:56:13','login',3,'glpi inicia sesión desde la IP 189.203.97.147'),(531,10,'computers','2023-05-03 17:00:26','inventory',4,'glpi actualiza un elemento'),(532,10,'computers','2023-05-03 17:01:28','inventory',4,'glpi actualiza un elemento'),(533,0,'system','2023-05-03 17:02:43','login',3,'glpi inició la sesión desde la IP 189.203.97.147'),(534,15,'users','2023-05-03 17:07:59','setup',4,'glpi agrega el elemento Cesar Octavio Contreras Ortiz'),(535,16,'users','2023-05-03 17:08:17','setup',4,'glpi agrega el elemento Blanca Estela Elizalde Luna'),(536,17,'users','2023-05-03 17:08:32','setup',4,'glpi agrega el elemento Ivan Oswaldo Garcia Ocegueda'),(537,18,'users','2023-05-03 17:08:50','setup',4,'glpi agrega el elemento Andrea Yolibeth Ponce Valdivia'),(538,19,'users','2023-05-03 17:09:06','setup',4,'glpi agrega el elemento Paola Guadalupe Perez Casillas'),(539,20,'users','2023-05-03 17:09:32','setup',4,'glpi agrega el elemento Elizabeth Alejandra Cortes Echeverria'),(540,11,'computers','2023-05-03 17:11:47','inventory',4,'glpi actualiza un elemento'),(541,11,'computers','2023-05-03 17:11:54','inventory',4,'glpi actualiza un elemento'),(542,10,'computers','2023-05-03 17:12:40','inventory',4,'glpi actualiza un elemento'),(543,9,'computers','2023-05-03 17:14:21','inventory',4,'glpi actualiza un elemento'),(544,0,'system','2023-05-03 17:15:40','login',3,'Fallo en el inicio de sesión de GLPI desde la IP 189.203.97.147'),(545,0,'system','2023-05-03 17:15:50','login',3,'Fallo en el inicio de sesión de GLPI desde la IP 189.203.97.147'),(546,0,'system','2023-05-03 17:16:00','login',3,'glpi inició la sesión desde la IP 189.203.97.147'),(547,21,'users','2023-05-03 17:18:09','setup',4,'glpi agrega el elemento Sofia Rodriguez Martinez'),(548,12,'computers','2023-05-03 17:18:38','inventory',4,'glpi actualiza un elemento'),(549,12,'computers','2023-05-03 17:20:36','inventory',4,'glpi actualiza un elemento'),(550,7,'computers','2023-05-03 17:21:27','inventory',4,'glpi actualiza un elemento'),(551,12,'computers','2023-05-03 17:22:24','inventory',4,'glpi actualiza un elemento'),(552,0,'system','2023-05-03 17:25:34','login',3,'Fallo en el inicio de sesión de GLPI desde la IP 189.203.97.147'),(553,0,'system','2023-05-03 17:25:45','login',3,'glpi inició la sesión desde la IP 189.203.97.147'),(554,13,'computers','2023-05-03 17:29:08','inventory',4,'glpi actualiza un elemento'),(555,13,'computers','2023-05-03 17:30:31','inventory',4,'glpi actualiza un elemento'),(556,13,'computers','2023-05-03 17:30:38','inventory',4,'glpi actualiza un elemento'),(557,9,'computers','2023-05-03 17:31:34','inventory',4,'glpi actualiza un elemento'),(558,22,'users','2023-05-03 17:32:35','setup',4,'glpi agrega el elemento Genesis Ada Ruiz Rangel'),(559,0,'system','2023-05-03 17:33:09','login',3,'glpi inició sesión desde la dirección IP 189.203.97.147'),(560,12,'computers','2023-05-03 17:34:43','inventory',4,'glpi actualiza un elemento'),(561,14,'computers','2023-05-03 17:36:58','inventory',4,'glpi actualiza un elemento'),(562,14,'computers','2023-05-03 17:38:25','inventory',4,'glpi actualiza un elemento'),(563,0,'system','2023-05-03 17:41:46','login',3,'glpi inició la sesión desde la IP 189.203.97.147'),(564,15,'computers','2023-05-03 17:45:33','inventory',4,'glpi actualiza un elemento'),(565,15,'computers','2023-05-03 17:48:23','inventory',4,'glpi actualiza un elemento'),(566,0,'system','2023-05-03 17:57:51','login',3,'glpi inicia sesión desde la IP 189.203.97.147'),(567,16,'computers','2023-05-03 18:03:26','inventory',4,'glpi actualiza un elemento'),(568,23,'users','2023-05-03 18:04:10','setup',4,'glpi agrega el elemento Eduardo Rene Sanchez Barragan'),(569,16,'computers','2023-05-03 18:04:25','inventory',4,'glpi actualiza un elemento'),(570,0,'system','2023-05-06 13:17:58','login',3,'Acceso fallido desde glpi de la dirección IP 187.191.8.48'),(571,0,'system','2023-05-06 13:18:09','login',3,'glpi inició sesión desde la dirección IP 187.191.8.48'),(572,0,'system','2023-05-08 14:31:36','login',3,'Acceso fallido desde  de la dirección IP 189.181.24.132'),(573,0,'system','2023-05-08 14:31:46','login',3,'glpi inició sesión desde la dirección IP 189.181.24.132'),(574,0,'system','2023-05-08 14:53:51','login',3,'glpi inició sesión desde la dirección IP 187.201.62.103'),(575,17,'computers','2023-05-08 14:56:56','inventory',4,'glpi actualiza un elemento'),(576,17,'computers','2023-05-08 15:00:12','inventory',4,'glpi actualiza un elemento'),(577,24,'users','2023-05-08 15:00:42','setup',4,'glpi agrega el elemento Carlos Emmanuel Lopez Hernandez'),(578,17,'computers','2023-05-08 15:00:58','inventory',4,'glpi actualiza un elemento'),(579,0,'system','2023-05-09 14:24:42','login',3,'Acceso fallido desde  de la dirección IP 187.190.40.62'),(580,0,'system','2023-05-09 14:24:50','login',3,'glpi inició sesión desde la dirección IP 187.190.40.62'),(581,25,'users','2023-05-09 14:30:36','setup',4,'glpi agrega el elemento Ana Belen Jauregui Gonzalez '),(582,18,'computers','2023-05-09 14:32:10','inventory',4,'glpi actualiza un elemento'),(583,19,'computers','2023-05-09 15:05:04','inventory',4,'glpi actualiza un elemento'),(584,19,'computers','2023-05-09 15:05:14','inventory',4,'glpi actualiza un elemento'),(585,19,'computers','2023-05-09 15:05:18','inventory',4,'glpi actualiza un elemento'),(586,19,'computers','2023-05-09 15:06:32','inventory',4,'glpi actualiza un elemento'),(587,26,'users','2023-05-09 15:15:29','setup',4,'glpi agrega el elemento Laura Velez Padilla'),(588,20,'computers','2023-05-09 15:15:39','inventory',4,'glpi actualiza un elemento'),(589,20,'computers','2023-05-09 15:16:35','inventory',4,'glpi actualiza un elemento'),(590,27,'users','2023-05-09 16:24:26','setup',4,'glpi agrega el elemento Andrea Jazmin Jimenez Escobedo'),(591,28,'users','2023-05-09 16:24:42','setup',4,'glpi agrega el elemento Jessica Janeth Rios Mariscal'),(592,17,'computers','2023-05-09 16:26:27','inventory',4,'glpi actualiza un elemento'),(593,21,'computers','2023-05-09 16:27:30','inventory',4,'glpi actualiza un elemento'),(594,21,'computers','2023-05-09 16:30:11','inventory',4,'glpi actualiza un elemento'),(595,24,'computers','2023-05-09 16:52:09','inventory',4,'glpi actualiza un elemento'),(596,24,'computers','2023-05-09 16:52:41','inventory',4,'glpi actualiza un elemento'),(597,29,'users','2023-05-09 17:36:20','setup',4,'glpi agrega el elemento Jose Benjamin Gutierrez Silva'),(598,17,'computers','2023-05-09 17:36:27','inventory',4,'glpi actualiza un elemento'),(599,17,'computers','2023-05-09 17:41:54','inventory',4,'glpi actualiza un elemento'),(600,26,'computers','2023-05-09 17:47:19','inventory',4,'glpi actualiza un elemento'),(601,1,'State','2023-05-09 17:54:50','setup',4,'glpi agrega el elemento Activo'),(602,15,'computers','2023-05-09 17:54:54','inventory',4,'glpi actualiza un elemento'),(603,13,'computers','2023-05-09 17:55:02','inventory',4,'glpi actualiza un elemento'),(604,7,'computers','2023-05-09 17:55:17','inventory',4,'glpi actualiza un elemento'),(605,8,'computers','2023-05-09 17:55:31','inventory',4,'glpi actualiza un elemento'),(606,10,'computers','2023-05-09 17:55:52','inventory',4,'glpi actualiza un elemento'),(607,11,'computers','2023-05-09 17:56:04','inventory',4,'glpi actualiza un elemento'),(608,9,'computers','2023-05-09 17:56:17','inventory',4,'glpi actualiza un elemento'),(609,14,'computers','2023-05-09 17:56:31','inventory',4,'glpi actualiza un elemento'),(610,12,'computers','2023-05-09 17:56:40','inventory',4,'glpi actualiza un elemento'),(611,9,'Entity','2023-05-09 17:57:00','setup',4,'glpi agrega el elemento SEDIS'),(612,10,'Entity','2023-05-09 17:57:09','setup',4,'glpi agrega el elemento LOPEZ MATEOS'),(613,11,'Entity','2023-05-09 17:57:13','setup',4,'glpi agrega el elemento TONALA'),(614,12,'Entity','2023-05-09 17:57:18','setup',4,'glpi agrega el elemento LAURELES'),(615,13,'Entity','2023-05-09 17:57:24','setup',4,'glpi agrega el elemento FEDERALISMO'),(616,14,'Entity','2023-05-09 17:57:30','setup',4,'glpi agrega el elemento GARIBALDI'),(617,16,'computers','2023-05-09 17:58:16','inventory',4,'glpi actualiza un elemento'),(618,20,'computers','2023-05-09 18:01:09','inventory',4,'glpi actualiza un elemento'),(619,22,'computers','2023-05-09 18:02:25','inventory',4,'glpi actualiza un elemento'),(620,24,'computers','2023-05-09 18:03:17','inventory',4,'glpi actualiza un elemento'),(621,0,'system','2023-05-10 10:36:08','login',3,'glpi inició sesión desde la dirección IP 187.190.40.62'),(622,1,'networkequipment','2023-05-10 11:10:21','inventory',4,'glpi agrega el elemento MODEM TOTALPLAY'),(623,2,'networkequipment','2023-05-10 11:11:29','inventory',4,'glpi agrega el elemento Modem Telmex'),(624,1,'NetworkEquipmentModel','2023-05-10 11:12:02','setup',4,'glpi agrega el elemento V1910-24G'),(625,3,'networkequipment','2023-05-10 11:12:52','inventory',4,'glpi agrega el elemento SWITCH 24 PORTS '),(626,1,'Network','2023-05-10 11:14:01','setup',4,'glpi agrega el elemento 192.168.100.252'),(627,4,'networkequipment','2023-05-10 11:14:18','inventory',4,'glpi agrega el elemento RELOJ CHECADOR BIOMETRICO'),(628,2,'NetworkEquipmentModel','2023-05-10 11:15:01','setup',4,'glpi agrega el elemento DAHUA'),(629,3,'NetworkEquipmentModel','2023-05-10 11:15:12','setup',4,'glpi agrega el elemento DAHUA'),(630,358,'Manufacturer','2023-05-10 11:15:21','setup',4,'glpi agrega el elemento DAHUA'),(631,2,'Network','2023-05-10 11:16:15','setup',4,'glpi agrega el elemento 192.168.100.4'),(632,5,'networkequipment','2023-05-10 11:16:25','inventory',4,'glpi agrega el elemento DVR '),(633,359,'Manufacturer','2023-05-10 11:17:12','setup',4,'glpi agrega el elemento TPLINK'),(634,4,'NetworkEquipmentModel','2023-05-10 11:17:24','setup',4,'glpi agrega el elemento ARCHER C6'),(635,3,'Network','2023-05-10 11:18:10','setup',4,'glpi agrega el elemento 192.168.100.151'),(636,4,'Network','2023-05-10 11:18:18','setup',4,'glpi agrega el elemento 192.168.100.151'),(637,6,'networkequipment','2023-05-10 11:18:26','inventory',4,'glpi agrega el elemento PUNTO DE ACCESO WIFI'),(638,360,'Manufacturer','2023-05-10 11:20:00','setup',4,'glpi agrega el elemento ASUS'),(639,5,'NetworkEquipmentModel','2023-05-10 11:20:15','setup',4,'glpi agrega el elemento RT-N300'),(640,5,'Network','2023-05-10 11:21:18','setup',4,'glpi agrega el elemento 192.168.100.150'),(641,7,'networkequipment','2023-05-10 11:21:28','inventory',4,'glpi agrega el elemento ROUTER (ACCESS POINT)'),(642,361,'Manufacturer','2023-05-10 11:21:59','setup',4,'glpi agrega el elemento TENDA'),(643,6,'NetworkEquipmentModel','2023-05-10 11:22:11','setup',4,'glpi agrega el elemento AC23'),(644,6,'Network','2023-05-10 11:22:31','setup',4,'glpi agrega el elemento 192.168.100.152'),(645,8,'networkequipment','2023-05-10 11:24:47','inventory',4,'glpi agrega el elemento ROUTER (ACCESS POINT)'),(646,0,'networkport','2023-05-10 11:25:24','inventory',5,'glpi agrega varios puertos de red'),(647,1,'WifiNetwork','2023-05-10 11:25:49','setup',4,'glpi agrega el elemento INFINITUMFEA9_2.4'),(648,82,'networkport','2023-05-10 11:25:56','inventory',5,'glpi agregar un elemento'),(649,2,'networkequipment','2023-05-10 11:26:54','inventory',4,'glpi actualiza un elemento'),(650,7,'Network','2023-05-10 11:29:14','setup',4,'glpi agrega el elemento 192.168.100.1'),(651,2,'networkequipment','2023-05-10 11:29:16','inventory',4,'glpi actualiza un elemento'),(652,1,'networkequipment','2023-05-10 11:29:25','inventory',4,'glpi actualiza un elemento'),(653,1,'networkequipment','2023-05-10 11:30:14','inventory',4,'glpi actualiza un elemento'),(654,0,'networkport','2023-05-10 11:30:30','inventory',5,'glpi agrega varios puertos de red'),(655,2,'WifiNetwork','2023-05-10 11:30:49','setup',4,'glpi agrega el elemento ENLACE'),(656,87,'networkport','2023-05-10 11:30:53','inventory',5,'glpi agregar un elemento'),(657,88,'networkport','2023-05-10 11:33:46','inventory',5,'glpi agregar un elemento'),(658,3,'WifiNetwork','2023-05-10 11:33:59','setup',4,'glpi agrega el elemento 2NIVEL_5G'),(659,89,'networkport','2023-05-10 11:34:03','inventory',5,'glpi agregar un elemento'),(660,88,'networkport','2023-05-10 11:34:18','inventory',4,'glpi actualiza un elemento'),(661,6,'networkequipment','2023-05-10 11:34:55','inventory',4,'glpi actualiza un elemento'),(662,7,'networkequipment','2023-05-10 11:36:03','inventory',4,'glpi actualiza un elemento'),(663,0,'networkport','2023-05-10 11:37:13','inventory',5,'glpi agrega varios puertos de red'),(664,0,'networkport','2023-05-10 11:37:25','inventory',5,'glpi agrega varios puertos de red'),(665,4,'WifiNetwork','2023-05-10 11:37:55','setup',4,'glpi agrega el elemento 8AMOVIL'),(666,95,'networkport','2023-05-10 11:37:59','inventory',5,'glpi agregar un elemento'),(667,0,'networkport','2023-05-10 11:40:31','inventory',5,'glpi agrega varios puertos de red'),(668,0,'networkport','2023-05-10 11:40:40','inventory',5,'glpi agrega varios puertos de red'),(669,5,'WifiNetwork','2023-05-10 11:41:03','setup',4,'glpi agrega el elemento Tenda_B4A370'),(670,6,'WifiNetwork','2023-05-10 11:41:14','setup',4,'glpi agrega el elemento Tenda_B4A370_5G'),(671,100,'networkport','2023-05-10 11:41:29','inventory',5,'glpi agregar un elemento'),(672,101,'networkport','2023-05-10 11:42:44','inventory',5,'glpi agregar un elemento'),(673,8,'networkequipment','2023-05-10 11:43:24','inventory',4,'glpi actualiza un elemento'),(674,8,'Network','2023-05-10 11:43:56','setup',4,'glpi agrega el elemento 192.168.100.201'),(675,4,'networkequipment','2023-05-10 11:44:00','inventory',4,'glpi actualiza un elemento'),(676,3,'networkequipment','2023-05-10 11:44:11','inventory',4,'glpi actualiza un elemento'),(677,1,'Location','2023-05-10 11:47:55','setup',4,'glpi agrega el elemento RACK'),(678,2,'Location','2023-05-10 11:48:04','setup',4,'glpi agrega el elemento ALMACEN'),(679,3,'Location','2023-05-10 11:48:14','setup',4,'glpi agrega el elemento PLANTA ALTA'),(680,1,'networkequipment','2023-05-10 11:48:30','inventory',4,'glpi actualiza un elemento'),(681,2,'networkequipment','2023-05-10 11:48:55','inventory',4,'glpi actualiza un elemento'),(682,5,'networkequipment','2023-05-10 11:49:03','inventory',4,'glpi actualiza un elemento'),(683,0,'system','2023-05-15 13:07:06','login',3,'glpi inició la sesión desde la IP 187.190.197.74'),(684,0,'system','2023-05-17 17:57:47','login',3,'Inicio de sesión fallido para glpi desde la IP 177.249.35.9'),(685,0,'system','2023-05-17 17:58:10','login',3,'glpi inicia sesión desde la IP 177.249.35.9'),(686,0,'system','2023-05-17 18:00:35','login',3,'glpi inicia sesión desde la IP 177.249.35.9'),(687,0,'system','2023-05-23 11:21:18','login',3,'glpi inició sesión desde la dirección IP 189.181.19.253'),(688,0,'system','2023-05-25 15:02:56','login',3,'Fallo en el inicio de sesión de gpi desde la IP 189.203.106.128'),(689,0,'system','2023-05-25 15:03:16','login',3,'glpi inició la sesión desde la IP 189.203.106.128'),(690,1,'problem','2023-05-25 17:01:44','maintain',4,'glpi agrega el elemento holatest'),(691,0,'system','2023-06-05 10:57:45','login',3,'Fallo en el inicio de sesión de admin desde la IP 187.190.40.62'),(692,0,'system','2023-06-05 10:58:11','login',3,'Fallo en el inicio de sesión de admin desde la IP 187.190.40.62'),(693,0,'system','2023-06-05 10:58:20','login',3,'Fallo en el inicio de sesión de glpi desde la IP 187.190.40.62'),(694,0,'system','2023-06-05 10:59:17','login',3,'glpi inició la sesión desde la IP 187.190.40.62'),(695,40,'ticket','2023-06-05 12:39:23','tracking',4,'glpi agrega el elemento 40'),(696,0,'system','2023-06-07 07:33:36','login',3,'glpi inició la sesión desde la IP 189.203.100.136'),(697,0,'system','2023-06-07 07:38:51','login',3,'Inicio de sesión fallido para tech desde la IP 189.203.100.136'),(698,0,'system','2023-06-07 07:39:25','login',3,'tech inicia sesión desde la IP 189.203.100.136'),(699,40,'ticket','2023-06-07 07:39:51','tracking',4,'glpi actualiza un elemento'),(700,40,'ticket','2023-06-07 07:40:29','tracking',4,'tech adds a task'),(701,40,'ticket','2023-06-07 07:41:00','tracking',4,'glpi agrega un seguimiento'),(702,40,'ticket','2023-06-07 10:14:00','tracking',4,'glpi aprueba o rechaza una solución'),(703,0,'system','2023-06-13 12:39:16','login',3,'glpi inició la sesión desde la IP 187.190.40.62'),(704,13,'users','2023-06-13 17:52:25','setup',5,'glpi actualiza un elemento'),(705,0,'system','2023-06-14 18:02:59','login',3,'glpi inició la sesión desde la IP 187.191.8.167'),(706,0,'system','2023-06-15 14:41:00','login',3,'glpi inició la sesión desde la IP 187.190.40.62'),(707,0,'system','2023-06-15 18:17:59','login',3,'glpi inicia sesión desde la IP 177.249.35.9'),(708,26,'computers','2023-06-15 18:43:02','inventory',4,'glpi actualiza un elemento'),(709,0,'system','2023-06-16 14:39:37','login',3,'glpi inicia sesión desde la IP 177.249.35.9'),(710,0,'system','2023-06-16 14:39:47','login',3,'glpi inicia sesión desde la IP 177.249.35.9'),(711,5,'computers','2023-06-16 14:41:02','inventory',4,'glpi actualiza un elemento'),(712,7,'computers','2023-06-16 14:41:15','inventory',4,'glpi actualiza un elemento'),(713,14,'computers','2023-06-16 14:41:35','inventory',4,'glpi actualiza un elemento'),(714,12,'computers','2023-06-16 14:42:12','inventory',4,'glpi actualiza un elemento'),(715,0,'system','2023-06-20 13:13:07','login',3,'Fallo en el inicio de sesión de demo desde la IP 187.191.8.165'),(716,0,'system','2023-06-20 13:13:18','login',3,'glpi inició la sesión desde la IP 187.191.8.165'),(717,0,'system','2023-06-22 15:33:23','login',3,'Inicio de sesión fallido para  desde la IP 177.249.35.9'),(718,0,'system','2023-06-26 15:18:03','login',3,'Inicio de sesión fallido para glpi desde la IP 177.249.35.9'),(719,0,'system','2023-06-26 15:19:24','login',3,'glpi inicia sesión desde la IP 177.249.35.9'),(720,22,'ticket','2023-06-26 15:25:08','tracking',4,'glpi actualiza un elemento'),(721,21,'ticket','2023-06-26 15:25:30','tracking',4,'glpi actualiza un elemento'),(722,21,'ticket','2023-06-26 15:25:44','tracking',4,'glpi actualiza un elemento'),(723,0,'system','2023-06-28 17:32:12','login',3,'glpi inicia sesión desde la IP 177.249.35.9'),(724,0,'system','2023-06-28 18:04:56','login',3,'glpi inició la sesión desde la IP 187.190.40.62'),(725,0,'system','2023-06-29 13:59:25','login',3,'glpi inició la sesión desde la IP 187.190.40.62'),(726,3,'ITILCategory','2023-06-29 14:19:50','setup',4,'glpi agrega el elemento cat2'),(727,4,'ITILCategory','2023-06-29 14:20:09','setup',4,'glpi agrega el elemento cart-debajode'),(728,21,'ticket','2023-06-29 14:20:19','tracking',4,'glpi actualiza un elemento'),(729,22,'ticket','2023-06-29 14:20:33','tracking',4,'glpi actualiza un elemento'),(730,19,'ticket','2023-06-29 14:21:28','tracking',4,'glpi actualiza un elemento'),(731,11,'ticket','2023-06-29 14:22:50','tracking',4,'glpi actualiza un elemento'),(732,16,'ticket','2023-06-29 14:23:01','tracking',4,'glpi actualiza un elemento'),(733,0,'system','2023-06-30 11:12:33','login',3,'glpi inició la sesión desde la IP 187.190.40.62'),(734,0,'system','2023-06-30 11:12:44','login',3,'glpi inició la sesión desde la IP 187.190.40.62'),(735,0,'system','2023-06-30 16:14:01','login',3,'Fallo en el inicio de sesión de demo desde la IP 187.190.40.62'),(736,0,'system','2023-06-30 16:14:13','login',3,'glpi inició la sesión desde la IP 187.190.40.62'),(737,1,'budget','2023-06-30 16:15:22','financial',4,'glpi agrega el elemento Plan Flexible'),(738,16,'tickets','2023-06-30 16:16:27','tracking',4,'glpi añadir un costo'),(739,0,'system','2023-07-03 11:45:59','login',3,'Fallo en el inicio de sesión de  desde la IP 187.190.40.62'),(740,0,'system','2023-07-03 11:46:07','login',3,'glpi inició la sesión desde la IP 187.190.40.62'),(741,0,'system','2023-07-03 11:50:19','login',3,'Inicio de sesión fallido para  desde la IP 177.249.35.9'),(742,0,'system','2023-07-03 11:50:30','login',3,'glpi inicia sesión desde la IP 177.249.35.9'),(743,7,'users','2023-07-03 17:54:33','setup',5,'glpi actualiza un elemento'),(744,15,'Entity','2023-07-03 18:00:20','setup',4,'glpi agrega el elemento cayro'),(745,30,'users','2023-07-03 18:01:15','setup',4,'glpi agrega el elemento Javier'),(746,30,'users','2023-07-03 18:02:45','setup',5,'glpi actualiza un elemento'),(747,2,'budget','2023-07-03 18:05:03','financial',4,'glpi agrega el elemento Julio2023'),(748,41,'ticket','2023-07-03 18:06:59','tracking',4,'glpi agrega el elemento 41'),(749,41,'tickets','2023-07-03 18:08:34','tracking',4,'glpi añadir un costo'),(750,42,'ticket','2023-07-03 18:18:25','tracking',4,'glpi agrega el elemento 42'),(751,42,'tickets','2023-07-03 18:19:23','tracking',4,'glpi añadir un costo'),(752,0,'system','2023-07-06 11:14:25','login',3,'Fallo en el inicio de sesión de  desde la IP 187.190.40.62'),(753,0,'system','2023-07-06 11:14:39','login',3,'glpi inició la sesión desde la IP 187.190.40.62'),(754,16,'tickets','2023-07-06 11:20:42','tracking',4,'glpi añadir un costo'),(755,16,'tickets','2023-07-06 11:27:41','tracking',4,'glpi Actualiza un costo'),(756,42,'tickets','2023-07-06 13:45:55','tracking',4,'glpi Actualiza un costo'),(757,41,'tickets','2023-07-06 13:46:22','tracking',4,'glpi Actualiza un costo'),(758,16,'tickets','2023-07-06 13:48:37','tracking',4,'glpi Actualiza un costo'),(759,41,'tickets','2023-07-06 13:50:41','tracking',4,'glpi Actualiza un costo'),(760,3,'budget','2023-07-06 13:53:03','financial',4,'glpi agrega el elemento Plan Flexible 123'),(761,11,'tickets','2023-07-06 13:53:32','tracking',4,'glpi añadir un costo'),(762,11,'tickets','2023-07-06 13:53:49','tracking',4,'glpi limpia un costo'),(763,11,'tickets','2023-07-06 13:54:10','tracking',4,'glpi añadir un costo'),(764,11,'tickets','2023-07-06 13:54:57','tracking',4,'glpi Actualiza un costo'),(765,0,'system','2023-07-06 16:14:47','login',3,'Inicio de sesión fallido para  desde la IP 177.249.35.9'),(766,0,'system','2023-07-06 16:15:22','login',3,'glpi inicia sesión desde la IP 177.249.35.9'),(767,16,'Entity','2023-07-06 17:20:41','setup',4,'glpi agrega el elemento flexible 1'),(768,17,'Entity','2023-07-06 17:20:59','setup',4,'glpi agrega el elemento flexible 2'),(769,31,'users','2023-07-06 17:21:43','setup',4,'glpi agrega el elemento Usuario prueba 1'),(770,32,'users','2023-07-06 17:22:30','setup',4,'glpi agrega el elemento Usuario prueba 2'),(771,4,'budget','2023-07-06 17:36:30','financial',4,'glpi agrega el elemento CT2307-0003'),(772,5,'budget','2023-07-06 18:03:19','financial',4,'glpi agrega el elemento T2307-0002'),(773,43,'ticket','2023-07-06 18:34:17','tracking',4,'glpi agrega el elemento 43'),(774,0,'system','2023-07-06 19:05:50','login',3,'Fallo en el inicio de sesión de  desde la IP 187.190.40.62'),(775,0,'system','2023-07-06 19:05:59','login',3,'glpi inició la sesión desde la IP 187.190.40.62'),(776,42,'ticket','2023-07-06 19:06:46','tracking',4,'glpi actualiza un elemento'),(777,43,'ticket','2023-07-07 00:48:36','tracking',4,'glpi borra un elemento'),(778,44,'ticket','2023-07-07 00:51:40','tracking',4,'glpi agrega el elemento 44'),(779,44,'tickets','2023-07-07 00:54:53','tracking',4,'glpi añadir un costo'),(780,44,'tickets','2023-07-07 00:55:07','tracking',4,'glpi limpia un costo'),(781,44,'tickets','2023-07-07 00:55:53','tracking',4,'glpi añadir un costo'),(782,45,'ticket','2023-07-07 00:57:02','tracking',4,'glpi agrega el elemento 45'),(783,45,'tickets','2023-07-07 00:58:02','tracking',4,'glpi añadir un costo'),(784,46,'ticket','2023-07-07 00:58:49','tracking',4,'glpi agrega el elemento 46'),(785,47,'ticket','2023-07-07 00:59:11','tracking',4,'glpi agrega el elemento 47'),(786,46,'tickets','2023-07-07 00:59:47','tracking',4,'glpi añadir un costo'),(787,47,'tickets','2023-07-07 01:00:34','tracking',4,'glpi añadir un costo'),(788,47,'ticket','2023-07-07 01:00:47','tracking',4,'glpi actualiza un elemento'),(789,46,'ticket','2023-07-07 01:01:11','tracking',4,'glpi actualiza un elemento'),(790,45,'ticket','2023-07-07 01:01:21','tracking',4,'glpi actualiza un elemento'),(791,44,'ticket','2023-07-07 01:01:32','tracking',4,'glpi actualiza un elemento'),(792,31,'users','2023-07-07 01:47:12','setup',5,'glpi actualiza un elemento'),(793,31,'users','2023-07-07 01:47:39','setup',5,'glpi actualiza un elemento'),(794,32,'users','2023-07-07 01:48:42','setup',5,'glpi actualiza un elemento'),(795,27,'computers','2023-07-07 01:50:11','inventory',4,'glpi actualiza un elemento'),(796,27,'computers','2023-07-07 01:58:06','inventory',4,'glpi borra un elemento'),(797,28,'computers','2023-07-07 01:58:38','inventory',4,'glpi actualiza un elemento'),(798,29,'computers','2023-07-07 01:59:59','inventory',4,'glpi actualiza un elemento'),(799,0,'system','2023-07-07 12:47:47','login',3,'Inicio de sesión fallido para  desde la IP 177.249.35.9'),(800,0,'system','2023-07-07 12:47:58','login',3,'glpi inicia sesión desde la IP 177.249.35.9'),(801,3,'budget','2023-07-07 12:51:17','financial',4,'glpi borra un elemento'),(802,5,'ITILCategory','2023-07-07 12:55:52','setup',4,'glpi agrega el elemento pru1'),(803,48,'ticket','2023-07-07 13:02:21','tracking',4,'glpi agrega el elemento 48'),(804,45,'ticket','2023-07-07 13:03:51','tracking',4,'glpi actualiza un elemento'),(805,6,'ITILCategory','2023-07-07 13:04:44','setup',4,'glpi agrega el elemento pru2'),(806,7,'ITILCategory','2023-07-07 13:05:15','setup',4,'glpi agrega el elemento pru2.1'),(807,8,'ITILCategory','2023-07-07 13:05:46','setup',4,'glpi agrega el elemento pru2.2'),(808,44,'ticket','2023-07-07 13:07:01','tracking',4,'glpi actualiza un elemento'),(809,49,'ticket','2023-07-07 13:08:00','tracking',4,'glpi agrega el elemento 49'),(810,46,'ticket','2023-07-07 13:08:19','tracking',4,'glpi actualiza un elemento'),(811,47,'ticket','2023-07-07 13:08:31','tracking',4,'glpi actualiza un elemento'),(812,47,'ticket','2023-07-07 13:08:49','tracking',4,'glpi actualiza un elemento'),(813,46,'ticket','2023-07-07 13:09:11','tracking',4,'glpi actualiza un elemento'),(814,45,'ticket','2023-07-07 13:09:30','tracking',4,'glpi actualiza un elemento'),(815,0,'system','2023-07-07 16:25:15','login',3,'Fallo en el inicio de sesión de  desde la IP 187.190.40.62'),(816,0,'system','2023-07-07 16:25:23','login',3,'Fallo en el inicio de sesión de glpi desde la IP 187.190.40.62'),(817,0,'system','2023-07-07 16:25:51','login',3,'glpi inició la sesión desde la IP 187.190.40.62'),(818,50,'ticket','2023-07-07 16:27:59','tracking',4,'glpi agrega el elemento 50'),(819,50,'ticket','2023-07-07 16:28:44','tracking',4,'glpi actualiza un elemento'),(820,50,'ticket','2023-07-07 16:29:01','tracking',4,'glpi actualiza un elemento'),(821,50,'tickets','2023-07-07 16:33:14','tracking',4,'glpi añadir un costo'),(822,50,'ticket','2023-07-07 16:34:42','tracking',4,'glpi actualiza un elemento'),(823,0,'system','2023-07-10 20:31:16','login',3,'Inicio de sesión fallido para  desde la IP 177.249.35.9'),(824,0,'system','2023-07-18 13:54:49','login',3,'glpi inició la sesión desde la IP 187.190.40.62'),(825,0,'system','2023-07-18 17:41:16','login',3,'glpi inició la sesión desde la IP 187.190.40.62'),(826,0,'system','2023-07-19 13:56:27','login',3,'glpi inició la sesión desde la IP 187.190.40.62'),(827,0,'system','2023-07-21 14:08:29','login',3,'Inicio de sesión fallido para glpi desde la IP 177.249.39.73'),(828,0,'system','2023-07-21 14:09:05','login',3,'Inicio de sesión fallido para glpi desde la IP 177.249.39.73'),(829,0,'system','2023-07-21 14:09:40','login',3,'glpi inicia sesión desde la IP 177.249.39.73'),(830,33,'users','2023-07-21 14:13:09','setup',4,'glpi agrega el elemento Joel'),(831,33,'users','2023-07-21 14:13:51','setup',5,'glpi actualiza un elemento'),(832,53,'ticket','2023-07-21 16:45:49','tracking',4,'glpi actualiza un elemento'),(833,53,'ticket','2023-07-21 16:48:09','tracking',4,'glpi actualiza un elemento'),(834,0,'system','2023-07-27 17:52:15','login',3,'Fallo en el inicio de sesión de glpi desde la IP 187.190.40.62'),(835,0,'system','2023-07-27 17:52:46','login',3,'Fallo en el inicio de sesión de adminglpi desde la IP 187.190.40.62'),(836,0,'system','2023-07-27 17:53:00','login',3,'glpi inició la sesión desde la IP 187.190.40.62'),(837,0,'system','2023-08-01 01:17:16','login',3,'glpi inicia sesión desde la IP 177.249.37.137'),(838,0,'system','2023-08-01 01:18:10','login',3,'Inicio de sesión fallido para glpi desde la IP 177.249.37.137'),(839,0,'system','2023-08-01 01:18:42','login',3,'glpi inicia sesión desde la IP 177.249.37.137'),(840,0,'system','2023-08-01 17:45:58','login',3,'glpi inicia sesión desde la IP 177.249.37.137'),(841,0,'system','2023-08-01 17:46:08','login',3,'glpi inicia sesión desde la IP 177.249.37.137'),(842,0,'system','2023-08-01 18:02:51','login',3,'Fallo en el inicio de sesión de  desde la IP 187.190.40.62'),(843,0,'system','2023-08-01 18:03:57','login',3,'Inicio de sesión fallido para glpi desde la IP 177.249.37.137'),(844,55,'ticket','2023-08-02 00:28:02','tracking',4,'glpi agrega el elemento 55'),(845,56,'ticket','2023-08-02 00:28:02','tracking',4,'glpi agrega el elemento 56'),(846,57,'ticket','2023-08-02 00:28:02','tracking',4,'glpi agrega el elemento 57'),(847,58,'ticket','2023-08-02 00:28:02','tracking',4,'glpi agrega el elemento 58'),(848,2,'mailcollector','2023-08-02 00:37:10','setup',4,'glpi actualiza un elemento'),(849,59,'ticket','2023-08-02 00:37:17','tracking',4,'glpi agrega el elemento 59'),(850,60,'ticket','2023-08-02 00:45:25','tracking',4,'glpi agrega el elemento 60'),(851,0,'system','2023-08-02 16:10:43','login',3,'glpi inicia sesión desde la IP 177.249.37.137'),(852,0,'system','2023-08-02 16:10:53','login',3,'glpi inicia sesión desde la IP 177.249.37.137'),(853,61,'ticket','2023-08-02 16:12:55','tracking',4,'glpi agrega el elemento 61'),(854,62,'ticket','2023-08-02 16:16:42','tracking',4,'glpi agrega el elemento 62'),(855,0,'system','2023-08-02 19:01:17','login',3,'Fallo en el inicio de sesión de demo desde la IP 177.249.192.40'),(856,0,'system','2023-08-02 19:01:30','login',3,'glpi inició la sesión desde la IP 177.249.192.40'),(857,63,'ticket','2023-08-02 19:05:16','tracking',4,'glpi agrega el elemento 63'),(858,0,'system','2023-08-04 20:04:39','login',3,'Inicio de sesión fallido para  desde la IP 177.249.37.137'),(859,0,'system','2023-08-08 11:10:45','login',3,'Acceso fallido desde Abraham de la dirección IP 189.181.1.241'),(860,0,'system','2023-08-08 11:11:03','login',3,'Acceso fallido desde admin de la dirección IP 189.181.1.241'),(861,0,'system','2023-08-08 11:11:14','login',3,'Acceso fallido desde admin de la dirección IP 189.181.1.241'),(862,0,'system','2023-08-08 11:11:24','login',3,'Fallo en el inicio de sesión de admin desde la IP 187.190.40.62'),(863,0,'system','2023-08-08 11:11:39','login',3,'glpi inició sesión desde la dirección IP 189.181.1.241'),(864,0,'system','2023-08-08 11:12:46','login',3,'Fallo en el inicio de sesión de glpi desde la IP 187.190.40.62'),(865,0,'system','2023-08-08 11:13:42','login',3,'glpi inició la sesión desde la IP 187.190.40.62'),(866,0,'system','2023-08-08 11:14:25','login',3,'glpi inició la sesión desde la IP 187.190.40.62'),(867,0,'system','2023-08-10 17:13:49','login',3,'Fallo en el inicio de sesión de  desde la IP 187.190.40.62'),(868,0,'system','2023-08-10 17:13:57','login',3,'glpi inició la sesión desde la IP 187.190.40.62'),(869,0,'system','2023-08-10 17:35:52','login',3,'glpi inicia sesión desde la IP 177.249.37.137'),(870,64,'ticket','2023-08-10 17:57:23','tracking',4,'glpi agrega el elemento 64'),(871,65,'ticket','2023-08-10 17:58:16','tracking',4,'glpi agrega el elemento 65'),(872,66,'ticket','2023-08-10 17:58:58','tracking',4,'glpi agrega el elemento 66'),(873,0,'system','2023-08-14 17:41:05','login',3,'Fallo en el inicio de sesión de  desde la IP 187.190.40.62'),(874,0,'system','2023-08-14 18:56:37','login',3,'Acceso fallido desde  de la dirección IP 187.190.40.62'),(875,0,'system','2023-08-15 14:29:13','login',3,'glpi inicia sesión desde la IP 177.249.37.137'),(876,0,'system','2023-08-15 14:29:23','login',3,'glpi inicia sesión desde la IP 177.249.37.137'),(877,0,'system','2023-08-22 18:36:39','login',3,'Acceso fallido desde Abraham de la dirección IP 189.181.15.11'),(878,0,'system','2023-08-22 18:37:04','login',3,'Acceso fallido desde Abraham de la dirección IP 189.181.15.11'),(879,0,'system','2023-08-22 18:37:17','login',3,'Acceso fallido desde glpi de la dirección IP 189.181.15.11'),(880,0,'system','2023-09-01 03:41:22','login',3,'glpi inició la sesión desde la IP 81.43.43.213'),(881,0,'system','2023-09-01 03:46:46','login',3,'glpi inició la sesión desde la IP 81.43.43.213'),(882,0,'system','2023-09-23 07:52:06','login',3,'glpi inició sesión desde la dirección IP 143.244.159.11'),(883,0,'system','2023-09-23 07:52:08','login',3,'glpi inició sesión desde la dirección IP 170.64.163.179'),(884,34,'users','2023-09-23 07:52:10','setup',4,'glpi adds the item Zenobia'),(885,0,'system','2023-10-13 10:50:21','login',3,'Inicio de sesión fallido para glpi desde la IP 177.248.17.9'),(886,0,'system','2023-10-13 10:50:52','login',3,'glpi inicia sesión desde la IP 177.248.17.9'),(887,0,'system','2023-11-02 17:35:06','login',3,'Inicio de sesión fallido para glpi desde la IP 177.248.18.201'),(888,0,'system','2023-11-02 17:35:35','login',3,'glpi inicia sesión desde la IP 177.248.18.201'),(889,19,'computers','2023-11-02 17:36:33','inventory',4,'glpi updates an item'),(890,0,'system','2023-11-02 17:39:10','login',3,'Fallo en el inicio de sesión de glpi desde la IP 189.203.106.76'),(891,0,'system','2023-11-02 17:39:43','login',3,'glpi inició la sesión desde la IP 189.203.106.76'),(892,0,'system','2023-11-02 17:42:38','login',3,'glpi inicia sesión desde la IP 177.248.18.201'),(893,5,'computers','2023-11-02 17:44:36','inventory',4,'glpi updates an item'),(894,19,'computers','2023-11-02 17:45:52','inventory',4,'glpi updates an item'),(895,0,'system','2023-11-03 17:06:57','login',3,'glpi inicia sesión desde la IP 177.248.18.201');

--
